
--
-- Table structure for table `ds_fabrik_attending`
--

CREATE TABLE `ds_fabrik_attending` (
  `user_id` int NOT NULL,
  `list_id` int NOT NULL,
  `form_id` int NOT NULL,
  `row_id` int NOT NULL,
  `element_id` int NOT NULL,
  `type` varchar(255) NOT NULL,
  `data` text NOT NULL,
  `date_created` datetime DEFAULT NULL,
  PRIMARY KEY (`user_id`,`list_id`,`form_id`,`row_id`,`element_id`)
) ENGINE=InnoDB DEFAULT CHARSET=utf8mb4 COLLATE=utf8mb4_0900_ai_ci;

--
-- Dumping data for table `ds_fabrik_attending`
--


--
-- Table structure for table `ds_fabrik_comments`
--

CREATE TABLE `ds_fabrik_comments` (
  `id` int NOT NULL AUTO_INCREMENT,
  `user_id` int NOT NULL,
  `ipaddress` char(14) NOT NULL,
  `reply_to` int NOT NULL,
  `comment` mediumtext NOT NULL,
  `approved` tinyint(1) NOT NULL,
  `time_date` timestamp NOT NULL,
  `url` varchar(255) NOT NULL,
  `name` varchar(150) NOT NULL,
  `email` varchar(100) NOT NULL,
  `formid` int NOT NULL,
  `row_id` int NOT NULL,
  `rating` char(2) NOT NULL,
  `annonymous` tinyint(1) NOT NULL,
  `notify` tinyint(1) NOT NULL,
  `diggs` int NOT NULL,
  PRIMARY KEY (`id`)
) ENGINE=InnoDB DEFAULT CHARSET=utf8mb4 COLLATE=utf8mb4_0900_ai_ci;

--
-- Dumping data for table `ds_fabrik_comments`
--


--
-- Table structure for table `ds_fabrik_connections`
--

CREATE TABLE `ds_fabrik_connections` (
  `id` int NOT NULL AUTO_INCREMENT,
  `host` varchar(255) NOT NULL,
  `user` varchar(255) NOT NULL,
  `password` varchar(255) NOT NULL,
  `database` varchar(255) NOT NULL,
  `description` varchar(255) NOT NULL,
  `published` int NOT NULL DEFAULT '0',
  `checked_out` int NOT NULL DEFAULT '0',
  `checked_out_time` datetime DEFAULT NULL,
  `default` int NOT NULL DEFAULT '0',
  `params` text NOT NULL,
  PRIMARY KEY (`id`)
) ENGINE=InnoDB AUTO_INCREMENT=2 DEFAULT CHARSET=utf8mb3;

--
-- Dumping data for table `ds_fabrik_connections`
--

INSERT INTO `ds_fabrik_connections` VALUES (1,'localhost','dulevoservice','7C 02E1D 23A A5B6B537048','dulevoservice','main',1,0,NULL,1,'{\"encryptedPw\":true}');

--
-- Table structure for table `ds_fabrik_cron`
--

CREATE TABLE `ds_fabrik_cron` (
  `id` int NOT NULL AUTO_INCREMENT,
  `label` varchar(100) NOT NULL,
  `frequency` smallint NOT NULL,
  `unit` varchar(15) NOT NULL,
  `created` datetime NOT NULL,
  `created_by` int NOT NULL,
  `created_by_alias` varchar(30) NOT NULL,
  `modified` datetime NOT NULL,
  `modified_by` varchar(30) NOT NULL,
  `checked_out` int NOT NULL,
  `checked_out_time` datetime NOT NULL,
  `published` tinyint(1) NOT NULL,
  `plugin` varchar(50) NOT NULL,
  `lastrun` datetime NOT NULL,
  `params` text NOT NULL,
  PRIMARY KEY (`id`)
) ENGINE=InnoDB DEFAULT CHARSET=utf8mb3;

--
-- Dumping data for table `ds_fabrik_cron`
--


--
-- Table structure for table `ds_fabrik_elements`
--

CREATE TABLE `ds_fabrik_elements` (
  `id` int NOT NULL AUTO_INCREMENT,
  `name` varchar(100) NOT NULL,
  `group_id` int NOT NULL,
  `plugin` varchar(100) NOT NULL,
  `label` text,
  `checked_out` int NOT NULL,
  `checked_out_time` datetime NOT NULL,
  `created` datetime NOT NULL,
  `created_by` int NOT NULL,
  `created_by_alias` varchar(100) NOT NULL,
  `modified` datetime NOT NULL,
  `modified_by` int NOT NULL,
  `width` int NOT NULL,
  `height` int NOT NULL DEFAULT '0',
  `default` text NOT NULL,
  `hidden` int NOT NULL,
  `eval` int NOT NULL,
  `ordering` int NOT NULL,
  `show_in_list_summary` int DEFAULT NULL,
  `filter_type` varchar(20) DEFAULT NULL,
  `filter_exact_match` int DEFAULT NULL,
  `published` int NOT NULL DEFAULT '0',
  `link_to_detail` int NOT NULL DEFAULT '0',
  `primary_key` int NOT NULL DEFAULT '0',
  `auto_increment` int NOT NULL DEFAULT '0',
  `access` int NOT NULL DEFAULT '0',
  `use_in_page_title` int NOT NULL DEFAULT '0',
  `parent_id` mediumint NOT NULL,
  `params` mediumtext NOT NULL,
  PRIMARY KEY (`id`),
  KEY `show_in_list_summary_INDEX` (`show_in_list_summary`),
  KEY `plugin_INDEX` (`plugin`(10)),
  KEY `checked_out_INDEX` (`checked_out`),
  KEY `group_id_INDEX` (`group_id`),
  KEY `parent_id_INDEX` (`parent_id`)
) ENGINE=InnoDB AUTO_INCREMENT=26 DEFAULT CHARSET=utf8mb3;

--
-- Dumping data for table `ds_fabrik_elements`
--

INSERT INTO `ds_fabrik_elements` VALUES (1,'id',1,'internalid','id',0,'0000-00-00 00:00:00','2016-01-10 08:53:39',609,'pierluigifreeedit','0000-00-00 00:00:00',0,3,0,'',1,0,2,1,'',0,1,1,1,1,1,0,0,'{\"edit_access\":\"1\",\"view_access\":\"1\",\"list_view_access\":\"1\",\"filter_access\":\"1\",\"sum_access\":\"1\",\"avg_access\":\"1\",\"median_access\":\"1\",\"count_access\":\"1\",\"custom_calc_access\":\"1\"}'),(2,'date_time',1,'jdate','date_time',0,'0000-00-00 00:00:00','2016-01-10 08:53:39',609,'pierluigifreeedit','0000-00-00 00:00:00',0,0,0,'',1,0,1,1,'',1,1,1,0,0,1,0,0,'{\"bootstrap_class\":\"input-medium\",\"jdate_showtime\":\"1\",\"jdate_time_format\":\"H:i:s\",\"jdate_time_24\":\"1\",\"jdate_store_as_local\":\"0\",\"jdate_table_format\":\"Y-m-d H:i:s\",\"jdate_form_format\":\"Y-m-d\",\"jdate_defaulttotoday\":\"1\",\"jdate_alwaystoday\":\"0\",\"jdate_allow_typing_in_field\":\"1\",\"jdate_show_week_numbers\":\"0\",\"jdate_csv_offset_tz\":\"0\",\"show_in_rss_feed\":\"0\",\"show_label_in_rss_feed\":\"0\",\"use_as_rss_enclosure\":\"0\",\"rollover\":\"\",\"tipseval\":\"0\",\"tiplocation\":\"top-left\",\"labelindetails\":\"0\",\"labelinlist\":\"0\",\"comment\":\"\",\"edit_access\":\"1\",\"edit_access_user\":\"\",\"view_access\":\"1\",\"view_access_user\":\"\",\"list_view_access\":\"1\",\"encrypt\":\"0\",\"store_in_db\":\"1\",\"default_on_copy\":\"0\",\"can_order\":\"0\",\"alt_list_heading\":\"\",\"custom_link\":\"\",\"custom_link_target\":\"\",\"custom_link_indetails\":\"1\",\"use_as_row_class\":\"0\",\"include_in_list_query\":\"1\",\"always_render\":\"0\",\"icon_folder\":\"0\",\"icon_hovertext\":\"1\",\"icon_file\":\"\",\"icon_subdir\":\"\",\"filter_length\":\"20\",\"filter_access\":\"1\",\"full_words_only\":\"0\",\"filter_required\":\"0\",\"filter_build_method\":\"0\",\"filter_groupby\":\"text\",\"inc_in_adv_search\":\"1\",\"filter_class\":\"input-medium\",\"filter_responsive_class\":\"\",\"tablecss_header_class\":\"\",\"tablecss_header\":\"\",\"tablecss_cell_class\":\"\",\"tablecss_cell\":\"\",\"sum_on\":\"0\",\"sum_label\":\"Sum\",\"sum_access\":\"1\",\"sum_split\":\"\",\"avg_on\":\"0\",\"avg_label\":\"Average\",\"avg_access\":\"1\",\"avg_round\":\"0\",\"avg_split\":\"\",\"median_on\":\"0\",\"median_label\":\"Median\",\"median_access\":\"1\",\"median_split\":\"\",\"count_on\":\"0\",\"count_label\":\"Count\",\"count_condition\":\"\",\"count_access\":\"1\",\"count_split\":\"\",\"custom_calc_on\":\"0\",\"custom_calc_label\":\"Custom\",\"custom_calc_query\":\"\",\"custom_calc_access\":\"1\",\"custom_calc_split\":\"\",\"custom_calc_php\":\"\",\"validations\":[]}'),(3,'nome',1,'field','Nome',0,'0000-00-00 00:00:00','2025-08-25 19:43:54',609,'pierluigifreeedit','0000-00-00 00:00:00',0,0,0,'',0,0,3,1,'',1,1,0,0,0,2,0,0,'{\"placeholder\":\"\",\"password\":\"0\",\"maxlength\":\"255\",\"disable\":\"0\",\"readonly\":\"0\",\"autocomplete\":\"1\",\"speech\":\"0\",\"advanced_behavior\":\"0\",\"bootstrap_class\":\"input-medium\",\"text_format\":\"text\",\"integer_length\":\"11\",\"decimal_length\":\"2\",\"field_use_number_format\":\"0\",\"field_thousand_sep\":\",\",\"field_decimal_sep\":\".\",\"text_format_string\":\"\",\"field_format_string_blank\":\"1\",\"text_input_mask\":\"\",\"text_input_mask_autoclear\":\"0\",\"text_input_mask_definitions\":\"\",\"render_as_qrcode\":\"0\",\"scan_qrcode\":\"0\",\"guess_linktype\":\"0\",\"link_target_options\":\"default\",\"rel\":\"\",\"link_title\":\"\",\"link_attributes\":\"\",\"show_in_rss_feed\":\"0\",\"show_label_in_rss_feed\":\"0\",\"use_as_rss_enclosure\":\"0\",\"rollover\":\"\",\"tipseval\":\"0\",\"tiplocation\":\"top-left\",\"labelindetails\":\"0\",\"labelinlist\":\"0\",\"comment\":\"\",\"edit_access\":\"1\",\"edit_access_user\":\"\",\"view_access\":\"1\",\"view_access_user\":\"\",\"list_view_access\":\"1\",\"encrypt\":\"0\",\"store_in_db\":\"1\",\"default_on_copy\":\"0\",\"can_order\":\"0\",\"alt_list_heading\":\"\",\"custom_link\":\"\",\"custom_link_target\":\"\",\"custom_link_indetails\":\"1\",\"use_as_row_class\":\"0\",\"include_in_list_query\":\"1\",\"always_render\":\"0\",\"icon_folder\":\"0\",\"icon_hovertext\":\"1\",\"icon_file\":\"\",\"icon_subdir\":\"\",\"filter_length\":\"20\",\"filter_access\":\"1\",\"full_words_only\":\"0\",\"filter_required\":\"0\",\"filter_build_method\":\"0\",\"filter_groupby\":\"text\",\"inc_in_adv_search\":\"1\",\"filter_class\":\"input-medium\",\"filter_responsive_class\":\"\",\"tablecss_header_class\":\"\",\"tablecss_header\":\"\",\"tablecss_cell_class\":\"\",\"tablecss_cell\":\"\",\"sum_on\":\"0\",\"sum_label\":\"Sum\",\"sum_access\":\"1\",\"sum_split\":\"\",\"avg_on\":\"0\",\"avg_label\":\"Average\",\"avg_access\":\"1\",\"avg_round\":\"0\",\"avg_split\":\"\",\"median_on\":\"0\",\"median_label\":\"Median\",\"median_access\":\"1\",\"median_split\":\"\",\"count_on\":\"0\",\"count_label\":\"Count\",\"count_condition\":\"\",\"count_access\":\"1\",\"count_split\":\"\",\"custom_calc_on\":\"0\",\"custom_calc_label\":\"Custom\",\"custom_calc_query\":\"\",\"custom_calc_access\":\"1\",\"custom_calc_split\":\"\",\"custom_calc_php\":\"\",\"validations\":[]}'),(4,'cognome',1,'field','Cognome',0,'0000-00-00 00:00:00','2025-08-25 19:44:03',609,'pierluigifreeedit','0000-00-00 00:00:00',0,0,0,'',0,0,4,1,'',1,1,0,0,0,2,0,0,'{\"placeholder\":\"\",\"password\":\"0\",\"maxlength\":\"255\",\"disable\":\"0\",\"readonly\":\"0\",\"autocomplete\":\"1\",\"speech\":\"0\",\"advanced_behavior\":\"0\",\"bootstrap_class\":\"input-medium\",\"text_format\":\"text\",\"integer_length\":\"11\",\"decimal_length\":\"2\",\"field_use_number_format\":\"0\",\"field_thousand_sep\":\",\",\"field_decimal_sep\":\".\",\"text_format_string\":\"\",\"field_format_string_blank\":\"1\",\"text_input_mask\":\"\",\"text_input_mask_autoclear\":\"0\",\"text_input_mask_definitions\":\"\",\"render_as_qrcode\":\"0\",\"scan_qrcode\":\"0\",\"guess_linktype\":\"0\",\"link_target_options\":\"default\",\"rel\":\"\",\"link_title\":\"\",\"link_attributes\":\"\",\"show_in_rss_feed\":\"0\",\"show_label_in_rss_feed\":\"0\",\"use_as_rss_enclosure\":\"0\",\"rollover\":\"\",\"tipseval\":\"0\",\"tiplocation\":\"top-left\",\"labelindetails\":\"0\",\"labelinlist\":\"0\",\"comment\":\"\",\"edit_access\":\"1\",\"edit_access_user\":\"\",\"view_access\":\"1\",\"view_access_user\":\"\",\"list_view_access\":\"1\",\"encrypt\":\"0\",\"store_in_db\":\"1\",\"default_on_copy\":\"0\",\"can_order\":\"0\",\"alt_list_heading\":\"\",\"custom_link\":\"\",\"custom_link_target\":\"\",\"custom_link_indetails\":\"1\",\"use_as_row_class\":\"0\",\"include_in_list_query\":\"1\",\"always_render\":\"0\",\"icon_folder\":\"0\",\"icon_hovertext\":\"1\",\"icon_file\":\"\",\"icon_subdir\":\"\",\"filter_length\":\"20\",\"filter_access\":\"1\",\"full_words_only\":\"0\",\"filter_required\":\"0\",\"filter_build_method\":\"0\",\"filter_groupby\":\"text\",\"inc_in_adv_search\":\"1\",\"filter_class\":\"input-medium\",\"filter_responsive_class\":\"\",\"tablecss_header_class\":\"\",\"tablecss_header\":\"\",\"tablecss_cell_class\":\"\",\"tablecss_cell\":\"\",\"sum_on\":\"0\",\"sum_label\":\"Sum\",\"sum_access\":\"1\",\"sum_split\":\"\",\"avg_on\":\"0\",\"avg_label\":\"Average\",\"avg_access\":\"1\",\"avg_round\":\"0\",\"avg_split\":\"\",\"median_on\":\"0\",\"median_label\":\"Median\",\"median_access\":\"1\",\"median_split\":\"\",\"count_on\":\"0\",\"count_label\":\"Count\",\"count_condition\":\"\",\"count_access\":\"1\",\"count_split\":\"\",\"custom_calc_on\":\"0\",\"custom_calc_label\":\"Custom\",\"custom_calc_query\":\"\",\"custom_calc_access\":\"1\",\"custom_calc_split\":\"\",\"custom_calc_php\":\"\",\"validations\":[]}'),(5,'indirizzo',1,'field','Indirizzo',0,'0000-00-00 00:00:00','2025-08-25 19:44:24',609,'pierluigifreeedit','0000-00-00 00:00:00',0,0,0,'',0,0,5,1,'',1,1,0,0,0,2,0,0,'{\"placeholder\":\"\",\"password\":\"0\",\"maxlength\":\"255\",\"disable\":\"0\",\"readonly\":\"0\",\"autocomplete\":\"1\",\"speech\":\"0\",\"advanced_behavior\":\"0\",\"bootstrap_class\":\"input-medium\",\"text_format\":\"text\",\"integer_length\":\"11\",\"decimal_length\":\"2\",\"field_use_number_format\":\"0\",\"field_thousand_sep\":\",\",\"field_decimal_sep\":\".\",\"text_format_string\":\"\",\"field_format_string_blank\":\"1\",\"text_input_mask\":\"\",\"text_input_mask_autoclear\":\"0\",\"text_input_mask_definitions\":\"\",\"render_as_qrcode\":\"0\",\"scan_qrcode\":\"0\",\"guess_linktype\":\"0\",\"link_target_options\":\"default\",\"rel\":\"\",\"link_title\":\"\",\"link_attributes\":\"\",\"show_in_rss_feed\":\"0\",\"show_label_in_rss_feed\":\"0\",\"use_as_rss_enclosure\":\"0\",\"rollover\":\"\",\"tipseval\":\"0\",\"tiplocation\":\"top-left\",\"labelindetails\":\"0\",\"labelinlist\":\"0\",\"comment\":\"\",\"edit_access\":\"1\",\"edit_access_user\":\"\",\"view_access\":\"1\",\"view_access_user\":\"\",\"list_view_access\":\"1\",\"encrypt\":\"0\",\"store_in_db\":\"1\",\"default_on_copy\":\"0\",\"can_order\":\"0\",\"alt_list_heading\":\"\",\"custom_link\":\"\",\"custom_link_target\":\"\",\"custom_link_indetails\":\"1\",\"use_as_row_class\":\"0\",\"include_in_list_query\":\"1\",\"always_render\":\"0\",\"icon_folder\":\"0\",\"icon_hovertext\":\"1\",\"icon_file\":\"\",\"icon_subdir\":\"\",\"filter_length\":\"20\",\"filter_access\":\"1\",\"full_words_only\":\"0\",\"filter_required\":\"0\",\"filter_build_method\":\"0\",\"filter_groupby\":\"text\",\"inc_in_adv_search\":\"1\",\"filter_class\":\"input-medium\",\"filter_responsive_class\":\"\",\"tablecss_header_class\":\"\",\"tablecss_header\":\"\",\"tablecss_cell_class\":\"\",\"tablecss_cell\":\"\",\"sum_on\":\"0\",\"sum_label\":\"Sum\",\"sum_access\":\"1\",\"sum_split\":\"\",\"avg_on\":\"0\",\"avg_label\":\"Average\",\"avg_access\":\"1\",\"avg_round\":\"0\",\"avg_split\":\"\",\"median_on\":\"0\",\"median_label\":\"Median\",\"median_access\":\"1\",\"median_split\":\"\",\"count_on\":\"0\",\"count_label\":\"Count\",\"count_condition\":\"\",\"count_access\":\"1\",\"count_split\":\"\",\"custom_calc_on\":\"0\",\"custom_calc_label\":\"Custom\",\"custom_calc_query\":\"\",\"custom_calc_access\":\"1\",\"custom_calc_split\":\"\",\"custom_calc_php\":\"\",\"validations\":[]}'),(6,'telefono',1,'field','Telefono',0,'0000-00-00 00:00:00','2025-08-25 19:44:56',609,'pierluigifreeedit','0000-00-00 00:00:00',0,0,0,'',0,0,6,1,'',1,1,0,0,0,2,0,0,'{\"placeholder\":\"\",\"password\":\"0\",\"maxlength\":\"255\",\"disable\":\"0\",\"readonly\":\"0\",\"autocomplete\":\"1\",\"speech\":\"0\",\"advanced_behavior\":\"0\",\"bootstrap_class\":\"input-medium\",\"text_format\":\"text\",\"integer_length\":\"11\",\"decimal_length\":\"2\",\"field_use_number_format\":\"0\",\"field_thousand_sep\":\",\",\"field_decimal_sep\":\".\",\"text_format_string\":\"\",\"field_format_string_blank\":\"1\",\"text_input_mask\":\"\",\"text_input_mask_autoclear\":\"0\",\"text_input_mask_definitions\":\"\",\"render_as_qrcode\":\"0\",\"scan_qrcode\":\"0\",\"guess_linktype\":\"0\",\"link_target_options\":\"default\",\"rel\":\"\",\"link_title\":\"\",\"link_attributes\":\"\",\"show_in_rss_feed\":\"0\",\"show_label_in_rss_feed\":\"0\",\"use_as_rss_enclosure\":\"0\",\"rollover\":\"\",\"tipseval\":\"0\",\"tiplocation\":\"top-left\",\"labelindetails\":\"0\",\"labelinlist\":\"0\",\"comment\":\"\",\"edit_access\":\"1\",\"edit_access_user\":\"\",\"view_access\":\"1\",\"view_access_user\":\"\",\"list_view_access\":\"1\",\"encrypt\":\"0\",\"store_in_db\":\"1\",\"default_on_copy\":\"0\",\"can_order\":\"0\",\"alt_list_heading\":\"\",\"custom_link\":\"\",\"custom_link_target\":\"\",\"custom_link_indetails\":\"1\",\"use_as_row_class\":\"0\",\"include_in_list_query\":\"1\",\"always_render\":\"0\",\"icon_folder\":\"0\",\"icon_hovertext\":\"1\",\"icon_file\":\"\",\"icon_subdir\":\"\",\"filter_length\":\"20\",\"filter_access\":\"1\",\"full_words_only\":\"0\",\"filter_required\":\"0\",\"filter_build_method\":\"0\",\"filter_groupby\":\"text\",\"inc_in_adv_search\":\"1\",\"filter_class\":\"input-medium\",\"filter_responsive_class\":\"\",\"tablecss_header_class\":\"\",\"tablecss_header\":\"\",\"tablecss_cell_class\":\"\",\"tablecss_cell\":\"\",\"sum_on\":\"0\",\"sum_label\":\"Sum\",\"sum_access\":\"1\",\"sum_split\":\"\",\"avg_on\":\"0\",\"avg_label\":\"Average\",\"avg_access\":\"1\",\"avg_round\":\"0\",\"avg_split\":\"\",\"median_on\":\"0\",\"median_label\":\"Median\",\"median_access\":\"1\",\"median_split\":\"\",\"count_on\":\"0\",\"count_label\":\"Count\",\"count_condition\":\"\",\"count_access\":\"1\",\"count_split\":\"\",\"custom_calc_on\":\"0\",\"custom_calc_label\":\"Custom\",\"custom_calc_query\":\"\",\"custom_calc_access\":\"1\",\"custom_calc_split\":\"\",\"custom_calc_php\":\"\",\"validations\":[]}'),(7,'provincia',1,'field','Provincia',0,'0000-00-00 00:00:00','2025-08-25 19:45:12',609,'pierluigifreeedit','0000-00-00 00:00:00',0,0,0,'',0,0,7,1,'',1,1,0,0,0,2,0,0,'{\"placeholder\":\"\",\"password\":\"0\",\"maxlength\":\"255\",\"disable\":\"0\",\"readonly\":\"0\",\"autocomplete\":\"1\",\"speech\":\"0\",\"advanced_behavior\":\"0\",\"bootstrap_class\":\"input-medium\",\"text_format\":\"text\",\"integer_length\":\"11\",\"decimal_length\":\"2\",\"field_use_number_format\":\"0\",\"field_thousand_sep\":\",\",\"field_decimal_sep\":\".\",\"text_format_string\":\"\",\"field_format_string_blank\":\"1\",\"text_input_mask\":\"\",\"text_input_mask_autoclear\":\"0\",\"text_input_mask_definitions\":\"\",\"render_as_qrcode\":\"0\",\"scan_qrcode\":\"0\",\"guess_linktype\":\"0\",\"link_target_options\":\"default\",\"rel\":\"\",\"link_title\":\"\",\"link_attributes\":\"\",\"show_in_rss_feed\":\"0\",\"show_label_in_rss_feed\":\"0\",\"use_as_rss_enclosure\":\"0\",\"rollover\":\"\",\"tipseval\":\"0\",\"tiplocation\":\"top-left\",\"labelindetails\":\"0\",\"labelinlist\":\"0\",\"comment\":\"\",\"edit_access\":\"1\",\"edit_access_user\":\"\",\"view_access\":\"1\",\"view_access_user\":\"\",\"list_view_access\":\"1\",\"encrypt\":\"0\",\"store_in_db\":\"1\",\"default_on_copy\":\"0\",\"can_order\":\"0\",\"alt_list_heading\":\"\",\"custom_link\":\"\",\"custom_link_target\":\"\",\"custom_link_indetails\":\"1\",\"use_as_row_class\":\"0\",\"include_in_list_query\":\"1\",\"always_render\":\"0\",\"icon_folder\":\"0\",\"icon_hovertext\":\"1\",\"icon_file\":\"\",\"icon_subdir\":\"\",\"filter_length\":\"20\",\"filter_access\":\"1\",\"full_words_only\":\"0\",\"filter_required\":\"0\",\"filter_build_method\":\"0\",\"filter_groupby\":\"text\",\"inc_in_adv_search\":\"1\",\"filter_class\":\"input-medium\",\"filter_responsive_class\":\"\",\"tablecss_header_class\":\"\",\"tablecss_header\":\"\",\"tablecss_cell_class\":\"\",\"tablecss_cell\":\"\",\"sum_on\":\"0\",\"sum_label\":\"Sum\",\"sum_access\":\"1\",\"sum_split\":\"\",\"avg_on\":\"0\",\"avg_label\":\"Average\",\"avg_access\":\"1\",\"avg_round\":\"0\",\"avg_split\":\"\",\"median_on\":\"0\",\"median_label\":\"Median\",\"median_access\":\"1\",\"median_split\":\"\",\"count_on\":\"0\",\"count_label\":\"Count\",\"count_condition\":\"\",\"count_access\":\"1\",\"count_split\":\"\",\"custom_calc_on\":\"0\",\"custom_calc_label\":\"Custom\",\"custom_calc_query\":\"\",\"custom_calc_access\":\"1\",\"custom_calc_split\":\"\",\"custom_calc_php\":\"\",\"validations\":[]}'),(8,'azienda',1,'field','Azienda',0,'0000-00-00 00:00:00','2025-08-25 19:45:22',609,'pierluigifreeedit','0000-00-00 00:00:00',0,0,0,'',0,0,8,1,'',1,1,0,0,0,2,0,0,'{\"placeholder\":\"\",\"password\":\"0\",\"maxlength\":\"255\",\"disable\":\"0\",\"readonly\":\"0\",\"autocomplete\":\"1\",\"speech\":\"0\",\"advanced_behavior\":\"0\",\"bootstrap_class\":\"input-medium\",\"text_format\":\"text\",\"integer_length\":\"11\",\"decimal_length\":\"2\",\"field_use_number_format\":\"0\",\"field_thousand_sep\":\",\",\"field_decimal_sep\":\".\",\"text_format_string\":\"\",\"field_format_string_blank\":\"1\",\"text_input_mask\":\"\",\"text_input_mask_autoclear\":\"0\",\"text_input_mask_definitions\":\"\",\"render_as_qrcode\":\"0\",\"scan_qrcode\":\"0\",\"guess_linktype\":\"0\",\"link_target_options\":\"default\",\"rel\":\"\",\"link_title\":\"\",\"link_attributes\":\"\",\"show_in_rss_feed\":\"0\",\"show_label_in_rss_feed\":\"0\",\"use_as_rss_enclosure\":\"0\",\"rollover\":\"\",\"tipseval\":\"0\",\"tiplocation\":\"top-left\",\"labelindetails\":\"0\",\"labelinlist\":\"0\",\"comment\":\"\",\"edit_access\":\"1\",\"edit_access_user\":\"\",\"view_access\":\"1\",\"view_access_user\":\"\",\"list_view_access\":\"1\",\"encrypt\":\"0\",\"store_in_db\":\"1\",\"default_on_copy\":\"0\",\"can_order\":\"0\",\"alt_list_heading\":\"\",\"custom_link\":\"\",\"custom_link_target\":\"\",\"custom_link_indetails\":\"1\",\"use_as_row_class\":\"0\",\"include_in_list_query\":\"1\",\"always_render\":\"0\",\"icon_folder\":\"0\",\"icon_hovertext\":\"1\",\"icon_file\":\"\",\"icon_subdir\":\"\",\"filter_length\":\"20\",\"filter_access\":\"1\",\"full_words_only\":\"0\",\"filter_required\":\"0\",\"filter_build_method\":\"0\",\"filter_groupby\":\"text\",\"inc_in_adv_search\":\"1\",\"filter_class\":\"input-medium\",\"filter_responsive_class\":\"\",\"tablecss_header_class\":\"\",\"tablecss_header\":\"\",\"tablecss_cell_class\":\"\",\"tablecss_cell\":\"\",\"sum_on\":\"0\",\"sum_label\":\"Sum\",\"sum_access\":\"1\",\"sum_split\":\"\",\"avg_on\":\"0\",\"avg_label\":\"Average\",\"avg_access\":\"1\",\"avg_round\":\"0\",\"avg_split\":\"\",\"median_on\":\"0\",\"median_label\":\"Median\",\"median_access\":\"1\",\"median_split\":\"\",\"count_on\":\"0\",\"count_label\":\"Count\",\"count_condition\":\"\",\"count_access\":\"1\",\"count_split\":\"\",\"custom_calc_on\":\"0\",\"custom_calc_label\":\"Custom\",\"custom_calc_query\":\"\",\"custom_calc_access\":\"1\",\"custom_calc_split\":\"\",\"custom_calc_php\":\"\",\"validations\":[]}'),(9,'ruolo_in_azienda',1,'field','Ruolo in azienda',0,'0000-00-00 00:00:00','2025-08-25 19:45:31',609,'pierluigifreeedit','0000-00-00 00:00:00',0,0,0,'',0,0,9,1,'',1,1,0,0,0,2,0,0,'{\"placeholder\":\"\",\"password\":\"0\",\"maxlength\":\"255\",\"disable\":\"0\",\"readonly\":\"0\",\"autocomplete\":\"1\",\"speech\":\"0\",\"advanced_behavior\":\"0\",\"bootstrap_class\":\"input-medium\",\"text_format\":\"text\",\"integer_length\":\"11\",\"decimal_length\":\"2\",\"field_use_number_format\":\"0\",\"field_thousand_sep\":\",\",\"field_decimal_sep\":\".\",\"text_format_string\":\"\",\"field_format_string_blank\":\"1\",\"text_input_mask\":\"\",\"text_input_mask_autoclear\":\"0\",\"text_input_mask_definitions\":\"\",\"render_as_qrcode\":\"0\",\"scan_qrcode\":\"0\",\"guess_linktype\":\"0\",\"link_target_options\":\"default\",\"rel\":\"\",\"link_title\":\"\",\"link_attributes\":\"\",\"show_in_rss_feed\":\"0\",\"show_label_in_rss_feed\":\"0\",\"use_as_rss_enclosure\":\"0\",\"rollover\":\"\",\"tipseval\":\"0\",\"tiplocation\":\"top-left\",\"labelindetails\":\"0\",\"labelinlist\":\"0\",\"comment\":\"\",\"edit_access\":\"1\",\"edit_access_user\":\"\",\"view_access\":\"1\",\"view_access_user\":\"\",\"list_view_access\":\"1\",\"encrypt\":\"0\",\"store_in_db\":\"1\",\"default_on_copy\":\"0\",\"can_order\":\"0\",\"alt_list_heading\":\"\",\"custom_link\":\"\",\"custom_link_target\":\"\",\"custom_link_indetails\":\"1\",\"use_as_row_class\":\"0\",\"include_in_list_query\":\"1\",\"always_render\":\"0\",\"icon_folder\":\"0\",\"icon_hovertext\":\"1\",\"icon_file\":\"\",\"icon_subdir\":\"\",\"filter_length\":\"20\",\"filter_access\":\"1\",\"full_words_only\":\"0\",\"filter_required\":\"0\",\"filter_build_method\":\"0\",\"filter_groupby\":\"text\",\"inc_in_adv_search\":\"1\",\"filter_class\":\"input-medium\",\"filter_responsive_class\":\"\",\"tablecss_header_class\":\"\",\"tablecss_header\":\"\",\"tablecss_cell_class\":\"\",\"tablecss_cell\":\"\",\"sum_on\":\"0\",\"sum_label\":\"Sum\",\"sum_access\":\"1\",\"sum_split\":\"\",\"avg_on\":\"0\",\"avg_label\":\"Average\",\"avg_access\":\"1\",\"avg_round\":\"0\",\"avg_split\":\"\",\"median_on\":\"0\",\"median_label\":\"Median\",\"median_access\":\"1\",\"median_split\":\"\",\"count_on\":\"0\",\"count_label\":\"Count\",\"count_condition\":\"\",\"count_access\":\"1\",\"count_split\":\"\",\"custom_calc_on\":\"0\",\"custom_calc_label\":\"Custom\",\"custom_calc_query\":\"\",\"custom_calc_access\":\"1\",\"custom_calc_split\":\"\",\"custom_calc_php\":\"\",\"validations\":[]}'),(10,'attivo',1,'yesno','Attivo',0,'0000-00-00 00:00:00','2025-08-25 19:45:48',609,'pierluigifreeedit','0000-00-00 00:00:00',0,0,0,'',0,0,10,1,'',1,1,0,0,0,2,0,0,'{\"yesno_default\":\"0\",\"yesno_icon_yes\":\"\",\"yesno_icon_no\":\"\",\"options_per_row\":\"4\",\"toggle_others\":\"0\",\"toggle_where\":\"\",\"show_in_rss_feed\":\"0\",\"show_label_in_rss_feed\":\"0\",\"use_as_rss_enclosure\":\"0\",\"rollover\":\"\",\"tipseval\":\"0\",\"tiplocation\":\"top-left\",\"labelindetails\":\"0\",\"labelinlist\":\"0\",\"comment\":\"\",\"edit_access\":\"1\",\"edit_access_user\":\"\",\"view_access\":\"1\",\"view_access_user\":\"\",\"list_view_access\":\"1\",\"encrypt\":\"0\",\"store_in_db\":\"1\",\"default_on_copy\":\"0\",\"can_order\":\"0\",\"alt_list_heading\":\"\",\"custom_link\":\"\",\"custom_link_target\":\"\",\"custom_link_indetails\":\"1\",\"use_as_row_class\":\"0\",\"include_in_list_query\":\"1\",\"always_render\":\"0\",\"icon_folder\":\"0\",\"icon_hovertext\":\"1\",\"icon_file\":\"\",\"icon_subdir\":\"\",\"filter_length\":\"20\",\"filter_access\":\"1\",\"full_words_only\":\"0\",\"filter_required\":\"0\",\"filter_build_method\":\"0\",\"filter_groupby\":\"text\",\"inc_in_adv_search\":\"1\",\"filter_class\":\"input-medium\",\"filter_responsive_class\":\"\",\"tablecss_header_class\":\"\",\"tablecss_header\":\"\",\"tablecss_cell_class\":\"\",\"tablecss_cell\":\"\",\"sum_on\":\"0\",\"sum_label\":\"Sum\",\"sum_access\":\"1\",\"sum_split\":\"\",\"avg_on\":\"0\",\"avg_label\":\"Average\",\"avg_access\":\"1\",\"avg_round\":\"0\",\"avg_split\":\"\",\"median_on\":\"0\",\"median_label\":\"Median\",\"median_access\":\"1\",\"median_split\":\"\",\"count_on\":\"0\",\"count_label\":\"Count\",\"count_condition\":\"\",\"count_access\":\"1\",\"count_split\":\"\",\"custom_calc_on\":\"0\",\"custom_calc_label\":\"Custom\",\"custom_calc_query\":\"\",\"custom_calc_access\":\"1\",\"custom_calc_split\":\"\",\"custom_calc_php\":\"\",\"validations\":[]}'),(11,'note',1,'textarea','Note',0,'0000-00-00 00:00:00','2025-08-25 19:46:00',609,'pierluigifreeedit','0000-00-00 00:00:00',0,0,0,'',0,0,11,1,'',1,1,0,0,0,2,0,0,'{\"bootstrap_class\":\"input-medium\",\"width\":\"40\",\"height\":\"6\",\"textarea_showlabel\":\"1\",\"textarea_placeholder\":\"\",\"use_wysiwyg\":\"0\",\"wysiwyg_extra_buttons\":\"1\",\"textarea_field_type\":\"TEXT\",\"textarea-showmax\":\"0\",\"textarea-maxlength\":\"255\",\"textarea_limit_type\":\"char\",\"textarea-tagify\":\"0\",\"textarea_tagifyurl\":\"\",\"textarea-truncate-where\":\"0\",\"textarea-truncate-html\":\"0\",\"textarea-truncate\":\"0\",\"textarea-hover\":\"1\",\"textarea_hover_location\":\"top\",\"show_in_rss_feed\":\"0\",\"show_label_in_rss_feed\":\"0\",\"use_as_rss_enclosure\":\"0\",\"rollover\":\"\",\"tipseval\":\"0\",\"tiplocation\":\"top-left\",\"labelindetails\":\"0\",\"labelinlist\":\"0\",\"comment\":\"\",\"edit_access\":\"1\",\"edit_access_user\":\"\",\"view_access\":\"1\",\"view_access_user\":\"\",\"list_view_access\":\"1\",\"encrypt\":\"0\",\"store_in_db\":\"1\",\"default_on_copy\":\"0\",\"can_order\":\"0\",\"alt_list_heading\":\"\",\"custom_link\":\"\",\"custom_link_target\":\"\",\"custom_link_indetails\":\"1\",\"use_as_row_class\":\"0\",\"include_in_list_query\":\"1\",\"always_render\":\"0\",\"icon_folder\":\"0\",\"icon_hovertext\":\"1\",\"icon_file\":\"\",\"icon_subdir\":\"\",\"filter_length\":\"20\",\"filter_access\":\"1\",\"full_words_only\":\"0\",\"filter_required\":\"0\",\"filter_build_method\":\"0\",\"filter_groupby\":\"text\",\"inc_in_adv_search\":\"1\",\"filter_class\":\"input-medium\",\"filter_responsive_class\":\"\",\"tablecss_header_class\":\"\",\"tablecss_header\":\"\",\"tablecss_cell_class\":\"\",\"tablecss_cell\":\"\",\"sum_on\":\"0\",\"sum_label\":\"Sum\",\"sum_access\":\"1\",\"sum_split\":\"\",\"avg_on\":\"0\",\"avg_label\":\"Average\",\"avg_access\":\"1\",\"avg_round\":\"0\",\"avg_split\":\"\",\"median_on\":\"0\",\"median_label\":\"Median\",\"median_access\":\"1\",\"median_split\":\"\",\"count_on\":\"0\",\"count_label\":\"Count\",\"count_condition\":\"\",\"count_access\":\"1\",\"count_split\":\"\",\"custom_calc_on\":\"0\",\"custom_calc_label\":\"Custom\",\"custom_calc_query\":\"\",\"custom_calc_access\":\"1\",\"custom_calc_split\":\"\",\"custom_calc_php\":\"\",\"validations\":[]}'),(12,'subdealer',1,'yesno','Subdealer',0,'0000-00-00 00:00:00','2025-08-25 19:46:16',609,'pierluigifreeedit','0000-00-00 00:00:00',0,0,0,'',0,0,12,1,'',1,1,0,0,0,2,0,0,'{\"yesno_default\":\"0\",\"yesno_icon_yes\":\"\",\"yesno_icon_no\":\"\",\"options_per_row\":\"4\",\"toggle_others\":\"0\",\"toggle_where\":\"\",\"show_in_rss_feed\":\"0\",\"show_label_in_rss_feed\":\"0\",\"use_as_rss_enclosure\":\"0\",\"rollover\":\"\",\"tipseval\":\"0\",\"tiplocation\":\"top-left\",\"labelindetails\":\"0\",\"labelinlist\":\"0\",\"comment\":\"\",\"edit_access\":\"1\",\"edit_access_user\":\"\",\"view_access\":\"1\",\"view_access_user\":\"\",\"list_view_access\":\"1\",\"encrypt\":\"0\",\"store_in_db\":\"1\",\"default_on_copy\":\"0\",\"can_order\":\"0\",\"alt_list_heading\":\"\",\"custom_link\":\"\",\"custom_link_target\":\"\",\"custom_link_indetails\":\"1\",\"use_as_row_class\":\"0\",\"include_in_list_query\":\"1\",\"always_render\":\"0\",\"icon_folder\":\"0\",\"icon_hovertext\":\"1\",\"icon_file\":\"\",\"icon_subdir\":\"\",\"filter_length\":\"20\",\"filter_access\":\"1\",\"full_words_only\":\"0\",\"filter_required\":\"0\",\"filter_build_method\":\"0\",\"filter_groupby\":\"text\",\"inc_in_adv_search\":\"1\",\"filter_class\":\"input-medium\",\"filter_responsive_class\":\"\",\"tablecss_header_class\":\"\",\"tablecss_header\":\"\",\"tablecss_cell_class\":\"\",\"tablecss_cell\":\"\",\"sum_on\":\"0\",\"sum_label\":\"Sum\",\"sum_access\":\"1\",\"sum_split\":\"\",\"avg_on\":\"0\",\"avg_label\":\"Average\",\"avg_access\":\"1\",\"avg_round\":\"0\",\"avg_split\":\"\",\"median_on\":\"0\",\"median_label\":\"Median\",\"median_access\":\"1\",\"median_split\":\"\",\"count_on\":\"0\",\"count_label\":\"Count\",\"count_condition\":\"\",\"count_access\":\"1\",\"count_split\":\"\",\"custom_calc_on\":\"0\",\"custom_calc_label\":\"Custom\",\"custom_calc_query\":\"\",\"custom_calc_access\":\"1\",\"custom_calc_split\":\"\",\"custom_calc_php\":\"\",\"validations\":[]}'),(13,'id',2,'internalid','id',0,'0000-00-00 00:00:00','2016-01-10 08:53:39',609,'pierluigifreeedit','0000-00-00 00:00:00',0,3,0,'',1,0,2,1,'',0,1,1,1,1,1,0,0,'{\"edit_access\":\"1\",\"view_access\":\"1\",\"list_view_access\":\"1\",\"filter_access\":\"1\",\"sum_access\":\"1\",\"avg_access\":\"1\",\"median_access\":\"1\",\"count_access\":\"1\",\"custom_calc_access\":\"1\"}'),(14,'date_time',2,'jdate','date_time',0,'0000-00-00 00:00:00','2016-01-10 08:53:39',609,'pierluigifreeedit','0000-00-00 00:00:00',0,0,0,'',1,0,1,1,'',1,1,1,0,0,1,0,0,'{\"bootstrap_class\":\"input-medium\",\"jdate_showtime\":\"1\",\"jdate_time_format\":\"H:i:s\",\"jdate_time_24\":\"1\",\"jdate_store_as_local\":\"0\",\"jdate_table_format\":\"Y-m-d H:i:s\",\"jdate_form_format\":\"Y-m-d\",\"jdate_defaulttotoday\":\"1\",\"jdate_alwaystoday\":\"0\",\"jdate_allow_typing_in_field\":\"1\",\"jdate_show_week_numbers\":\"0\",\"jdate_csv_offset_tz\":\"0\",\"show_in_rss_feed\":\"0\",\"show_label_in_rss_feed\":\"0\",\"use_as_rss_enclosure\":\"0\",\"rollover\":\"\",\"tipseval\":\"0\",\"tiplocation\":\"top-left\",\"labelindetails\":\"0\",\"labelinlist\":\"0\",\"comment\":\"\",\"edit_access\":\"1\",\"edit_access_user\":\"\",\"view_access\":\"1\",\"view_access_user\":\"\",\"list_view_access\":\"1\",\"encrypt\":\"0\",\"store_in_db\":\"1\",\"default_on_copy\":\"0\",\"can_order\":\"0\",\"alt_list_heading\":\"\",\"custom_link\":\"\",\"custom_link_target\":\"\",\"custom_link_indetails\":\"1\",\"use_as_row_class\":\"0\",\"include_in_list_query\":\"1\",\"always_render\":\"0\",\"icon_folder\":\"0\",\"icon_hovertext\":\"1\",\"icon_file\":\"\",\"icon_subdir\":\"\",\"filter_length\":\"20\",\"filter_access\":\"1\",\"full_words_only\":\"0\",\"filter_required\":\"0\",\"filter_build_method\":\"0\",\"filter_groupby\":\"text\",\"inc_in_adv_search\":\"1\",\"filter_class\":\"input-medium\",\"filter_responsive_class\":\"\",\"tablecss_header_class\":\"\",\"tablecss_header\":\"\",\"tablecss_cell_class\":\"\",\"tablecss_cell\":\"\",\"sum_on\":\"0\",\"sum_label\":\"Sum\",\"sum_access\":\"1\",\"sum_split\":\"\",\"avg_on\":\"0\",\"avg_label\":\"Average\",\"avg_access\":\"1\",\"avg_round\":\"0\",\"avg_split\":\"\",\"median_on\":\"0\",\"median_label\":\"Median\",\"median_access\":\"1\",\"median_split\":\"\",\"count_on\":\"0\",\"count_label\":\"Count\",\"count_condition\":\"\",\"count_access\":\"1\",\"count_split\":\"\",\"custom_calc_on\":\"0\",\"custom_calc_label\":\"Custom\",\"custom_calc_query\":\"\",\"custom_calc_access\":\"1\",\"custom_calc_split\":\"\",\"custom_calc_php\":\"\",\"validations\":[]}'),(15,'nome',2,'field','Nome',0,'0000-00-00 00:00:00','2025-08-25 19:49:57',609,'pierluigifreeedit','0000-00-00 00:00:00',0,0,0,'',0,0,3,1,'',1,1,0,0,0,2,0,0,'{\"placeholder\":\"\",\"password\":\"0\",\"maxlength\":\"255\",\"disable\":\"0\",\"readonly\":\"0\",\"autocomplete\":\"1\",\"speech\":\"0\",\"advanced_behavior\":\"0\",\"bootstrap_class\":\"input-medium\",\"text_format\":\"text\",\"integer_length\":\"11\",\"decimal_length\":\"2\",\"field_use_number_format\":\"0\",\"field_thousand_sep\":\",\",\"field_decimal_sep\":\".\",\"text_format_string\":\"\",\"field_format_string_blank\":\"1\",\"text_input_mask\":\"\",\"text_input_mask_autoclear\":\"0\",\"text_input_mask_definitions\":\"\",\"render_as_qrcode\":\"0\",\"scan_qrcode\":\"0\",\"guess_linktype\":\"0\",\"link_target_options\":\"default\",\"rel\":\"\",\"link_title\":\"\",\"link_attributes\":\"\",\"show_in_rss_feed\":\"0\",\"show_label_in_rss_feed\":\"0\",\"use_as_rss_enclosure\":\"0\",\"rollover\":\"\",\"tipseval\":\"0\",\"tiplocation\":\"top-left\",\"labelindetails\":\"0\",\"labelinlist\":\"0\",\"comment\":\"\",\"edit_access\":\"1\",\"edit_access_user\":\"\",\"view_access\":\"1\",\"view_access_user\":\"\",\"list_view_access\":\"1\",\"encrypt\":\"0\",\"store_in_db\":\"1\",\"default_on_copy\":\"0\",\"can_order\":\"0\",\"alt_list_heading\":\"\",\"custom_link\":\"\",\"custom_link_target\":\"\",\"custom_link_indetails\":\"1\",\"use_as_row_class\":\"0\",\"include_in_list_query\":\"1\",\"always_render\":\"0\",\"icon_folder\":\"0\",\"icon_hovertext\":\"1\",\"icon_file\":\"\",\"icon_subdir\":\"\",\"filter_length\":\"20\",\"filter_access\":\"1\",\"full_words_only\":\"0\",\"filter_required\":\"0\",\"filter_build_method\":\"0\",\"filter_groupby\":\"text\",\"inc_in_adv_search\":\"1\",\"filter_class\":\"input-medium\",\"filter_responsive_class\":\"\",\"tablecss_header_class\":\"\",\"tablecss_header\":\"\",\"tablecss_cell_class\":\"\",\"tablecss_cell\":\"\",\"sum_on\":\"0\",\"sum_label\":\"Sum\",\"sum_access\":\"1\",\"sum_split\":\"\",\"avg_on\":\"0\",\"avg_label\":\"Average\",\"avg_access\":\"1\",\"avg_round\":\"0\",\"avg_split\":\"\",\"median_on\":\"0\",\"median_label\":\"Median\",\"median_access\":\"1\",\"median_split\":\"\",\"count_on\":\"0\",\"count_label\":\"Count\",\"count_condition\":\"\",\"count_access\":\"1\",\"count_split\":\"\",\"custom_calc_on\":\"0\",\"custom_calc_label\":\"Custom\",\"custom_calc_query\":\"\",\"custom_calc_access\":\"1\",\"custom_calc_split\":\"\",\"custom_calc_php\":\"\",\"validations\":[]}'),(16,'istruttore',2,'field','Istruttore',0,'0000-00-00 00:00:00','2025-08-25 19:50:05',609,'pierluigifreeedit','0000-00-00 00:00:00',0,0,0,'',0,0,4,1,'',1,1,0,0,0,2,0,0,'{\"placeholder\":\"\",\"password\":\"0\",\"maxlength\":\"255\",\"disable\":\"0\",\"readonly\":\"0\",\"autocomplete\":\"1\",\"speech\":\"0\",\"advanced_behavior\":\"0\",\"bootstrap_class\":\"input-medium\",\"text_format\":\"text\",\"integer_length\":\"11\",\"decimal_length\":\"2\",\"field_use_number_format\":\"0\",\"field_thousand_sep\":\",\",\"field_decimal_sep\":\".\",\"text_format_string\":\"\",\"field_format_string_blank\":\"1\",\"text_input_mask\":\"\",\"text_input_mask_autoclear\":\"0\",\"text_input_mask_definitions\":\"\",\"render_as_qrcode\":\"0\",\"scan_qrcode\":\"0\",\"guess_linktype\":\"0\",\"link_target_options\":\"default\",\"rel\":\"\",\"link_title\":\"\",\"link_attributes\":\"\",\"show_in_rss_feed\":\"0\",\"show_label_in_rss_feed\":\"0\",\"use_as_rss_enclosure\":\"0\",\"rollover\":\"\",\"tipseval\":\"0\",\"tiplocation\":\"top-left\",\"labelindetails\":\"0\",\"labelinlist\":\"0\",\"comment\":\"\",\"edit_access\":\"1\",\"edit_access_user\":\"\",\"view_access\":\"1\",\"view_access_user\":\"\",\"list_view_access\":\"1\",\"encrypt\":\"0\",\"store_in_db\":\"1\",\"default_on_copy\":\"0\",\"can_order\":\"0\",\"alt_list_heading\":\"\",\"custom_link\":\"\",\"custom_link_target\":\"\",\"custom_link_indetails\":\"1\",\"use_as_row_class\":\"0\",\"include_in_list_query\":\"1\",\"always_render\":\"0\",\"icon_folder\":\"0\",\"icon_hovertext\":\"1\",\"icon_file\":\"\",\"icon_subdir\":\"\",\"filter_length\":\"20\",\"filter_access\":\"1\",\"full_words_only\":\"0\",\"filter_required\":\"0\",\"filter_build_method\":\"0\",\"filter_groupby\":\"text\",\"inc_in_adv_search\":\"1\",\"filter_class\":\"input-medium\",\"filter_responsive_class\":\"\",\"tablecss_header_class\":\"\",\"tablecss_header\":\"\",\"tablecss_cell_class\":\"\",\"tablecss_cell\":\"\",\"sum_on\":\"0\",\"sum_label\":\"Sum\",\"sum_access\":\"1\",\"sum_split\":\"\",\"avg_on\":\"0\",\"avg_label\":\"Average\",\"avg_access\":\"1\",\"avg_round\":\"0\",\"avg_split\":\"\",\"median_on\":\"0\",\"median_label\":\"Median\",\"median_access\":\"1\",\"median_split\":\"\",\"count_on\":\"0\",\"count_label\":\"Count\",\"count_condition\":\"\",\"count_access\":\"1\",\"count_split\":\"\",\"custom_calc_on\":\"0\",\"custom_calc_label\":\"Custom\",\"custom_calc_query\":\"\",\"custom_calc_access\":\"1\",\"custom_calc_split\":\"\",\"custom_calc_php\":\"\",\"validations\":[]}'),(17,'ore_totali',2,'field','Ore totali',0,'0000-00-00 00:00:00','2025-08-25 19:50:18',609,'pierluigifreeedit','0000-00-00 00:00:00',0,0,0,'',0,0,5,1,'',1,1,0,0,0,2,0,0,'{\"placeholder\":\"\",\"password\":\"0\",\"maxlength\":\"255\",\"disable\":\"0\",\"readonly\":\"0\",\"autocomplete\":\"1\",\"speech\":\"0\",\"advanced_behavior\":\"0\",\"bootstrap_class\":\"input-medium\",\"text_format\":\"text\",\"integer_length\":\"11\",\"decimal_length\":\"2\",\"field_use_number_format\":\"0\",\"field_thousand_sep\":\",\",\"field_decimal_sep\":\".\",\"text_format_string\":\"\",\"field_format_string_blank\":\"1\",\"text_input_mask\":\"\",\"text_input_mask_autoclear\":\"0\",\"text_input_mask_definitions\":\"\",\"render_as_qrcode\":\"0\",\"scan_qrcode\":\"0\",\"guess_linktype\":\"0\",\"link_target_options\":\"default\",\"rel\":\"\",\"link_title\":\"\",\"link_attributes\":\"\",\"show_in_rss_feed\":\"0\",\"show_label_in_rss_feed\":\"0\",\"use_as_rss_enclosure\":\"0\",\"rollover\":\"\",\"tipseval\":\"0\",\"tiplocation\":\"top-left\",\"labelindetails\":\"0\",\"labelinlist\":\"0\",\"comment\":\"\",\"edit_access\":\"1\",\"edit_access_user\":\"\",\"view_access\":\"1\",\"view_access_user\":\"\",\"list_view_access\":\"1\",\"encrypt\":\"0\",\"store_in_db\":\"1\",\"default_on_copy\":\"0\",\"can_order\":\"0\",\"alt_list_heading\":\"\",\"custom_link\":\"\",\"custom_link_target\":\"\",\"custom_link_indetails\":\"1\",\"use_as_row_class\":\"0\",\"include_in_list_query\":\"1\",\"always_render\":\"0\",\"icon_folder\":\"0\",\"icon_hovertext\":\"1\",\"icon_file\":\"\",\"icon_subdir\":\"\",\"filter_length\":\"20\",\"filter_access\":\"1\",\"full_words_only\":\"0\",\"filter_required\":\"0\",\"filter_build_method\":\"0\",\"filter_groupby\":\"text\",\"inc_in_adv_search\":\"1\",\"filter_class\":\"input-medium\",\"filter_responsive_class\":\"\",\"tablecss_header_class\":\"\",\"tablecss_header\":\"\",\"tablecss_cell_class\":\"\",\"tablecss_cell\":\"\",\"sum_on\":\"0\",\"sum_label\":\"Sum\",\"sum_access\":\"1\",\"sum_split\":\"\",\"avg_on\":\"0\",\"avg_label\":\"Average\",\"avg_access\":\"1\",\"avg_round\":\"0\",\"avg_split\":\"\",\"median_on\":\"0\",\"median_label\":\"Median\",\"median_access\":\"1\",\"median_split\":\"\",\"count_on\":\"0\",\"count_label\":\"Count\",\"count_condition\":\"\",\"count_access\":\"1\",\"count_split\":\"\",\"custom_calc_on\":\"0\",\"custom_calc_label\":\"Custom\",\"custom_calc_query\":\"\",\"custom_calc_access\":\"1\",\"custom_calc_split\":\"\",\"custom_calc_php\":\"\",\"validations\":[]}'),(18,'aggiornamento',2,'date','Aggiornamento',0,'0000-00-00 00:00:00','2025-08-25 19:51:06',609,'pierluigifreeedit','0000-00-00 00:00:00',0,0,0,'',0,0,6,1,'',1,1,0,0,0,2,0,0,'{\"bootstrap_class\":\"input-medium\",\"date_showtime\":\"1\",\"date_which_time_picker\":\"wicked\",\"date_show_seconds\":\"1\",\"date_24hour\":\"1\",\"bootstrap_time_class\":\"input-medium\",\"placeholder\":\"\",\"date_store_as_local\":\"0\",\"date_table_format\":\"Y-m-d H:i:s\",\"date_form_format\":\"Y-m-d\",\"date_defaulttotoday\":\"0\",\"date_alwaystoday\":\"0\",\"date_firstday\":\"0\",\"date_allow_typing_in_field\":\"1\",\"date_csv_offset_tz\":\"0\",\"date_advanced\":\"0\",\"date_allow_func\":\"\",\"date_allow_php_func\":\"\",\"date_observe\":\"\",\"show_in_rss_feed\":\"0\",\"show_label_in_rss_feed\":\"0\",\"use_as_rss_enclosure\":\"0\",\"rollover\":\"\",\"tipseval\":\"0\",\"tiplocation\":\"top-left\",\"labelindetails\":\"0\",\"labelinlist\":\"0\",\"comment\":\"\",\"edit_access\":\"1\",\"edit_access_user\":\"\",\"view_access\":\"1\",\"view_access_user\":\"\",\"list_view_access\":\"1\",\"encrypt\":\"0\",\"store_in_db\":\"1\",\"default_on_copy\":\"0\",\"can_order\":\"0\",\"alt_list_heading\":\"\",\"custom_link\":\"\",\"custom_link_target\":\"\",\"custom_link_indetails\":\"1\",\"use_as_row_class\":\"0\",\"include_in_list_query\":\"1\",\"always_render\":\"0\",\"icon_folder\":\"0\",\"icon_hovertext\":\"1\",\"icon_file\":\"\",\"icon_subdir\":\"\",\"filter_length\":\"20\",\"filter_access\":\"1\",\"full_words_only\":\"0\",\"filter_required\":\"0\",\"filter_build_method\":\"0\",\"filter_groupby\":\"text\",\"inc_in_adv_search\":\"1\",\"filter_class\":\"input-medium\",\"filter_responsive_class\":\"\",\"tablecss_header_class\":\"\",\"tablecss_header\":\"\",\"tablecss_cell_class\":\"\",\"tablecss_cell\":\"\",\"sum_on\":\"0\",\"sum_label\":\"Sum\",\"sum_access\":\"1\",\"sum_split\":\"\",\"avg_on\":\"0\",\"avg_label\":\"Average\",\"avg_access\":\"1\",\"avg_round\":\"0\",\"avg_split\":\"\",\"median_on\":\"0\",\"median_label\":\"Median\",\"median_access\":\"1\",\"median_split\":\"\",\"count_on\":\"0\",\"count_label\":\"Count\",\"count_condition\":\"\",\"count_access\":\"1\",\"count_split\":\"\",\"custom_calc_on\":\"0\",\"custom_calc_label\":\"Custom\",\"custom_calc_query\":\"\",\"custom_calc_access\":\"1\",\"custom_calc_split\":\"\",\"custom_calc_php\":\"\",\"validations\":[]}'),(19,'descrizione',2,'textarea','Descrizione',0,'0000-00-00 00:00:00','2025-08-25 19:51:23',609,'pierluigifreeedit','0000-00-00 00:00:00',0,0,0,'',0,0,7,1,'',1,1,0,0,0,2,0,0,'{\"bootstrap_class\":\"input-medium\",\"width\":\"40\",\"height\":\"6\",\"textarea_showlabel\":\"1\",\"textarea_placeholder\":\"\",\"use_wysiwyg\":\"0\",\"wysiwyg_extra_buttons\":\"1\",\"textarea_field_type\":\"TEXT\",\"textarea-showmax\":\"0\",\"textarea-maxlength\":\"255\",\"textarea_limit_type\":\"char\",\"textarea-tagify\":\"0\",\"textarea_tagifyurl\":\"\",\"textarea-truncate-where\":\"0\",\"textarea-truncate-html\":\"0\",\"textarea-truncate\":\"0\",\"textarea-hover\":\"1\",\"textarea_hover_location\":\"top\",\"show_in_rss_feed\":\"0\",\"show_label_in_rss_feed\":\"0\",\"use_as_rss_enclosure\":\"0\",\"rollover\":\"\",\"tipseval\":\"0\",\"tiplocation\":\"top-left\",\"labelindetails\":\"0\",\"labelinlist\":\"0\",\"comment\":\"\",\"edit_access\":\"1\",\"edit_access_user\":\"\",\"view_access\":\"1\",\"view_access_user\":\"\",\"list_view_access\":\"1\",\"encrypt\":\"0\",\"store_in_db\":\"1\",\"default_on_copy\":\"0\",\"can_order\":\"0\",\"alt_list_heading\":\"\",\"custom_link\":\"\",\"custom_link_target\":\"\",\"custom_link_indetails\":\"1\",\"use_as_row_class\":\"0\",\"include_in_list_query\":\"1\",\"always_render\":\"0\",\"icon_folder\":\"0\",\"icon_hovertext\":\"1\",\"icon_file\":\"\",\"icon_subdir\":\"\",\"filter_length\":\"20\",\"filter_access\":\"1\",\"full_words_only\":\"0\",\"filter_required\":\"0\",\"filter_build_method\":\"0\",\"filter_groupby\":\"text\",\"inc_in_adv_search\":\"1\",\"filter_class\":\"input-medium\",\"filter_responsive_class\":\"\",\"tablecss_header_class\":\"\",\"tablecss_header\":\"\",\"tablecss_cell_class\":\"\",\"tablecss_cell\":\"\",\"sum_on\":\"0\",\"sum_label\":\"Sum\",\"sum_access\":\"1\",\"sum_split\":\"\",\"avg_on\":\"0\",\"avg_label\":\"Average\",\"avg_access\":\"1\",\"avg_round\":\"0\",\"avg_split\":\"\",\"median_on\":\"0\",\"median_label\":\"Median\",\"median_access\":\"1\",\"median_split\":\"\",\"count_on\":\"0\",\"count_label\":\"Count\",\"count_condition\":\"\",\"count_access\":\"1\",\"count_split\":\"\",\"custom_calc_on\":\"0\",\"custom_calc_label\":\"Custom\",\"custom_calc_query\":\"\",\"custom_calc_access\":\"1\",\"custom_calc_split\":\"\",\"custom_calc_php\":\"\",\"validations\":[]}'),(20,'corsi',1,'databasejoin','Corsi',0,'0000-00-00 00:00:00','2025-08-25 19:53:07',609,'pierluigifreeedit','0000-00-00 00:00:00',0,0,0,'',0,0,13,1,'',1,1,0,0,0,2,0,0,'{\"database_join_display_type\":\"multilist\",\"join_conn_id\":\"1\",\"join_db_name\":\"corso\",\"join_key_column\":\"id\",\"join_val_column\":\"nome\",\"join_val_column_concat\":\"\",\"database_join_where_sql\":\"\",\"database_join_where_access\":\"1\",\"database_join_where_access_invert\":\"0\",\"database_join_where_when\":\"3\",\"databasejoin_where_ajax\":\"0\",\"databasejoin_where_ajax_on_load\":\"0\",\"databasejoin_where_ajax_default_eval\":\"\",\"database_join_filter_where_sql\":\"\",\"database_join_show_please_select\":\"1\",\"database_join_noselectionvalue\":\"\",\"database_join_noselectionlabel\":\"\",\"placeholder\":\"\",\"databasejoin_popupform\":\"\",\"fabrikdatabasejoin_frontend_add\":\"0\",\"join_popupwidth\":\"\",\"databasejoin_readonly_link\":\"0\",\"fabrikdatabasejoin_frontend_select\":\"0\",\"advanced_behavior\":\"0\",\"dbjoin_options_per_row\":\"4\",\"dbjoin_multiselect_max\":\"0\",\"dbjoin_multilist_size\":\"6\",\"dbjoin_autocomplete_size\":\"20\",\"dbjoin_autocomplete_rows\":\"10\",\"bootstrap_class\":\"input-large\",\"dabase_join_label_eval\":\"\",\"join_desc_column\":\"\",\"dbjoin_autocomplete_how\":\"contains\",\"clean_concat\":\"0\",\"show_in_rss_feed\":\"0\",\"show_label_in_rss_feed\":\"0\",\"use_as_rss_enclosure\":\"0\",\"rollover\":\"\",\"tipseval\":\"0\",\"tiplocation\":\"top-left\",\"labelindetails\":\"0\",\"labelinlist\":\"0\",\"comment\":\"\",\"edit_access\":\"1\",\"edit_access_user\":\"\",\"view_access\":\"1\",\"view_access_user\":\"\",\"list_view_access\":\"1\",\"encrypt\":\"0\",\"store_in_db\":\"1\",\"default_on_copy\":\"0\",\"can_order\":\"0\",\"alt_list_heading\":\"\",\"custom_link\":\"\",\"custom_link_target\":\"\",\"custom_link_indetails\":\"1\",\"use_as_row_class\":\"0\",\"include_in_list_query\":\"1\",\"always_render\":\"0\",\"icon_folder\":\"0\",\"icon_hovertext\":\"1\",\"icon_file\":\"\",\"icon_subdir\":\"\",\"filter_length\":\"20\",\"filter_access\":\"1\",\"full_words_only\":\"0\",\"filter_required\":\"0\",\"filter_build_method\":\"0\",\"filter_groupby\":\"text\",\"inc_in_adv_search\":\"1\",\"filter_class\":\"input-medium\",\"filter_responsive_class\":\"\",\"tablecss_header_class\":\"\",\"tablecss_header\":\"\",\"tablecss_cell_class\":\"\",\"tablecss_cell\":\"\",\"sum_on\":\"0\",\"sum_label\":\"Sum\",\"sum_access\":\"1\",\"sum_split\":\"\",\"avg_on\":\"0\",\"avg_label\":\"Average\",\"avg_access\":\"1\",\"avg_round\":\"0\",\"avg_split\":\"\",\"median_on\":\"0\",\"median_label\":\"Median\",\"median_access\":\"1\",\"median_split\":\"\",\"count_on\":\"0\",\"count_label\":\"Count\",\"count_condition\":\"\",\"count_access\":\"1\",\"count_split\":\"\",\"custom_calc_on\":\"0\",\"custom_calc_label\":\"Custom\",\"custom_calc_query\":\"\",\"custom_calc_access\":\"1\",\"custom_calc_split\":\"\",\"custom_calc_php\":\"\",\"validations\":[]}'),(21,'id',3,'internalid','id',0,'0000-00-00 00:00:00','2016-01-10 08:53:39',609,'pierluigifreeedit','0000-00-00 00:00:00',0,3,0,'',1,0,2,1,'',0,1,1,1,1,1,0,0,'{\"edit_access\":\"1\",\"view_access\":\"1\",\"list_view_access\":\"1\",\"filter_access\":\"1\",\"sum_access\":\"1\",\"avg_access\":\"1\",\"median_access\":\"1\",\"count_access\":\"1\",\"custom_calc_access\":\"1\"}'),(22,'date_time',3,'jdate','date_time',0,'0000-00-00 00:00:00','2016-01-10 08:53:39',609,'pierluigifreeedit','0000-00-00 00:00:00',0,0,0,'',1,0,1,1,'',1,1,1,0,0,1,0,0,'{\"bootstrap_class\":\"input-medium\",\"jdate_showtime\":\"1\",\"jdate_time_format\":\"H:i:s\",\"jdate_time_24\":\"1\",\"jdate_store_as_local\":\"0\",\"jdate_table_format\":\"Y-m-d H:i:s\",\"jdate_form_format\":\"Y-m-d\",\"jdate_defaulttotoday\":\"1\",\"jdate_alwaystoday\":\"0\",\"jdate_allow_typing_in_field\":\"1\",\"jdate_show_week_numbers\":\"0\",\"jdate_csv_offset_tz\":\"0\",\"show_in_rss_feed\":\"0\",\"show_label_in_rss_feed\":\"0\",\"use_as_rss_enclosure\":\"0\",\"rollover\":\"\",\"tipseval\":\"0\",\"tiplocation\":\"top-left\",\"labelindetails\":\"0\",\"labelinlist\":\"0\",\"comment\":\"\",\"edit_access\":\"1\",\"edit_access_user\":\"\",\"view_access\":\"1\",\"view_access_user\":\"\",\"list_view_access\":\"1\",\"encrypt\":\"0\",\"store_in_db\":\"1\",\"default_on_copy\":\"0\",\"can_order\":\"0\",\"alt_list_heading\":\"\",\"custom_link\":\"\",\"custom_link_target\":\"\",\"custom_link_indetails\":\"1\",\"use_as_row_class\":\"0\",\"include_in_list_query\":\"1\",\"always_render\":\"0\",\"icon_folder\":\"0\",\"icon_hovertext\":\"1\",\"icon_file\":\"\",\"icon_subdir\":\"\",\"filter_length\":\"20\",\"filter_access\":\"1\",\"full_words_only\":\"0\",\"filter_required\":\"0\",\"filter_build_method\":\"0\",\"filter_groupby\":\"text\",\"inc_in_adv_search\":\"1\",\"filter_class\":\"input-medium\",\"filter_responsive_class\":\"\",\"tablecss_header_class\":\"\",\"tablecss_header\":\"\",\"tablecss_cell_class\":\"\",\"tablecss_cell\":\"\",\"sum_on\":\"0\",\"sum_label\":\"Sum\",\"sum_access\":\"1\",\"sum_split\":\"\",\"avg_on\":\"0\",\"avg_label\":\"Average\",\"avg_access\":\"1\",\"avg_round\":\"0\",\"avg_split\":\"\",\"median_on\":\"0\",\"median_label\":\"Median\",\"median_access\":\"1\",\"median_split\":\"\",\"count_on\":\"0\",\"count_label\":\"Count\",\"count_condition\":\"\",\"count_access\":\"1\",\"count_split\":\"\",\"custom_calc_on\":\"0\",\"custom_calc_label\":\"Custom\",\"custom_calc_query\":\"\",\"custom_calc_access\":\"1\",\"custom_calc_split\":\"\",\"custom_calc_php\":\"\",\"validations\":[]}'),(23,'file_corso',2,'databasejoin','File corso',0,'0000-00-00 00:00:00','2025-08-26 15:03:55',609,'pierluigifreeedit','2025-08-26 15:12:34',609,0,0,'',0,0,8,1,'',1,1,0,0,0,2,0,0,'{\"database_join_display_type\":\"multilist\",\"join_conn_id\":\"1\",\"join_db_name\":\"file_corso\",\"join_key_column\":\"id\",\"join_val_column\":\"id\",\"join_val_column_concat\":\"\",\"database_join_where_sql\":\"\",\"database_join_where_access\":\"1\",\"database_join_where_access_invert\":\"0\",\"database_join_where_when\":\"3\",\"databasejoin_where_ajax\":\"0\",\"databasejoin_where_ajax_on_load\":\"0\",\"databasejoin_where_ajax_default_eval\":\"\",\"database_join_filter_where_sql\":\"\",\"database_join_show_please_select\":\"1\",\"database_join_noselectionvalue\":\"\",\"database_join_noselectionlabel\":\"\",\"placeholder\":\"\",\"databasejoin_popupform\":\"3\",\"fabrikdatabasejoin_frontend_add\":\"1\",\"join_popupwidth\":\"\",\"databasejoin_readonly_link\":\"0\",\"fabrikdatabasejoin_frontend_select\":\"0\",\"advanced_behavior\":\"0\",\"dbjoin_options_per_row\":\"4\",\"dbjoin_multiselect_max\":\"0\",\"dbjoin_multilist_size\":\"6\",\"dbjoin_autocomplete_size\":\"20\",\"dbjoin_autocomplete_rows\":\"10\",\"bootstrap_class\":\"input-large\",\"dabase_join_label_eval\":\"\",\"join_desc_column\":\"\",\"dbjoin_autocomplete_how\":\"contains\",\"clean_concat\":\"0\",\"show_in_rss_feed\":\"0\",\"show_label_in_rss_feed\":\"0\",\"use_as_rss_enclosure\":\"0\",\"rollover\":\"\",\"tipseval\":\"0\",\"tiplocation\":\"top-left\",\"labelindetails\":\"0\",\"labelinlist\":\"0\",\"comment\":\"\",\"edit_access\":\"1\",\"edit_access_user\":\"\",\"view_access\":\"1\",\"view_access_user\":\"\",\"list_view_access\":\"1\",\"encrypt\":\"0\",\"store_in_db\":\"1\",\"default_on_copy\":\"0\",\"can_order\":\"0\",\"alt_list_heading\":\"\",\"custom_link\":\"\",\"custom_link_target\":\"\",\"custom_link_indetails\":\"1\",\"use_as_row_class\":\"0\",\"include_in_list_query\":\"1\",\"always_render\":\"0\",\"icon_folder\":\"0\",\"icon_hovertext\":\"1\",\"icon_file\":\"\",\"icon_subdir\":\"\",\"filter_length\":\"20\",\"filter_access\":\"1\",\"full_words_only\":\"0\",\"filter_required\":\"0\",\"filter_build_method\":\"0\",\"filter_groupby\":\"text\",\"inc_in_adv_search\":\"1\",\"filter_class\":\"input-medium\",\"filter_responsive_class\":\"\",\"tablecss_header_class\":\"\",\"tablecss_header\":\"\",\"tablecss_cell_class\":\"\",\"tablecss_cell\":\"\",\"sum_on\":\"0\",\"sum_label\":\"Sum\",\"sum_access\":\"1\",\"sum_split\":\"\",\"avg_on\":\"0\",\"avg_label\":\"Average\",\"avg_access\":\"1\",\"avg_round\":\"0\",\"avg_split\":\"\",\"median_on\":\"0\",\"median_label\":\"Median\",\"median_access\":\"1\",\"median_split\":\"\",\"count_on\":\"0\",\"count_label\":\"Count\",\"count_condition\":\"\",\"count_access\":\"1\",\"count_split\":\"\",\"custom_calc_on\":\"0\",\"custom_calc_label\":\"Custom\",\"custom_calc_query\":\"\",\"custom_calc_access\":\"1\",\"custom_calc_split\":\"\",\"custom_calc_php\":\"\",\"validations\":[]}'),(24,'nome',3,'field','Nome',0,'0000-00-00 00:00:00','2025-08-26 15:04:46',609,'pierluigifreeedit','0000-00-00 00:00:00',0,0,0,'',0,0,3,1,'',1,1,0,0,0,2,0,0,'{\"placeholder\":\"\",\"password\":\"0\",\"maxlength\":\"255\",\"disable\":\"0\",\"readonly\":\"0\",\"autocomplete\":\"1\",\"speech\":\"0\",\"advanced_behavior\":\"0\",\"bootstrap_class\":\"input-medium\",\"text_format\":\"text\",\"integer_length\":\"11\",\"decimal_length\":\"2\",\"field_use_number_format\":\"0\",\"field_thousand_sep\":\",\",\"field_decimal_sep\":\".\",\"text_format_string\":\"\",\"field_format_string_blank\":\"1\",\"text_input_mask\":\"\",\"text_input_mask_autoclear\":\"0\",\"text_input_mask_definitions\":\"\",\"render_as_qrcode\":\"0\",\"scan_qrcode\":\"0\",\"guess_linktype\":\"0\",\"link_target_options\":\"default\",\"rel\":\"\",\"link_title\":\"\",\"link_attributes\":\"\",\"show_in_rss_feed\":\"0\",\"show_label_in_rss_feed\":\"0\",\"use_as_rss_enclosure\":\"0\",\"rollover\":\"\",\"tipseval\":\"0\",\"tiplocation\":\"top-left\",\"labelindetails\":\"0\",\"labelinlist\":\"0\",\"comment\":\"\",\"edit_access\":\"1\",\"edit_access_user\":\"\",\"view_access\":\"1\",\"view_access_user\":\"\",\"list_view_access\":\"1\",\"encrypt\":\"0\",\"store_in_db\":\"1\",\"default_on_copy\":\"0\",\"can_order\":\"0\",\"alt_list_heading\":\"\",\"custom_link\":\"\",\"custom_link_target\":\"\",\"custom_link_indetails\":\"1\",\"use_as_row_class\":\"0\",\"include_in_list_query\":\"1\",\"always_render\":\"0\",\"icon_folder\":\"0\",\"icon_hovertext\":\"1\",\"icon_file\":\"\",\"icon_subdir\":\"\",\"filter_length\":\"20\",\"filter_access\":\"1\",\"full_words_only\":\"0\",\"filter_required\":\"0\",\"filter_build_method\":\"0\",\"filter_groupby\":\"text\",\"inc_in_adv_search\":\"1\",\"filter_class\":\"input-medium\",\"filter_responsive_class\":\"\",\"tablecss_header_class\":\"\",\"tablecss_header\":\"\",\"tablecss_cell_class\":\"\",\"tablecss_cell\":\"\",\"sum_on\":\"0\",\"sum_label\":\"Sum\",\"sum_access\":\"1\",\"sum_split\":\"\",\"avg_on\":\"0\",\"avg_label\":\"Average\",\"avg_access\":\"1\",\"avg_round\":\"0\",\"avg_split\":\"\",\"median_on\":\"0\",\"median_label\":\"Median\",\"median_access\":\"1\",\"median_split\":\"\",\"count_on\":\"0\",\"count_label\":\"Count\",\"count_condition\":\"\",\"count_access\":\"1\",\"count_split\":\"\",\"custom_calc_on\":\"0\",\"custom_calc_label\":\"Custom\",\"custom_calc_query\":\"\",\"custom_calc_access\":\"1\",\"custom_calc_split\":\"\",\"custom_calc_php\":\"\",\"validations\":[]}'),(25,'file_corso',3,'fileupload','file corso',0,'0000-00-00 00:00:00','2025-08-26 15:06:52',609,'pierluigifreeedit','0000-00-00 00:00:00',0,0,0,'',0,0,4,1,'',1,1,0,0,0,2,0,0,'{\"ul_max_file_size\":\"32768\",\"ul_device_capture\":\"0\",\"ul_file_types\":\"\",\"ul_directory\":\"\\/images\\/\",\"ul_email_file\":\"0\",\"random_filename\":\"0\",\"length_random_filename\":\"\",\"ul_file_increment\":\"1\",\"upload_allow_folderselect\":\"0\",\"upload_delete_image\":\"1\",\"upload_use_wip\":\"0\",\"allow_unsafe\":\"0\",\"fu_clean_filename\":\"1\",\"fu_rename_file_code\":\"\",\"default_image\":\"\",\"make_link\":\"1\",\"fu_show_image_in_table\":\"1\",\"fu_show_image\":\"0\",\"fu_show_image_in_email\":\"1\",\"image_library\":\"value\",\"fu_main_max_width\":\"\",\"fu_main_max_height\":\"\",\"image_quality\":\"90\",\"fu_title_element\":\"\",\"fu_map_element\":\"\",\"restrict_lightbox\":\"1\",\"make_thumbnail\":\"0\",\"fu_make_pdf_thumb\":\"0\",\"thumb_dir\":\"images\\/stories\\/thumbs\",\"thumb_prefix\":\"\",\"thumb_suffix\":\"\",\"thumb_max_width\":\"200\",\"thumb_max_height\":\"100\",\"fileupload_crop\":\"0\",\"fileupload_crop_dir\":\"images\\/crop\\/\",\"fileupload_crop_width\":\"200\",\"fileupload_crop_height\":\"100\",\"win_width\":\"400\",\"win_height\":\"400\",\"fileupload_storage_type\":\"filesystemstorage\",\"fileupload_aws_accesskey\":\"\",\"fileupload_aws_secretkey\":\"\",\"fileupload_aws_location\":\"\",\"fileupload_ssl\":\"0\",\"fileupload_aws_encrypt\":\"0\",\"fileupload_aws_bucketname\":\"\",\"fileupload_s3_serverpath\":\"1\",\"fileupload_amazon_acl\":\"2\",\"fileupload_skip_check\":\"0\",\"fileupload_amazon_auth_url\":\"60\",\"ajax_upload\":\"0\",\"ajax_show_widget\":\"1\",\"ajax_runtime\":\"html5,html4\",\"ajax_max\":\"4\",\"ajax_dropbox_width\":\"400\",\"ajax_dropbox_height\":\"200\",\"ajax_chunk_size\":\"0\",\"fu_use_download_script\":\"0\",\"fu_open_in_browser\":\"1\",\"fu_force_download_script\":\"0\",\"fu_download_acl\":\"\",\"fu_download_noaccess_image\":\"\",\"fu_download_noaccess_url\":\"\",\"fu_download_access_image\":\"\",\"fu_download_hit_counter\":\"\",\"fu_download_log\":\"0\",\"fu_download_append\":\"0\",\"ul_export_encode_csv\":\"relative\",\"ul_export_encode_json\":\"relative\",\"show_in_rss_feed\":\"0\",\"show_label_in_rss_feed\":\"0\",\"use_as_rss_enclosure\":\"0\",\"rollover\":\"\",\"tipseval\":\"0\",\"tiplocation\":\"top-left\",\"labelindetails\":\"0\",\"labelinlist\":\"0\",\"comment\":\"\",\"edit_access\":\"1\",\"edit_access_user\":\"\",\"view_access\":\"1\",\"view_access_user\":\"\",\"list_view_access\":\"1\",\"encrypt\":\"0\",\"store_in_db\":\"1\",\"default_on_copy\":\"0\",\"can_order\":\"0\",\"alt_list_heading\":\"\",\"custom_link\":\"\",\"custom_link_target\":\"\",\"custom_link_indetails\":\"1\",\"use_as_row_class\":\"0\",\"include_in_list_query\":\"1\",\"always_render\":\"0\",\"icon_folder\":\"0\",\"icon_hovertext\":\"1\",\"icon_file\":\"\",\"icon_subdir\":\"\",\"filter_length\":\"20\",\"filter_access\":\"1\",\"full_words_only\":\"0\",\"filter_required\":\"0\",\"filter_build_method\":\"0\",\"filter_groupby\":\"text\",\"inc_in_adv_search\":\"1\",\"filter_class\":\"input-medium\",\"filter_responsive_class\":\"\",\"tablecss_header_class\":\"\",\"tablecss_header\":\"\",\"tablecss_cell_class\":\"\",\"tablecss_cell\":\"\",\"sum_on\":\"0\",\"sum_label\":\"Sum\",\"sum_access\":\"1\",\"sum_split\":\"\",\"avg_on\":\"0\",\"avg_label\":\"Average\",\"avg_access\":\"1\",\"avg_round\":\"0\",\"avg_split\":\"\",\"median_on\":\"0\",\"median_label\":\"Median\",\"median_access\":\"1\",\"median_split\":\"\",\"count_on\":\"0\",\"count_label\":\"Count\",\"count_condition\":\"\",\"count_access\":\"1\",\"count_split\":\"\",\"custom_calc_on\":\"0\",\"custom_calc_label\":\"Custom\",\"custom_calc_query\":\"\",\"custom_calc_access\":\"1\",\"custom_calc_split\":\"\",\"custom_calc_php\":\"\",\"validations\":[]}');

--
-- Table structure for table `ds_fabrik_form_sessions`
--

CREATE TABLE `ds_fabrik_form_sessions` (
  `id` int NOT NULL AUTO_INCREMENT,
  `hash` varchar(255) NOT NULL,
  `user_id` int NOT NULL,
  `form_id` int NOT NULL,
  `row_id` int NOT NULL,
  `last_page` int NOT NULL,
  `referring_url` varchar(255) NOT NULL,
  `data` mediumtext NOT NULL,
  `time_date` timestamp NOT NULL,
  PRIMARY KEY (`id`)
) ENGINE=InnoDB DEFAULT CHARSET=utf8mb3;

--
-- Dumping data for table `ds_fabrik_form_sessions`
--


--
-- Table structure for table `ds_fabrik_formgroup`
--

CREATE TABLE `ds_fabrik_formgroup` (
  `id` int NOT NULL AUTO_INCREMENT,
  `form_id` int NOT NULL,
  `group_id` int NOT NULL,
  `ordering` int NOT NULL,
  PRIMARY KEY (`id`),
  KEY `form_id_INDEX` (`form_id`),
  KEY `group_id_INDEX` (`group_id`),
  KEY `ordering_INDEX` (`ordering`)
) ENGINE=InnoDB AUTO_INCREMENT=4 DEFAULT CHARSET=utf8mb3;

--
-- Dumping data for table `ds_fabrik_formgroup`
--

INSERT INTO `ds_fabrik_formgroup` VALUES (1,1,1,1),(2,2,2,1),(3,3,3,1);

--
-- Table structure for table `ds_fabrik_forms`
--

CREATE TABLE `ds_fabrik_forms` (
  `id` int NOT NULL AUTO_INCREMENT,
  `label` varchar(255) NOT NULL,
  `record_in_database` int NOT NULL,
  `error` varchar(150) NOT NULL,
  `intro` text NOT NULL,
  `created` datetime NOT NULL,
  `created_by` int NOT NULL,
  `created_by_alias` varchar(100) NOT NULL,
  `modified` datetime NOT NULL,
  `modified_by` int NOT NULL,
  `checked_out` int NOT NULL,
  `checked_out_time` datetime NOT NULL,
  `publish_up` datetime DEFAULT NULL,
  `publish_down` datetime DEFAULT NULL,
  `reset_button_label` varchar(100) NOT NULL,
  `submit_button_label` varchar(100) NOT NULL,
  `form_template` varchar(255) DEFAULT NULL,
  `view_only_template` varchar(255) DEFAULT NULL,
  `published` int NOT NULL DEFAULT '0',
  `private` tinyint(1) NOT NULL DEFAULT '0',
  `params` text NOT NULL,
  PRIMARY KEY (`id`),
  KEY `published_INDEX` (`published`)
) ENGINE=InnoDB AUTO_INCREMENT=4 DEFAULT CHARSET=utf8mb3;

--
-- Dumping data for table `ds_fabrik_forms`
--

INSERT INTO `ds_fabrik_forms` VALUES (1,'Utenti',1,'','','0000-00-00 00:00:00',0,'','0000-00-00 00:00:00',0,0,'0000-00-00 00:00:00','2025-08-25 19:43:26','0000-00-00 00:00:00','Reset','Salva','','',1,0,'{\"outro\":\"\",\"copy_button\":\"0\",\"copy_button_label\":\"Save as copy\",\"copy_button_class\":\"\",\"copy_icon\":\"\",\"copy_icon_location\":\"before\",\"reset_button\":\"0\",\"reset_button_label\":\"Reset\",\"reset_button_class\":\"btn-warning\",\"reset_icon\":\"\",\"reset_icon_location\":\"before\",\"apply_button\":\"0\",\"apply_button_label\":\"Applica\",\"apply_button_class\":\"\",\"apply_icon\":\"\",\"apply_icon_location\":\"before\",\"goback_button\":\"0\",\"goback_button_label\":\"Indietro\",\"goback_button_class\":\"\",\"goback_icon\":\"\",\"goback_icon_location\":\"before\",\"submit_button\":\"1\",\"submit_button_label\":\"Salva\",\"save_button_class\":\"btn-primary\",\"save_icon\":\"\",\"save_icon_location\":\"before\",\"submit_on_enter\":\"0\",\"delete_button\":\"0\",\"delete_button_label\":\"Elimina\",\"delete_button_class\":\"btn-danger\",\"delete_icon\":\"\",\"delete_icon_location\":\"before\",\"ajax_validations\":\"0\",\"ajax_validations_toggle_submit\":\"0\",\"submit-success-msg\":\"\",\"suppress_msgs\":\"0\",\"show_loader_on_submit\":\"0\",\"spoof_check\":\"1\",\"multipage_save\":\"0\",\"note\":\"\",\"labels_above\":\"0\",\"labels_above_details\":\"0\",\"pdf_template\":\"\",\"pdf_orientation\":\"portrait\",\"pdf_size\":\"letter\",\"pdf_include_bootstrap\":\"1\",\"admin_form_template\":\"\",\"admin_details_template\":\"\",\"show-title\":\"1\",\"print\":\"\",\"email\":\"\",\"pdf\":\"\",\"show-referring-table-releated-data\":\"0\",\"tiplocation\":\"tip\",\"process-jplugins\":\"2\",\"plugins\":[],\"plugin_locations\":[],\"plugin_events\":[],\"plugin_description\":[]}'),(2,'Corso',1,'','','0000-00-00 00:00:00',0,'','0000-00-00 00:00:00',0,0,'0000-00-00 00:00:00','2025-08-25 19:49:09','0000-00-00 00:00:00','Reset','Salva','','',1,0,'{\"outro\":\"\",\"copy_button\":\"0\",\"copy_button_label\":\"Save as copy\",\"copy_button_class\":\"\",\"copy_icon\":\"\",\"copy_icon_location\":\"before\",\"reset_button\":\"0\",\"reset_button_label\":\"Reset\",\"reset_button_class\":\"btn-warning\",\"reset_icon\":\"\",\"reset_icon_location\":\"before\",\"apply_button\":\"0\",\"apply_button_label\":\"Applica\",\"apply_button_class\":\"\",\"apply_icon\":\"\",\"apply_icon_location\":\"before\",\"goback_button\":\"0\",\"goback_button_label\":\"Indietro\",\"goback_button_class\":\"\",\"goback_icon\":\"\",\"goback_icon_location\":\"before\",\"submit_button\":\"1\",\"submit_button_label\":\"Salva\",\"save_button_class\":\"btn-primary\",\"save_icon\":\"\",\"save_icon_location\":\"before\",\"submit_on_enter\":\"0\",\"delete_button\":\"0\",\"delete_button_label\":\"Elimina\",\"delete_button_class\":\"btn-danger\",\"delete_icon\":\"\",\"delete_icon_location\":\"before\",\"ajax_validations\":\"0\",\"ajax_validations_toggle_submit\":\"0\",\"submit-success-msg\":\"\",\"suppress_msgs\":\"0\",\"show_loader_on_submit\":\"0\",\"spoof_check\":\"1\",\"multipage_save\":\"0\",\"note\":\"\",\"labels_above\":\"0\",\"labels_above_details\":\"0\",\"pdf_template\":\"\",\"pdf_orientation\":\"portrait\",\"pdf_size\":\"letter\",\"pdf_include_bootstrap\":\"1\",\"admin_form_template\":\"\",\"admin_details_template\":\"\",\"show-title\":\"1\",\"print\":\"\",\"email\":\"\",\"pdf\":\"\",\"show-referring-table-releated-data\":\"0\",\"tiplocation\":\"tip\",\"process-jplugins\":\"2\",\"plugins\":[],\"plugin_locations\":[],\"plugin_events\":[],\"plugin_description\":[]}'),(3,'File Corso',1,'','','0000-00-00 00:00:00',0,'','0000-00-00 00:00:00',0,0,'0000-00-00 00:00:00','2025-08-26 15:02:01','0000-00-00 00:00:00','Reset','Salva','','',1,0,'{\"outro\":\"\",\"copy_button\":\"0\",\"copy_button_label\":\"Save as copy\",\"copy_button_class\":\"\",\"copy_icon\":\"\",\"copy_icon_location\":\"before\",\"reset_button\":\"0\",\"reset_button_label\":\"Reset\",\"reset_button_class\":\"btn-warning\",\"reset_icon\":\"\",\"reset_icon_location\":\"before\",\"apply_button\":\"0\",\"apply_button_label\":\"Applica\",\"apply_button_class\":\"\",\"apply_icon\":\"\",\"apply_icon_location\":\"before\",\"goback_button\":\"0\",\"goback_button_label\":\"Indietro\",\"goback_button_class\":\"\",\"goback_icon\":\"\",\"goback_icon_location\":\"before\",\"submit_button\":\"1\",\"submit_button_label\":\"Salva\",\"save_button_class\":\"btn-primary\",\"save_icon\":\"\",\"save_icon_location\":\"before\",\"submit_on_enter\":\"0\",\"delete_button\":\"0\",\"delete_button_label\":\"Elimina\",\"delete_button_class\":\"btn-danger\",\"delete_icon\":\"\",\"delete_icon_location\":\"before\",\"ajax_validations\":\"0\",\"ajax_validations_toggle_submit\":\"0\",\"submit-success-msg\":\"\",\"suppress_msgs\":\"0\",\"show_loader_on_submit\":\"0\",\"spoof_check\":\"1\",\"multipage_save\":\"0\",\"note\":\"\",\"labels_above\":\"0\",\"labels_above_details\":\"0\",\"pdf_template\":\"\",\"pdf_orientation\":\"portrait\",\"pdf_size\":\"letter\",\"pdf_include_bootstrap\":\"1\",\"admin_form_template\":\"\",\"admin_details_template\":\"\",\"show-title\":\"1\",\"print\":\"\",\"email\":\"\",\"pdf\":\"\",\"show-referring-table-releated-data\":\"0\",\"tiplocation\":\"tip\",\"process-jplugins\":\"2\",\"plugins\":[],\"plugin_locations\":[],\"plugin_events\":[],\"plugin_description\":[]}');

--
-- Table structure for table `ds_fabrik_groups`
--

CREATE TABLE `ds_fabrik_groups` (
  `id` int NOT NULL AUTO_INCREMENT,
  `name` varchar(100) NOT NULL,
  `css` text NOT NULL,
  `label` varchar(100) NOT NULL,
  `published` int NOT NULL DEFAULT '0',
  `created` datetime NOT NULL,
  `created_by` int NOT NULL,
  `created_by_alias` varchar(100) NOT NULL,
  `modified` datetime NOT NULL,
  `modified_by` int NOT NULL,
  `checked_out` int NOT NULL,
  `checked_out_time` datetime NOT NULL,
  `is_join` int NOT NULL DEFAULT '0',
  `private` tinyint(1) NOT NULL DEFAULT '0',
  `params` text NOT NULL,
  PRIMARY KEY (`id`),
  KEY `published_INDEX` (`published`)
) ENGINE=InnoDB AUTO_INCREMENT=4 DEFAULT CHARSET=utf8mb3;

--
-- Dumping data for table `ds_fabrik_groups`
--

INSERT INTO `ds_fabrik_groups` VALUES (1,'Utenti','','Utenti',1,'2025-08-25 19:43:26',609,'pierluigifreeedit','0000-00-00 00:00:00',0,0,'0000-00-00 00:00:00',0,0,'{\"split_page\":\"0\",\"list_view_and_query\":\"1\",\"access\":\"1\",\"intro\":\"\",\"outro\":\"\",\"repeat_group_button\":\"0\",\"repeat_template\":\"repeatgroup\",\"repeat_max\":\"\",\"repeat_min\":\"\",\"repeat_num_element\":\"\",\"repeat_sortable\":\"0\",\"repeat_order_element\":\"\",\"repeat_error_message\":\"\",\"repeat_no_data_message\":\"\",\"repeat_intro\":\"\",\"repeat_add_access\":\"1\",\"repeat_delete_access\":\"1\",\"repeat_delete_access_user\":\"\",\"repeat_copy_element_values\":\"0\",\"group_columns\":\"1\",\"group_column_widths\":\"\",\"repeat_group_show_first\":\"1\",\"random\":\"0\",\"labels_above\":\"-1\",\"labels_above_details\":\"-1\"}'),(2,'Corso','','Corso',1,'2025-08-25 19:49:09',609,'pierluigifreeedit','0000-00-00 00:00:00',0,0,'0000-00-00 00:00:00',0,0,'{\"repeat_group_button\":0,\"repeat_group_show_first\":1}'),(3,'File Corso','','File Corso',1,'2025-08-26 15:02:01',609,'pierluigifreeedit','0000-00-00 00:00:00',0,0,'0000-00-00 00:00:00',0,0,'{\"repeat_group_button\":0,\"repeat_group_show_first\":1}');

--
-- Table structure for table `ds_fabrik_joins`
--

CREATE TABLE `ds_fabrik_joins` (
  `id` int NOT NULL AUTO_INCREMENT,
  `list_id` int NOT NULL,
  `element_id` int NOT NULL,
  `join_from_table` varchar(255) NOT NULL,
  `table_join` varchar(255) NOT NULL,
  `table_key` varchar(255) NOT NULL,
  `table_join_key` varchar(255) NOT NULL,
  `join_type` varchar(255) NOT NULL,
  `group_id` int NOT NULL,
  `params` text NOT NULL,
  PRIMARY KEY (`id`),
  KEY `list_id_INDEX` (`list_id`),
  KEY `element_id_INDEX` (`element_id`),
  KEY `group_id_INDEX` (`group_id`),
  KEY `table_join_INDEX` (`table_join`(10))
) ENGINE=InnoDB AUTO_INCREMENT=3 DEFAULT CHARSET=utf8mb3;

--
-- Dumping data for table `ds_fabrik_joins`
--

INSERT INTO `ds_fabrik_joins` VALUES (1,1,20,'utenti','utenti_repeat_corsi','corsi','parent_id','left',0,'{\"type\":\"repeatElement\",\"pk\":\"`utenti_repeat_corsi`.`id`\"}'),(2,4,23,'corso','corso_repeat_file_corso','file_corso','parent_id','left',0,'{\"type\":\"repeatElement\",\"pk\":\"`corso_repeat_file_corso`.`id`\"}');

--
-- Table structure for table `ds_fabrik_jsactions`
--

CREATE TABLE `ds_fabrik_jsactions` (
  `id` int NOT NULL AUTO_INCREMENT,
  `element_id` int NOT NULL,
  `action` varchar(255) NOT NULL,
  `code` text NOT NULL,
  `params` text NOT NULL,
  PRIMARY KEY (`id`),
  KEY `element_id_INDEX` (`element_id`)
) ENGINE=InnoDB DEFAULT CHARSET=utf8mb3;

--
-- Dumping data for table `ds_fabrik_jsactions`
--


--
-- Table structure for table `ds_fabrik_lists`
--

CREATE TABLE `ds_fabrik_lists` (
  `id` int NOT NULL AUTO_INCREMENT,
  `label` varchar(255) NOT NULL,
  `introduction` text NOT NULL,
  `form_id` int NOT NULL,
  `db_table_name` varchar(255) NOT NULL,
  `db_primary_key` varchar(255) NOT NULL,
  `auto_inc` int NOT NULL,
  `connection_id` int NOT NULL,
  `created` datetime DEFAULT NULL,
  `created_by` int NOT NULL,
  `created_by_alias` varchar(255) NOT NULL,
  `modified` datetime DEFAULT NULL,
  `modified_by` int NOT NULL,
  `checked_out` int NOT NULL,
  `checked_out_time` datetime DEFAULT NULL,
  `published` int NOT NULL DEFAULT '0',
  `publish_up` datetime DEFAULT NULL,
  `publish_down` datetime DEFAULT NULL,
  `access` int NOT NULL,
  `hits` int NOT NULL,
  `rows_per_page` int NOT NULL,
  `template` varchar(255) NOT NULL,
  `order_by` varchar(255) NOT NULL,
  `order_dir` varchar(255) NOT NULL DEFAULT 'ASC',
  `filter_action` varchar(30) NOT NULL,
  `group_by` varchar(255) NOT NULL,
  `private` tinyint(1) NOT NULL DEFAULT '0',
  `params` text NOT NULL,
  PRIMARY KEY (`id`),
  KEY `form_id_INDEX` (`form_id`)
) ENGINE=InnoDB AUTO_INCREMENT=6 DEFAULT CHARSET=utf8mb3;

--
-- Dumping data for table `ds_fabrik_lists`
--

INSERT INTO `ds_fabrik_lists` VALUES (1,'Utenti','',1,'utenti','utenti.id',1,1,'0000-00-00 00:00:00',0,'','2025-08-26 11:30:22',609,0,'0000-00-00 00:00:00',1,'2025-08-26 11:30:22','0000-00-00 00:00:00',1,8,0,'bootstrap','[\"\"]','[\"ASC\"]','onchange','',0,'{\"show-table-filters\":\"1\",\"advanced-filter\":\"0\",\"advanced-filter-default-statement\":\"=\",\"search-mode\":\"0\",\"search-mode-advanced\":\"0\",\"search-mode-advanced-default\":\"all\",\"search_elements\":\"\",\"list_search_elements\":\"null\",\"search-all-label\":\"All\",\"require-filter\":\"0\",\"require-filter-msg\":\"\",\"filter-dropdown-method\":\"0\",\"toggle_cols\":\"0\",\"list_filter_cols\":\"1\",\"empty_data_msg\":\"Non ci sono record\",\"outro\":\"\",\"list_ajax\":\"0\",\"show-table-add\":\"1\",\"show-table-nav\":\"1\",\"show_displaynum\":\"1\",\"showall-records\":\"0\",\"show-total\":\"0\",\"sef-slug\":\"\",\"show-table-picker\":\"1\",\"admin_template\":\"\",\"show-title\":\"1\",\"pdf\":\"\",\"pdf_template\":\"\",\"pdf_orientation\":\"portrait\",\"pdf_size\":\"a4\",\"pdf_include_bootstrap\":\"1\",\"bootstrap_stripped_class\":\"1\",\"bootstrap_bordered_class\":\"0\",\"bootstrap_condensed_class\":\"0\",\"bootstrap_hover_class\":\"1\",\"responsive_elements\":\"\",\"responsive_class\":\"\",\"list_responsive_elements\":\"null\",\"tabs_field\":\"\",\"tabs_max\":\"10\",\"tabs_all\":\"1\",\"list_ajax_links\":\"0\",\"actionMethod\":\"default\",\"detailurl\":\"\",\"detaillabel\":\"\",\"list_detail_link_icon\":\"search\",\"list_detail_link_target\":\"_self\",\"editurl\":\"\",\"editlabel\":\"\",\"list_edit_link_icon\":\"edit\",\"checkboxLocation\":\"end\",\"addurl\":\"\",\"addlabel\":\"\",\"list_add_icon\":\"plus\",\"list_delete_icon\":\"delete\",\"popup_width\":\"\",\"popup_height\":\"\",\"popup_offset_x\":\"\",\"popup_offset_y\":\"\",\"note\":\"\",\"alter_existing_db_cols\":\"default\",\"process-jplugins\":\"1\",\"cloak_emails\":\"0\",\"enable_single_sorting\":\"default\",\"collation\":\"utf8mb4_0900_ai_ci\",\"force_collate\":\"\",\"list_disable_caching\":\"0\",\"distinct\":\"1\",\"group_by_raw\":\"1\",\"group_by_access\":\"1\",\"group_by_order\":\"\",\"group_by_template\":\"\",\"group_by_template_extra\":\"\",\"group_by_order_dir\":\"ASC\",\"group_by_start_collapsed\":\"0\",\"group_by_collapse_others\":\"0\",\"group_by_show_count\":\"1\",\"menu_module_prefilters_override\":\"1\",\"prefilter_query\":\"\",\"join-display\":\"default\",\"delete-joined-rows\":\"0\",\"show_related_add\":\"0\",\"show_related_info\":\"0\",\"rss\":\"0\",\"feed_title\":\"\",\"feed_date\":\"\",\"feed_image_src\":\"\",\"rsslimit\":\"150\",\"rsslimitmax\":\"2500\",\"csv_import_frontend\":\"3\",\"csv_export_frontend\":\"3\",\"csvfullname\":\"0\",\"csv_export_step\":\"100\",\"newline_csv_export\":\"nl2br\",\"csv_clean_html\":\"leave\",\"csv_multi_join_split\":\",\",\"csv_custom_qs\":\"\",\"csv_frontend_selection\":\"0\",\"incfilters\":\"0\",\"csv_format\":\"0\",\"csv_which_elements\":\"selected\",\"show_in_csv\":\"\",\"csv_elements\":\"null\",\"csv_include_data\":\"1\",\"csv_include_raw_data\":\"1\",\"csv_include_calculations\":\"0\",\"csv_filename\":\"\",\"csv_encoding\":\"\",\"csv_double_quote\":\"1\",\"csv_local_delimiter\":\"\",\"csv_end_of_line\":\"n\",\"open_archive_active\":\"0\",\"open_archive_set_spec\":\"\",\"open_archive_timestamp\":\"\",\"open_archive_license\":\"http:\\/\\/creativecommons.org\\/licenses\\/by-nd\\/2.0\\/rdf\",\"dublin_core_element\":\"\",\"dublin_core_type\":\"dc:description.abstract\",\"raw\":\"0\",\"open_archive_elements\":\"null\",\"search_use\":\"0\",\"search_title\":\"\",\"search_description\":\"\",\"search_date\":\"\",\"search_link_type\":\"details\",\"dashboard\":\"0\",\"dashboard_icon\":\"\",\"allow_view_details\":\"1\",\"allow_edit_details\":\"1\",\"allow_edit_details2\":\"\",\"allow_add\":\"1\",\"allow_delete\":\"1\",\"allow_delete2\":\"\",\"allow_drop\":\"3\",\"menu_access_only\":\"0\",\"isview\":\"0\"}'),(2,'Corso','',0,'','',1,1,'2025-08-25 19:48:22',0,'',NULL,0,0,'0000-00-00 00:00:00',-2,'2025-08-25 19:48:51','0000-00-00 00:00:00',2,0,10,'bootstrap','[]','[]','onchange','',0,'{\"show-table-filters\":\"1\",\"advanced-filter\":\"0\",\"advanced-filter-default-statement\":\"=\",\"search-mode\":\"0\",\"search-mode-advanced\":\"0\",\"search-mode-advanced-default\":\"all\",\"search_elements\":\"\",\"list_search_elements\":\"null\",\"search-all-label\":\"All\",\"require-filter\":\"0\",\"require-filter-msg\":\"\",\"filter-dropdown-method\":\"0\",\"toggle_cols\":\"0\",\"list_filter_cols\":\"1\",\"empty_data_msg\":\"\",\"outro\":\"\",\"list_ajax\":\"0\",\"show-table-add\":\"1\",\"show-table-nav\":\"1\",\"show_displaynum\":\"1\",\"showall-records\":\"0\",\"show-total\":\"0\",\"sef-slug\":\"\",\"show-table-picker\":\"1\",\"admin_template\":\"\",\"show-title\":\"1\",\"pdf\":\"\",\"pdf_template\":\"\",\"pdf_orientation\":\"portrait\",\"pdf_size\":\"a4\",\"pdf_include_bootstrap\":\"1\",\"bootstrap_stripped_class\":\"1\",\"bootstrap_bordered_class\":\"0\",\"bootstrap_condensed_class\":\"0\",\"bootstrap_hover_class\":\"1\",\"responsive_elements\":\"\",\"responsive_class\":\"\",\"list_responsive_elements\":\"null\",\"tabs_field\":\"\",\"tabs_max\":\"10\",\"tabs_all\":\"1\",\"list_ajax_links\":\"0\",\"actionMethod\":\"default\",\"detailurl\":\"\",\"detaillabel\":\"\",\"list_detail_link_icon\":\"search\",\"list_detail_link_target\":\"_self\",\"editurl\":\"\",\"editlabel\":\"\",\"list_edit_link_icon\":\"edit\",\"checkboxLocation\":\"end\",\"addurl\":\"\",\"addlabel\":\"\",\"list_add_icon\":\"plus\",\"list_delete_icon\":\"delete\",\"popup_width\":\"\",\"popup_height\":\"\",\"popup_offset_x\":\"\",\"popup_offset_y\":\"\",\"note\":\"\",\"alter_existing_db_cols\":\"default\",\"process-jplugins\":\"1\",\"cloak_emails\":\"0\",\"enable_single_sorting\":\"default\",\"collation\":\"utf8mb4_0900_ai_ci\",\"force_collate\":\"\",\"list_disable_caching\":\"0\",\"distinct\":\"1\",\"group_by_raw\":\"1\",\"group_by_access\":\"1\",\"group_by_order\":\"\",\"group_by_template\":\"\",\"group_by_template_extra\":\"\",\"group_by_order_dir\":\"ASC\",\"group_by_start_collapsed\":\"0\",\"group_by_collapse_others\":\"0\",\"group_by_show_count\":\"1\",\"menu_module_prefilters_override\":\"1\",\"prefilter_query\":\"\",\"show_related_add\":\"0\",\"show_related_info\":\"0\",\"rss\":\"0\",\"feed_title\":\"\",\"feed_date\":\"\",\"feed_image_src\":\"\",\"rsslimit\":\"150\",\"rsslimitmax\":\"2500\",\"csv_import_frontend\":\"3\",\"csv_export_frontend\":\"2\",\"csvfullname\":\"0\",\"csv_export_step\":\"100\",\"newline_csv_export\":\"nl2br\",\"csv_clean_html\":\"leave\",\"csv_multi_join_split\":\",\",\"csv_custom_qs\":\"\",\"csv_frontend_selection\":\"0\",\"incfilters\":\"0\",\"csv_format\":\"0\",\"csv_which_elements\":\"selected\",\"show_in_csv\":\"\",\"csv_elements\":\"null\",\"csv_include_data\":\"1\",\"csv_include_raw_data\":\"1\",\"csv_include_calculations\":\"0\",\"csv_filename\":\"\",\"csv_encoding\":\"\",\"csv_double_quote\":\"1\",\"csv_local_delimiter\":\"\",\"csv_end_of_line\":\"n\",\"open_archive_active\":\"0\",\"open_archive_set_spec\":\"\",\"open_archive_timestamp\":\"\",\"open_archive_license\":\"http:\\/\\/creativecommons.org\\/licenses\\/by-nd\\/2.0\\/rdf\",\"dublin_core_element\":\"\",\"dublin_core_type\":\"dc:description.abstract\",\"raw\":\"0\",\"open_archive_elements\":\"null\",\"search_use\":\"0\",\"search_title\":\"\",\"search_description\":\"\",\"search_date\":\"\",\"search_link_type\":\"details\",\"dashboard\":\"0\",\"dashboard_icon\":\"\",\"allow_view_details\":\"1\",\"allow_edit_details\":\"1\",\"allow_edit_details2\":\"\",\"allow_add\":\"1\",\"allow_delete\":\"2\",\"allow_delete2\":\"\",\"allow_drop\":\"3\",\"menu_access_only\":\"0\",\"isview\":\"\"}'),(3,'Corso','',0,'','',1,1,'2025-08-25 19:48:26',0,'',NULL,0,0,'0000-00-00 00:00:00',-2,'2025-08-25 19:48:42','0000-00-00 00:00:00',2,0,10,'bootstrap','[]','[]','onchange','',0,'{\"show-table-filters\":\"1\",\"advanced-filter\":\"0\",\"advanced-filter-default-statement\":\"=\",\"search-mode\":\"0\",\"search-mode-advanced\":\"0\",\"search-mode-advanced-default\":\"all\",\"search_elements\":\"\",\"list_search_elements\":\"null\",\"search-all-label\":\"All\",\"require-filter\":\"0\",\"require-filter-msg\":\"\",\"filter-dropdown-method\":\"0\",\"toggle_cols\":\"0\",\"list_filter_cols\":\"1\",\"empty_data_msg\":\"\",\"outro\":\"\",\"list_ajax\":\"0\",\"show-table-add\":\"1\",\"show-table-nav\":\"1\",\"show_displaynum\":\"1\",\"showall-records\":\"0\",\"show-total\":\"0\",\"sef-slug\":\"\",\"show-table-picker\":\"1\",\"admin_template\":\"\",\"show-title\":\"1\",\"pdf\":\"\",\"pdf_template\":\"\",\"pdf_orientation\":\"portrait\",\"pdf_size\":\"a4\",\"pdf_include_bootstrap\":\"1\",\"bootstrap_stripped_class\":\"1\",\"bootstrap_bordered_class\":\"0\",\"bootstrap_condensed_class\":\"0\",\"bootstrap_hover_class\":\"1\",\"responsive_elements\":\"\",\"responsive_class\":\"\",\"list_responsive_elements\":\"null\",\"tabs_field\":\"\",\"tabs_max\":\"10\",\"tabs_all\":\"1\",\"list_ajax_links\":\"0\",\"actionMethod\":\"default\",\"detailurl\":\"\",\"detaillabel\":\"\",\"list_detail_link_icon\":\"search\",\"list_detail_link_target\":\"_self\",\"editurl\":\"\",\"editlabel\":\"\",\"list_edit_link_icon\":\"edit\",\"checkboxLocation\":\"end\",\"addurl\":\"\",\"addlabel\":\"\",\"list_add_icon\":\"plus\",\"list_delete_icon\":\"delete\",\"popup_width\":\"\",\"popup_height\":\"\",\"popup_offset_x\":\"\",\"popup_offset_y\":\"\",\"note\":\"\",\"alter_existing_db_cols\":\"default\",\"process-jplugins\":\"1\",\"cloak_emails\":\"0\",\"enable_single_sorting\":\"default\",\"collation\":\"utf8mb4_0900_ai_ci\",\"force_collate\":\"\",\"list_disable_caching\":\"0\",\"distinct\":\"1\",\"group_by_raw\":\"1\",\"group_by_access\":\"1\",\"group_by_order\":\"\",\"group_by_template\":\"\",\"group_by_template_extra\":\"\",\"group_by_order_dir\":\"ASC\",\"group_by_start_collapsed\":\"0\",\"group_by_collapse_others\":\"0\",\"group_by_show_count\":\"1\",\"menu_module_prefilters_override\":\"1\",\"prefilter_query\":\"\",\"show_related_add\":\"0\",\"show_related_info\":\"0\",\"rss\":\"0\",\"feed_title\":\"\",\"feed_date\":\"\",\"feed_image_src\":\"\",\"rsslimit\":\"150\",\"rsslimitmax\":\"2500\",\"csv_import_frontend\":\"3\",\"csv_export_frontend\":\"2\",\"csvfullname\":\"0\",\"csv_export_step\":\"100\",\"newline_csv_export\":\"nl2br\",\"csv_clean_html\":\"leave\",\"csv_multi_join_split\":\",\",\"csv_custom_qs\":\"\",\"csv_frontend_selection\":\"0\",\"incfilters\":\"0\",\"csv_format\":\"0\",\"csv_which_elements\":\"selected\",\"show_in_csv\":\"\",\"csv_elements\":\"null\",\"csv_include_data\":\"1\",\"csv_include_raw_data\":\"1\",\"csv_include_calculations\":\"0\",\"csv_filename\":\"\",\"csv_encoding\":\"\",\"csv_double_quote\":\"1\",\"csv_local_delimiter\":\"\",\"csv_end_of_line\":\"n\",\"open_archive_active\":\"0\",\"open_archive_set_spec\":\"\",\"open_archive_timestamp\":\"\",\"open_archive_license\":\"http:\\/\\/creativecommons.org\\/licenses\\/by-nd\\/2.0\\/rdf\",\"dublin_core_element\":\"\",\"dublin_core_type\":\"dc:description.abstract\",\"raw\":\"0\",\"open_archive_elements\":\"null\",\"search_use\":\"0\",\"search_title\":\"\",\"search_description\":\"\",\"search_date\":\"\",\"search_link_type\":\"details\",\"dashboard\":\"0\",\"dashboard_icon\":\"\",\"allow_view_details\":\"1\",\"allow_edit_details\":\"1\",\"allow_edit_details2\":\"\",\"allow_add\":\"1\",\"allow_delete\":\"2\",\"allow_delete2\":\"\",\"allow_drop\":\"3\",\"menu_access_only\":\"0\",\"isview\":\"\"}'),(4,'Corso','',2,'corso','corso.id',1,1,'0000-00-00 00:00:00',0,'',NULL,0,0,NULL,1,NULL,NULL,1,1,0,'','','ASC','','',0,'{\"advanced-filter\":0,\"show-table-nav\":1,\"show-table-filters\":1,\"show-table-add\":1,\"require-filter\":0,\"admin_template\":\"admin\",\"detaillink\":0,\"empty_data_msg\":\"Non ci sono record\",\"pdf\":\"\",\"rss\":0,\"feed_title\":\"\",\"feed_date\":\"\",\"rsslimit\":150,\"rsslimitmax\":2500,\"csv_import_frontend\":3,\"csv_export_frontend\":3,\"csvfullname\":0,\"access\":1,\"allow_view_details\":1,\"allow_edit_details\":1,\"allow_add\":1,\"allow_delete\":1,\"group_by_order\":\"\",\"group_by_order_dir\":\"ASC\",\"prefilter_query\":\"\"}'),(5,'File Corso','',3,'file_corso','file_corso.id',1,1,'0000-00-00 00:00:00',0,'',NULL,0,0,NULL,1,NULL,NULL,1,0,0,'','','ASC','','',0,'{\"advanced-filter\":0,\"show-table-nav\":1,\"show-table-filters\":1,\"show-table-add\":1,\"require-filter\":0,\"admin_template\":\"admin\",\"detaillink\":0,\"empty_data_msg\":\"Non ci sono record\",\"pdf\":\"\",\"rss\":0,\"feed_title\":\"\",\"feed_date\":\"\",\"rsslimit\":150,\"rsslimitmax\":2500,\"csv_import_frontend\":3,\"csv_export_frontend\":3,\"csvfullname\":0,\"access\":1,\"allow_view_details\":1,\"allow_edit_details\":1,\"allow_add\":1,\"allow_delete\":1,\"group_by_order\":\"\",\"group_by_order_dir\":\"ASC\",\"prefilter_query\":\"\"}');

--
-- Table structure for table `ds_fabrik_log`
--

CREATE TABLE `ds_fabrik_log` (
  `id` int NOT NULL AUTO_INCREMENT,
  `timedate_created` timestamp NOT NULL DEFAULT CURRENT_TIMESTAMP,
  `flag` smallint NOT NULL,
  `referring_url` varchar(255) NOT NULL,
  `message_source` varchar(255) NOT NULL,
  `message_type` char(60) NOT NULL,
  `message` text NOT NULL,
  PRIMARY KEY (`id`)
) ENGINE=InnoDB DEFAULT CHARSET=utf8mb3;

--
-- Dumping data for table `ds_fabrik_log`
--


--
-- Table structure for table `ds_fabrik_notification`
--

CREATE TABLE `ds_fabrik_notification` (
  `id` int NOT NULL AUTO_INCREMENT,
  `reference` varchar(50) NOT NULL COMMENT 'listid.formid.rowid reference',
  `user_id` int NOT NULL,
  `reason` varchar(40) NOT NULL,
  PRIMARY KEY (`id`),
  UNIQUE KEY `uniquereason` (`user_id`,`reason`(20),`reference`)
) ENGINE=InnoDB DEFAULT CHARSET=utf8mb4 COLLATE=utf8mb4_0900_ai_ci;

--
-- Dumping data for table `ds_fabrik_notification`
--


--
-- Table structure for table `ds_fabrik_notification_event`
--

CREATE TABLE `ds_fabrik_notification_event` (
  `id` int NOT NULL AUTO_INCREMENT,
  `reference` varchar(50) NOT NULL COMMENT 'listid.formid.rowid reference',
  `event` varchar(255) NOT NULL,
  `user_id` int NOT NULL,
  `date_time` datetime NOT NULL,
  PRIMARY KEY (`id`)
) ENGINE=InnoDB DEFAULT CHARSET=utf8mb4 COLLATE=utf8mb4_0900_ai_ci;

--
-- Dumping data for table `ds_fabrik_notification_event`
--


--
-- Table structure for table `ds_fabrik_notification_event_sent`
--

CREATE TABLE `ds_fabrik_notification_event_sent` (
  `id` int NOT NULL AUTO_INCREMENT,
  `notification_event_id` int NOT NULL,
  `user_id` int NOT NULL,
  `date_sent` timestamp NOT NULL DEFAULT CURRENT_TIMESTAMP,
  `sent` tinyint(1) NOT NULL DEFAULT '0',
  PRIMARY KEY (`id`),
  UNIQUE KEY `user_notified` (`notification_event_id`,`user_id`)
) ENGINE=InnoDB DEFAULT CHARSET=utf8mb4 COLLATE=utf8mb4_0900_ai_ci;

--
-- Dumping data for table `ds_fabrik_notification_event_sent`
--


--
-- Table structure for table `ds_fabrik_packages`
--

CREATE TABLE `ds_fabrik_packages` (
  `id` int NOT NULL AUTO_INCREMENT,
  `external_ref` varchar(255) NOT NULL,
  `label` varchar(255) NOT NULL,
  `component_name` varchar(100) NOT NULL,
  `version` varchar(10) NOT NULL,
  `published` tinyint(1) NOT NULL,
  `checked_out` int NOT NULL,
  `checked_out_time` datetime DEFAULT NULL,
  `created` datetime NOT NULL,
  `modified` datetime NOT NULL,
  `modified_by` int NOT NULL,
  `template` varchar(255) NOT NULL,
  `params` text NOT NULL,
  PRIMARY KEY (`id`)
) ENGINE=InnoDB DEFAULT CHARSET=utf8mb3;

--
-- Dumping data for table `ds_fabrik_packages`
--


--
-- Table structure for table `ds_fabrik_privacy`
--

CREATE TABLE `ds_fabrik_privacy` (
  `id` int NOT NULL AUTO_INCREMENT,
  `date_time` datetime DEFAULT NULL,
  `list_id` int NOT NULL,
  `form_id` int NOT NULL,
  `row_id` int NOT NULL,
  `user_id` int NOT NULL,
  `consent_message` text NOT NULL,
  `update_record` tinyint(1) NOT NULL,
  `ip` varchar(100) NOT NULL,
  `newsletter_engine` varchar(50) DEFAULT NULL,
  `sublist_id` int NOT NULL,
  `subid` int NOT NULL,
  PRIMARY KEY (`id`)
) ENGINE=InnoDB DEFAULT CHARSET=utf8mb4 COLLATE=utf8mb4_0900_ai_ci;

--
-- Dumping data for table `ds_fabrik_privacy`
--


--
-- Table structure for table `ds_fabrik_ratings`
--

CREATE TABLE `ds_fabrik_ratings` (
  `user_id` varchar(40) NOT NULL,
  `listid` int NOT NULL,
  `formid` int NOT NULL,
  `row_id` int NOT NULL,
  `rating` int NOT NULL,
  `date_created` datetime NOT NULL,
  `element_id` int NOT NULL,
  PRIMARY KEY (`user_id`,`listid`,`formid`,`row_id`,`element_id`)
) ENGINE=InnoDB DEFAULT CHARSET=utf8mb4 COLLATE=utf8mb4_0900_ai_ci;

--
-- Dumping data for table `ds_fabrik_ratings`
--


--
-- Table structure for table `ds_fabrik_thumbs`
--

CREATE TABLE `ds_fabrik_thumbs` (
  `user_id` varchar(40) NOT NULL,
  `listid` int NOT NULL,
  `formid` int NOT NULL,
  `row_id` int NOT NULL,
  `thumb` varchar(255) NOT NULL,
  `date_created` datetime NOT NULL,
  `element_id` int NOT NULL,
  `special` varchar(30) NOT NULL,
  PRIMARY KEY (`user_id`,`listid`,`formid`,`row_id`,`element_id`,`special`)
) ENGINE=InnoDB DEFAULT CHARSET=utf8mb4 COLLATE=utf8mb4_0900_ai_ci;

--
-- Dumping data for table `ds_fabrik_thumbs`
--


--
-- Table structure for table `ds_fabrik_validations`
--

CREATE TABLE `ds_fabrik_validations` (
  `id` int NOT NULL AUTO_INCREMENT,
  `element_id` int NOT NULL,
  `validation_plugin` varchar(100) NOT NULL,
  `message` varchar(255) DEFAULT NULL,
  `client_side_validation` int NOT NULL DEFAULT '0',
  `checked_out` int NOT NULL,
  `checked_out_time` datetime DEFAULT NULL,
  `params` text NOT NULL,
  PRIMARY KEY (`id`)
) ENGINE=InnoDB DEFAULT CHARSET=utf8mb3;

--
-- Dumping data for table `ds_fabrik_validations`
--


--
-- Table structure for table `ds_fabrik_visualizations`
--

CREATE TABLE `ds_fabrik_visualizations` (
  `id` int NOT NULL AUTO_INCREMENT,
  `plugin` varchar(100) NOT NULL,
  `label` varchar(255) NOT NULL,
  `intro_text` text NOT NULL,
  `created` datetime NOT NULL,
  `created_by` int NOT NULL,
  `created_by_alias` varchar(100) NOT NULL,
  `modified` datetime NOT NULL,
  `modified_by` int NOT NULL,
  `checked_out` int NOT NULL,
  `checked_out_time` datetime NOT NULL,
  `publish_up` datetime NOT NULL,
  `publish_down` datetime NOT NULL,
  `published` int NOT NULL,
  `access` int NOT NULL,
  `params` text NOT NULL,
  PRIMARY KEY (`id`)
) ENGINE=InnoDB DEFAULT CHARSET=utf8mb3;

--
-- Dumping data for table `ds_fabrik_visualizations`
--


--
-- Table structure for table `ds_fields`
--

CREATE TABLE `ds_fields` (
  `id` int unsigned NOT NULL AUTO_INCREMENT,
  `asset_id` int unsigned NOT NULL DEFAULT '0',
  `context` varchar(255) CHARACTER SET utf8mb4 COLLATE utf8mb4_unicode_ci NOT NULL DEFAULT '',
  `group_id` int unsigned NOT NULL DEFAULT '0',
  `title` varchar(255) CHARACTER SET utf8mb4 COLLATE utf8mb4_unicode_ci NOT NULL DEFAULT '',
  `name` varchar(255) CHARACTER SET utf8mb4 COLLATE utf8mb4_unicode_ci NOT NULL DEFAULT '',
  `label` varchar(255) CHARACTER SET utf8mb4 COLLATE utf8mb4_unicode_ci NOT NULL DEFAULT '',
  `default_value` text CHARACTER SET utf8mb4 COLLATE utf8mb4_unicode_ci,
  `type` varchar(255) CHARACTER SET utf8mb4 COLLATE utf8mb4_unicode_ci NOT NULL DEFAULT 'text',
  `note` varchar(255) CHARACTER SET utf8mb4 COLLATE utf8mb4_unicode_ci NOT NULL DEFAULT '',
  `description` text CHARACTER SET utf8mb4 COLLATE utf8mb4_unicode_ci NOT NULL,
  `state` tinyint(1) NOT NULL DEFAULT '0',
  `required` tinyint(1) NOT NULL DEFAULT '0',
  `checked_out` int NOT NULL DEFAULT '0',
  `checked_out_time` datetime NOT NULL DEFAULT '0000-00-00 00:00:00',
  `ordering` int NOT NULL DEFAULT '0',
  `params` text CHARACTER SET utf8mb4 COLLATE utf8mb4_unicode_ci NOT NULL,
  `fieldparams` text CHARACTER SET utf8mb4 COLLATE utf8mb4_unicode_ci NOT NULL,
  `language` char(7) CHARACTER SET utf8mb4 COLLATE utf8mb4_unicode_ci NOT NULL DEFAULT '',
  `created_time` datetime NOT NULL DEFAULT '0000-00-00 00:00:00',
  `created_user_id` int unsigned NOT NULL DEFAULT '0',
  `modified_time` datetime NOT NULL DEFAULT '0000-00-00 00:00:00',
  `modified_by` int unsigned NOT NULL DEFAULT '0',
  `access` int NOT NULL DEFAULT '1',
  PRIMARY KEY (`id`),
  KEY `idx_checkout` (`checked_out`),
  KEY `idx_state` (`state`),
  KEY `idx_created_user_id` (`created_user_id`),
  KEY `idx_access` (`access`),
  KEY `idx_context` (`context`(191)),
  KEY `idx_language` (`language`)
) ENGINE=InnoDB AUTO_INCREMENT=16 DEFAULT CHARSET=utf8mb4 COLLATE=utf8mb4_unicode_ci;

--
-- Dumping data for table `ds_fields`
--

INSERT INTO `ds_fields` VALUES (9,171,'com_content.article',3,'Lingua','lingua','{lang it}Lingua{/lang}{lang en}Language{/lang}{lang fr}Langue{/lang}{lang de}Sprache{/lang}{lang es}Idioma{/lang}','','list','','',1,1,0,'0000-00-00 00:00:00',7,'{\"class\":\"\",\"label_class\":\"\",\"show_on\":\"\",\"render_class\":\"\",\"showlabel\":\"1\",\"label_render_class\":\"\",\"display\":\"2\",\"layout\":\"\",\"display_readonly\":\"2\",\"content_filter\":\"checkboxes\",\"filter_layout\":\"\",\"field_hidden\":\"1\",\"options_hidden\":\"1\"}','{\"multiple\":1,\"options\":{\"options0\":{\"name\":\"Italiano\",\"value\":\"IT\"},\"options1\":{\"name\":\"English\",\"value\":\"EN\"},\"options2\":{\"name\":\"Espa\\u00f1ol\",\"value\":\"ES\"},\"options3\":{\"name\":\"Fran\\u00e7ais\",\"value\":\"FR\"},\"options4\":{\"name\":\"Deutsche\",\"value\":\"DE\"}}}','*','2021-03-04 15:20:34',435,'2021-04-29 16:11:41',435,2),(10,172,'com_content.article',3,'Tipo di documento','tipo-documento','{lang it}Tipo di documento{/lang}{lang en}Type of document{/lang}{lang fr}Type de document{/lang}{lang de}Art des Dokumentes{/lang}{lang es}Tipo de documento{/lang}','','list','','',1,1,0,'0000-00-00 00:00:00',6,'{\"class\":\"\",\"label_class\":\"\",\"show_on\":\"\",\"render_class\":\"\",\"showlabel\":\"1\",\"label_render_class\":\"\",\"display\":\"2\",\"layout\":\"\",\"display_readonly\":\"2\",\"content_filter\":\"list\",\"filter_layout\":\"\",\"field_hidden\":\"1\",\"options_hidden\":\"1\"}','{\"multiple\":0,\"options\":{\"options0\":{\"name\":\" {lang it}Manuali officina{\\/lang}{lang en}Workshop manuals{\\/lang}{lang fr}Manuels d\\u2019atelier{\\/lang}{lang de}Werkstatthandb\\u00fccher{\\/lang}{lang es}Manuales de taller{\\/lang}\",\"value\":\"MAN1\"},\"options1\":{\"name\":\"{lang it}Promemoria uso{\\/lang}{lang en}Memo use{\\/lang}{lang fr}Rappel d\\u2019utilisation {\\/lang}{lang de}Notiz Verwendung{\\/lang}{lang es}Nota de uso{\\/lang}\",\"value\":\"MAN2\"},\"options2\":{\"name\":\"{lang it}Uso e manutenzione{\\/lang}{lang en}Use and maintenance{\\/lang}{lang fr}Utilisation et entretien{\\/lang}{lang de}Gebrauch und Wartung{\\/lang}{lang es}Uso y mantenimiento{\\/lang}\",\"value\":\"MAN3\"}}}','*','2021-03-04 15:44:22',437,'2021-06-04 15:22:52',435,2),(11,173,'com_content.article',3,'Gamma','gamma','{lang it}Gamma{/lang}{lang en}Range{/lang}{lang fr}Gammes{/lang}{lang de}Baureihe{/lang}{lang es}Gama{/lang}','','list','','',1,1,0,'0000-00-00 00:00:00',1,'{\"class\":\"\",\"label_class\":\"\",\"show_on\":\"\",\"render_class\":\"\",\"value_render_class\":\"\",\"showlabel\":\"1\",\"label_render_class\":\"\",\"display\":\"2\",\"layout\":\"\",\"display_readonly\":\"2\",\"content_filter\":\"list\",\"filter_layout\":\"\",\"field_hidden\":\"1\",\"options_hidden\":\"1\"}','{\"multiple\":\"\",\"options\":{\"options0\":{\"name\":\"{lang it}Stradali{\\/lang}{lang en}Road{\\/lang}{lang fr}Voirie{\\/lang}{lang de}Stra\\u00dfenkehrmaschinen{\\/lang}{lang es}Viales{\\/lang}\",\"value\":\"GAMMA1\"},\"options1\":{\"name\":\"{lang it}Industriali{\\/lang}{lang en}Industrial{\\/lang}{lang fr}Industrie{\\/lang}{lang de}Industrielle Kehrmaschinen{\\/lang}{lang es}Industriales{\\/lang}\",\"value\":\"GAMMA2\"},\"options2\":{\"name\":\"{lang it}Lavapavimenti{\\/lang}{lang en}Scrubber{\\/lang}{lang fr}Autolaveuses{\\/lang}{lang de}Scheuersaugmaschinen{\\/lang}{lang es}Fregadoras de suelos{\\/lang}\",\"value\":\"GAMMA3\"}}}','*','2021-03-04 16:06:32',435,'2022-03-29 07:12:56',435,2),(12,174,'com_content.article',3,'Modello','modello','{lang it}Modello (serie){/lang}{lang en}Model (series){/lang}{lang fr}Modèle (série){/lang}{lang de}Modell (Serie){/lang}{lang es}Modelo (serie){/lang}','','list','','etichetta',1,1,0,'0000-00-00 00:00:00',2,'{\"class\":\"\",\"label_class\":\"\",\"show_on\":\"\",\"render_class\":\"\",\"value_render_class\":\"\",\"showlabel\":\"1\",\"label_render_class\":\"\",\"display\":\"2\",\"layout\":\"\",\"display_readonly\":\"2\",\"content_filter\":\"list\",\"filter_layout\":\"\",\"field_hidden\":\"1\",\"options_hidden\":\"1\"}','{\"multiple\":1,\"options\":{\"options0\":{\"name\":\"7500\",\"value\":\"7500\"},\"options1\":{\"name\":\"DT7-DT8\",\"value\":\"DT7-DT8\"},\"options2\":{\"name\":\"7000 Vacuum\",\"value\":\"7000 Vacuum\"},\"options3\":{\"name\":\"D6 EURO6C\",\"value\":\"D6\"},\"options4\":{\"name\":\"D6 EURO6E\",\"value\":\"D6 EURO6E\"},\"options5\":{\"name\":\"D6 TIER4 - for CANADA market\",\"value\":\"D6 TIER4 - for CANADA market\"},\"options6\":{\"name\":\"D6 TIER4 - for USA market\",\"value\":\"D6 TIER4\"},\"options7\":{\"name\":\"D6 BLUE\",\"value\":\"D6 BLUE\"},\"options297\":{\"name\":\"D6 VELOCE\",\"value\":\"D6 VELOCE\"},\"options8\":{\"name\":\"6000 EURO6A\",\"value\":\"6000 EURO6A\"},\"options9\":{\"name\":\"6000 EURO6C\",\"value\":\"6000 EURO6C\"},\"options10\":{\"name\":\"6000 EURO6E \",\"value\":\"6000 EURO6E \"},\"options11\":{\"name\":\"6000 EU5\",\"value\":\"6000 EU5\"},\"options12\":{\"name\":\"6000 EU4\",\"value\":\"6000 EU4\"},\"options13\":{\"name\":\"6000 TIER3\",\"value\":\"6000 TIER3\"},\"options14\":{\"name\":\"6000 TIER3 - for USA market\",\"value\":\"6000 TIER3 - for USA market\"},\"options15\":{\"name\":\"6000 TIER3 (vers. HD) - for USA market\",\"value\":\"6000 TIER3 (vers. HD) - for USA market\"},\"options16\":{\"name\":\"6000 TIER4\",\"value\":\"6000 TIER4\"},\"options17\":{\"name\":\"6000 TIER4 - for USA market\",\"value\":\"6000 TIER4 - for USA market\"},\"options18\":{\"name\":\"6000 COMBI EURO6A\",\"value\":\"6000 COMBI EURO6A\"},\"options19\":{\"name\":\"6000 Combi EURO6C\",\"value\":\"6000 Combi EURO6C\"},\"options20\":{\"name\":\"6000 Combi EU4\",\"value\":\"6000 Combi EU4\"},\"options21\":{\"name\":\"6000 CNG EURO6C\",\"value\":\"6000 CNG EURO6C\"},\"options22\":{\"name\":\"6000 CNG EURO5\",\"value\":\"6000 CNG EURO5\"},\"options23\":{\"name\":\"6000 HYDRO CNG EURO6C\",\"value\":\"6000 HYDRO CNG\"},\"options24\":{\"name\":\"6000 HYDRO EURO6A\",\"value\":\"6000 HYDRO EURO6\"},\"options25\":{\"name\":\"6000 HYDRO EURO6C\",\"value\":\"6000 HYDRO EURO6C\"},\"options26\":{\"name\":\"6000 ({lang it}attrezzature invernali{\\/lang}{lang en}winter equipment{\\/lang}{lang es}equipos invernales {\\/lang}{lang fr}\\u00e9quipements hivernals {\\/lang}{lang de} Winterausr\\u00fcstung {\\/lang})\",\"value\":\"6000 (attrezzature invernali)\"},\"options27\":{\"name\":\"5000 Veloce EURO6E\",\"value\":\"5000 Veloce EURO6E\"},\"options28\":{\"name\":\"5000 Veloce EURO6D\",\"value\":\"5000 Veloce EURO6D\"},\"options29\":{\"name\":\"5000 Veloce EURO6C\",\"value\":\"5000 Veloce EURO6C\"},\"options30\":{\"name\":\"5000 Veloce EURO6A\",\"value\":\"5000 Veloce EURO6A\"},\"options31\":{\"name\":\"5000 Veloce EURO5\",\"value\":\"5000 Veloce EURO5\"},\"options32\":{\"name\":\"5000 Veloce EURO4\",\"value\":\"5000 Veloce EURO4\"},\"options33\":{\"name\":\"5000 Veloce EURO3 (00)\",\"value\":\"5000 Veloce EURO3 (00)\"},\"options34\":{\"name\":\"5000 Veloce EURO3 (01)\",\"value\":\"5000 Veloce EURO3 (01)\"},\"options35\":{\"name\":\"5000 Veloce EURO3 (02)\",\"value\":\"5000 Veloce EURO3 (02)\"},\"options36\":{\"name\":\"5000 Veloce EURO3 (03)\",\"value\":\"5000 Veloce EURO3 (03)\"},\"options37\":{\"name\":\"5000 Veloce EURO3 (04)\",\"value\":\"5000 Veloce EURO3 (04)\"},\"options38\":{\"name\":\"5000 Veloce EURO3 (05)\",\"value\":\"5000 Veloce EURO3 (05)\"},\"options39\":{\"name\":\"5000 Evolution EU5 (vers. 5012)\",\"value\":\"5000 Evolution EU5 (vers. 5012)\"},\"options40\":{\"name\":\"5000 Evolution EU5 (vers. 5013)\",\"value\":\"5000 Evolution EU5 (vers. 5013)\"},\"options41\":{\"name\":\"5000 Evolution EU4\",\"value\":\"5000 Evolution EU4\"},\"options42\":{\"name\":\"5000 Evolution EU4 (vers. W)\",\"value\":\"5000 Evolution EU4 (vers. W)\"},\"options43\":{\"name\":\"5000 Evolution EU4 (vers. K)\",\"value\":\"5000 Evolution EU4 (vers. K)\"},\"options44\":{\"name\":\"5000 EU4 (vers. K) - for USA market\",\"value\":\"5000 EU4 (vers. K) - for USA market\"},\"options45\":{\"name\":\"5000 Evolution (00)\",\"value\":\"5000 Evolution (00)\"},\"options46\":{\"name\":\"5000 Evolution (01)\",\"value\":\"5000 Evolution (01)\"},\"options47\":{\"name\":\"5000 Zero Emissions EU5\",\"value\":\"5000 Zero Emissions EU5\"},\"options48\":{\"name\":\"5000 Zero Emissions EU4\",\"value\":\"5000 Zero Emissions EU4\"},\"options49\":{\"name\":\"5000 City (00)\",\"value\":\"5000 City (00)\"},\"options50\":{\"name\":\"5000 City (01)\",\"value\":\"5000 City (01)\"},\"options51\":{\"name\":\"5000 City (02)\",\"value\":\"5000 City (02)\"},\"options52\":{\"name\":\"5000 City (03)\",\"value\":\"5000 City (03)\"},\"options53\":{\"name\":\"5000 City (04)\",\"value\":\"5000 City (04)\"},\"options54\":{\"name\":\"5000 City (05)\",\"value\":\"5000 City (05)\"},\"options55\":{\"name\":\"5000 City (06)\",\"value\":\"5000 City (06)\"},\"options56\":{\"name\":\"5000 City (07)\",\"value\":\"5000 City (07)\"},\"options57\":{\"name\":\"5000 Combi EU4 (00)\",\"value\":\"5000 Combi EU4 (00)\"},\"options58\":{\"name\":\"5000 Combi EU4 (01)\",\"value\":\"5000 Combi EU4 (01)\"},\"options59\":{\"name\":\"5000 Combi EU5 (vers. 5012R)\",\"value\":\"5000 Combi EU5 (vers. 5012R)\"},\"options60\":{\"name\":\"5000 Combi EU5 (vers. 5013R)\",\"value\":\"5000CombiEU5 (vers. 5013R)\"},\"options61\":{\"name\":\"5000 Hydro (02)\",\"value\":\"5000 Hydro (02)\"},\"options62\":{\"name\":\"5000 Hydro EU3 (00)\",\"value\":\"5000 Hydro EU3 (00)\"},\"options63\":{\"name\":\"5000 Hydro EU3 (02)\",\"value\":\"5000 Hydro EU3 (02)\"},\"options64\":{\"name\":\"5000 Hydro EU4 (00)\",\"value\":\"5000 Hydro EU4 (00)\"},\"options65\":{\"name\":\"5000 Hydro EU4 (01)\",\"value\":\"5000 Hydro EU4 (01)\"},\"options66\":{\"name\":\"5000 Hydro EU5\",\"value\":\"5000 Hydro EU5\"},\"options67\":{\"name\":\"5000 Compatto (00 vers.C)\",\"value\":\"5000 Compatto (00 vers.C)\"},\"options68\":{\"name\":\"5000 Compatto (01 vers.C)\",\"value\":\"5000 Compatto (01 vers.C)\"},\"options69\":{\"name\":\"5000 Compatto EU4 (vers.D)\",\"value\":\"5000 Compatto EU4 (vers.D)\"},\"options70\":{\"name\":\"5000 Compatto EU4 (vers.E)\",\"value\":\"5000 Compatto EU4 (vers.E)\"},\"options71\":{\"name\":\"5000 Compatto EU4 (vers.G)\",\"value\":\"5000 Compatto EU4 (vers.G)\"},\"options72\":{\"name\":\"5000 Compatto EU5\",\"value\":\"5000 Compatto EU5\"},\"options73\":{\"name\":\"5000 Mobivac EU4\",\"value\":\"5000 Mobivac EU4\"},\"options74\":{\"name\":\"5000 Multifunzione EU4\",\"value\":\"5000 Multifunzione EU4\"},\"options75\":{\"name\":\"5000 ({lang it}attrezzature invernali{\\/lang}{lang en}winter equipment{\\/lang}{lang es}equipos invernales {\\/lang}{lang fr}\\u00e9quipements hivernals {\\/lang}{lang de} Winterausr\\u00fcstung {\\/lang})\",\"value\":\"5000 (attrezzature invernali)\"},\"options76\":{\"name\":\"D3 EURO6C\",\"value\":\"D3 EUROC6\"},\"options77\":{\"name\":\"D3 TIER3 \\/ TIER4\",\"value\":\"D3 TIER3\"},\"options78\":{\"name\":\"D3 TIER4 - for CANADA market\",\"value\":\"D3 - for CANADA market\"},\"options79\":{\"name\":\"D3 TIER4 - for USA market\",\"value\":\"D3 (for USA market)\"},\"options80\":{\"name\":\"3000 EU4 (00)\",\"value\":\"3000 EU4 (00)\"},\"options81\":{\"name\":\"3000 EU4 (01)\",\"value\":\"3000 EU4 (01)\"},\"options82\":{\"name\":\"3000 EU6C\",\"value\":\"3000 EU6C\"},\"options83\":{\"name\":\"3000 EU6A\",\"value\":\"3000 EU6A\"},\"options84\":{\"name\":\"3000 Revolution EU4\",\"value\":\"3000 Revolution EU4\"},\"options85\":{\"name\":\"3000 Revolution EU5\",\"value\":\"3000 Revolution EU5\"},\"options86\":{\"name\":\"3000 TIER3 - for USA market\",\"value\":\"3000 TIER3 (for USA market)\"},\"options87\":{\"name\":\"3000 ({lang it}attrezzature invernali{\\/lang}{lang en}winter equipment{\\/lang}{lang es}equipos invernales {\\/lang}{lang fr}\\u00e9quipements hivernals {\\/lang}{lang de} Winterausr\\u00fcstung {\\/lang})\",\"value\":\"3000 (attrezzature invernali)\"},\"options88\":{\"name\":\"200 Quattro (00)\",\"value\":\"200 Quattro (00)\"},\"options89\":{\"name\":\"155 B (05)\",\"value\":\"155 B (05)\"},\"options90\":{\"name\":\"155 D (06)\",\"value\":\"155 D (06)\"},\"options91\":{\"name\":\"155 P (05)\",\"value\":\"155 P (05)\"},\"options92\":{\"name\":\"165 B (03)\",\"value\":\"165 B (03)\"},\"options93\":{\"name\":\"165 D (05)\",\"value\":\"165 D (05)\"},\"options94\":{\"name\":\"175 B (00)\",\"value\":\"175 B (00)\"},\"options95\":{\"name\":\"175 D (01)\",\"value\":\"175 D (01)\"},\"options96\":{\"name\":\"175 P (01)\",\"value\":\"175 P (01)\"},\"options97\":{\"name\":\"200 Quattro (01)\",\"value\":\"200 Quattro (01)\"},\"options98\":{\"name\":\"200 Quattro (02)\",\"value\":\"200 Quattro (02)\"},\"options99\":{\"name\":\"200 Quattro (03)\",\"value\":\"200 Quattro (03)\"},\"options100\":{\"name\":\"200 Quattro (04)\",\"value\":\"200 Quattro (04)\"},\"options101\":{\"name\":\"200 Quattro (05)\",\"value\":\"200 Quattro (05)\"},\"options102\":{\"name\":\"200 Quattro (06)\",\"value\":\"200 Quattro (06)\"},\"options103\":{\"name\":\"200 Quattro (07)\",\"value\":\"200 Quattro (07)\"},\"options104\":{\"name\":\"200 Quattro EU4 (08)\",\"value\":\"200 Quattro EU4 (08)\"},\"options105\":{\"name\":\"200 Hydro (01)\",\"value\":\"200 Hydro (01)\"},\"options106\":{\"name\":\"200 Hydro EU4 (02)\",\"value\":\"200 Hydro (02)\"},\"options107\":{\"name\":\"2000 EURO6A\",\"value\":\"2000 EURO6A\"},\"options108\":{\"name\":\"2000 EURO6C\",\"value\":\"2000 EURO6C\"},\"options109\":{\"name\":\"2000 EURO5 (00)\",\"value\":\"2000 EURO5 (00)\"},\"options110\":{\"name\":\"2000 EURO5 (01)\",\"value\":\"2000 EURO5 (01)\"},\"options111\":{\"name\":\"2000 EURO5 (02)\",\"value\":\"2000 EURO5 (02)\"},\"options112\":{\"name\":\"2000 EURO5 (03)\",\"value\":\"2000 EURO5 (03)\"},\"options113\":{\"name\":\"2000 ({lang it}attrezzature invernali{\\/lang}{lang en}winter equipment{\\/lang}{lang es}equipos invernales {\\/lang}{lang fr}\\u00e9quipements hivernals {\\/lang}{lang de} Winterausr\\u00fcstung {\\/lang})\",\"value\":\"2000 (attrezzature invernali)\"},\"options114\":{\"name\":\"Commando (00)\",\"value\":\"Commando (00)\"},\"options115\":{\"name\":\"Commando (01)\",\"value\":\"Commando (01)\"},\"options116\":{\"name\":\"Commando (02)\",\"value\":\"Commando (02)\"},\"options117\":{\"name\":\"Commando (03)\",\"value\":\"Commando (03)\"},\"options118\":{\"name\":\"Commando (04)\",\"value\":\"Commando (04)\"},\"options119\":{\"name\":\"850 EU4 (00)\",\"value\":\"850 EU4 (00)\"},\"options120\":{\"name\":\"850 EU4 (01)\",\"value\":\"850 EU4 (01)\"},\"options121\":{\"name\":\"850 EU4 (02)\",\"value\":\"850 EU4 (02)\"},\"options122\":{\"name\":\"850 EU6 (00)\",\"value\":\"850 EU6 (00)\"},\"options123\":{\"name\":\"850 EU6 (01) \",\"value\":\"850 EU6 (01) \"},\"options124\":{\"name\":\"850 EU6 (02) \",\"value\":\"850 EU6 (02) \"},\"options125\":{\"name\":\"850 EU6 (02) - for USA market\",\"value\":\"850 EU6 - for USA market\"},\"options126\":{\"name\":\"850 EU4 (02) - for USA market\",\"value\":\"850 EU4 (02) - for USA market\"},\"options127\":{\"name\":\"850 ({lang it}attrezzature invernali{\\/lang}{lang en}winter equipment{\\/lang}{lang es}equipos invernales {\\/lang}{lang fr}\\u00e9quipements hivernals {\\/lang}{lang de} Winterausr\\u00fcstung {\\/lang})\",\"value\":\"850 (attrezzature invernali)\"},\"options128\":{\"name\":\"850 ({lang it}attrezzature invernali{\\/lang}{lang en}winter equipment{\\/lang}{lang es}equipos invernales {\\/lang}{lang fr}\\u00e9quipements hivernals {\\/lang}{lang de} Winterausr\\u00fcstung {\\/lang}) - for USA market\",\"value\":\"850 (attrezzature invernali) - for USA market\"},\"options129\":{\"name\":\"D.zero\\u00b2 (00)\",\"value\":\"D.zero2 (00)\"},\"options130\":{\"name\":\"D.zero\\u00b2 (01)\",\"value\":\"D.zero2 (01)\"},\"options131\":{\"name\":\"D.zero\\u00b2 (02)\",\"value\":\"D.zero2 (02)\"},\"options132\":{\"name\":\"D.zero\\u00b2 (D200E - 00)\",\"value\":\"D.zero\\u00b2 (03)\"},\"options133\":{\"name\":\"D.zero\\u00b2 (D200E - 01)\",\"value\":\"D.zero\\u00b2 (D200E - 01)\"},\"options134\":{\"name\":\"D.zero\\u00b2 (01) - for USA market\",\"value\":\"D.zero2 (01) - for USA market\"},\"options135\":{\"name\":\"D.zero\\u00b2 (02) - for USA market\",\"value\":\"D.zero2 (02) - for USA market\"},\"options136\":{\"name\":\"D.zero\\u00b2 (D200E - 00) - for USA market\",\"value\":\"D.zero\\u00b2 (03) - for USA market\"},\"options137\":{\"name\":\"D.zero\\u00b2 (D200E - 01) - for USA market\",\"value\":\"D.zero\\u00b2 (D200E - 01) - for USA market\"},\"options138\":{\"name\":\"D.zero\\u00b2 Hydro\",\"value\":\"D.zero2 Hydro\"},\"options139\":{\"name\":\"120 BF (01)\",\"value\":\"120 BF (01)\"},\"options140\":{\"name\":\"120 BK (06)\",\"value\":\"120 BK (06)\"},\"options141\":{\"name\":\"120 BK (07)\",\"value\":\"120 BK (07)\"},\"options142\":{\"name\":\"120 BK (05)\",\"value\":\"120 BK (05)\"},\"options143\":{\"name\":\"120 DK (02)\",\"value\":\"120 DK (02)\"},\"options144\":{\"name\":\"120 DK (03)\",\"value\":\"120 DK (03)\"},\"options145\":{\"name\":\"120 DK (04)\",\"value\":\"120 DK (04)\"},\"options146\":{\"name\":\"120 DK (05)\",\"value\":\"120 DK (05)\"},\"options147\":{\"name\":\"120 DK (07)\",\"value\":\"120 DK (07)\"},\"options148\":{\"name\":\"120 DL (01)\",\"value\":\"120 DL (01)\"},\"options149\":{\"name\":\"120 EH (01)\",\"value\":\"120 EH (01)\"},\"options150\":{\"name\":\"120 EH (02)\",\"value\":\"120 EH (02)\"},\"options151\":{\"name\":\"120 EH (03)\",\"value\":\"120 EH (03)\"},\"options152\":{\"name\":\"120 EH (04)\",\"value\":\"120 EH (04)\"},\"options153\":{\"name\":\"120 EH (05)\",\"value\":\"120 EH (05)\"},\"options154\":{\"name\":\"120 EH (07)\",\"value\":\"120 EH (07)\"},\"options155\":{\"name\":\"120 GF (03)\",\"value\":\"120 GF (03)\"},\"options156\":{\"name\":\"100 BF (00)\",\"value\":\"100 BF (00)\"},\"options157\":{\"name\":\"100 BK (02)\",\"value\":\"100 BK (02)\"},\"options158\":{\"name\":\"100 BK (03)\",\"value\":\"100 BK (03)\"},\"options159\":{\"name\":\"100 BK (04)\",\"value\":\"100 BK (04)\"},\"options160\":{\"name\":\"100 BS (01)\",\"value\":\"100 BS (01)\"},\"options161\":{\"name\":\"100 DK (01)\",\"value\":\"100 DK (01)\"},\"options162\":{\"name\":\"100 DK (02)\",\"value\":\"100 DK (02)\"},\"options163\":{\"name\":\"100 DK (03)\",\"value\":\"100 DK (03)\"},\"options164\":{\"name\":\"100 DK (04)\",\"value\":\"100 DK (04)\"},\"options165\":{\"name\":\"100 DL (00)\",\"value\":\"100 DL (00)\"},\"options166\":{\"name\":\"100 EH (00)\",\"value\":\"100 EH (00)\"},\"options167\":{\"name\":\"100 EH (01)\",\"value\":\"100 EH (01)\"},\"options168\":{\"name\":\"100 EH (02)\",\"value\":\"100 EH (02)\"},\"options169\":{\"name\":\"100 EH (04)\",\"value\":\"100 EH (04)\"},\"options170\":{\"name\":\"90 BK (00)\",\"value\":\"90 BK (00)\"},\"options171\":{\"name\":\"90 BK (01)\",\"value\":\"90 BK (01)\"},\"options172\":{\"name\":\"90 BK (02)\",\"value\":\"90 BK (02)\"},\"options173\":{\"name\":\"90 DK (00)\",\"value\":\"90 DK (00)\"},\"options174\":{\"name\":\"90 DK (01)\",\"value\":\"90 DK (01)\"},\"options175\":{\"name\":\"90 DK (02)\",\"value\":\"90 DK (02)\"},\"options176\":{\"name\":\"90 EH (00)\",\"value\":\"90 EH (00)\"},\"options177\":{\"name\":\"90 EH (02)\",\"value\":\"90 EH (02)\"},\"options178\":{\"name\":\"1300 DL (00)\",\"value\":\"1300 DL (00)\"},\"options179\":{\"name\":\"1300 DL (01)\",\"value\":\"1300 DL (01)\"},\"options180\":{\"name\":\"1300 DL (02)\",\"value\":\"1300 DL (02)\"},\"options181\":{\"name\":\"1300 DL (03)\",\"value\":\"1300 DL (03)\"},\"options182\":{\"name\":\"1300 DL (04)\",\"value\":\"1300 DL (04)\"},\"options183\":{\"name\":\"1300 DL (05)\",\"value\":\"1300 DL (05)\"},\"options184\":{\"name\":\"1300 DL (06)\",\"value\":\"1300 DL (06)\"},\"options185\":{\"name\":\"1300 DY (00)\",\"value\":\"1300 DY (00)\"},\"options186\":{\"name\":\"1300 DY (01)\",\"value\":\"1300 DY (01)\"},\"options187\":{\"name\":\"1300 DY (02)\",\"value\":\"1300 DY (02)\"},\"options188\":{\"name\":\"1300 EH (00)\",\"value\":\"1300 EH (00)\"},\"options189\":{\"name\":\"1300 EH (01)\",\"value\":\"1300 EH (01)\"},\"options190\":{\"name\":\"1300 EH (02)\",\"value\":\"1300 EH (02)\"},\"options191\":{\"name\":\"1300 EH (03)\",\"value\":\"1300 EH (03)\"},\"options192\":{\"name\":\"1300 EH (06)\",\"value\":\"1300 EH (06)\"},\"options193\":{\"name\":\"1300 SK (00)\",\"value\":\"1300 SK(00)\"},\"options194\":{\"name\":\"1300 SK (01)\",\"value\":\"1300 SK (01)\"},\"options195\":{\"name\":\"1300 SK (02)\",\"value\":\"1300 SK (02)\"},\"options196\":{\"name\":\"1300 SK (03)\",\"value\":\"1300 SK (03)\"},\"options197\":{\"name\":\"1300 SV (00)\",\"value\":\"1300 SV (00)\"},\"options198\":{\"name\":\"1300 SV (01)\",\"value\":\"1300 SV (01)\"},\"options199\":{\"name\":\"1100 BS (05)\",\"value\":\"1100 BS (05)\"},\"options200\":{\"name\":\"1100 BS (07)\",\"value\":\"1100 BS (07)\"},\"options201\":{\"name\":\"1100 DL (03)\",\"value\":\"1100 DL (03)\"},\"options202\":{\"name\":\"1100 DL (04)\",\"value\":\"1100 DL (04)\"},\"options203\":{\"name\":\"1100 DL (05)\",\"value\":\"1100 DL (05)\"},\"options204\":{\"name\":\"1100 DL (06)\",\"value\":\"1100 DL (06)\"},\"options205\":{\"name\":\"1100 DL (07)\",\"value\":\"1100 DL (07)\"},\"options206\":{\"name\":\"1100 DY (03)\",\"value\":\"1100 DY (03)\"},\"options207\":{\"name\":\"1100 DY (04)\",\"value\":\"1100 DY (04)\"},\"options208\":{\"name\":\"1100 EH (03)\",\"value\":\"1100 EH (03)\"},\"options209\":{\"name\":\"1100 EH (04)\",\"value\":\"1100 EH (04)\"},\"options210\":{\"name\":\"1100 EH (05)\",\"value\":\"1100 EH (05)\"},\"options211\":{\"name\":\"1100 EH (07)\",\"value\":\"1100 EH (07)\"},\"options212\":{\"name\":\"1100 SV (03)\",\"value\":\"1100 SV (03)\"},\"options213\":{\"name\":\"1100 SV (04)\",\"value\":\"1100 SV (04)\"},\"options214\":{\"name\":\"1100 EH (04)\",\"value\":\"1100EH (04)\"},\"options215\":{\"name\":\"75 (00)\",\"value\":\"75 (00)\"},\"options216\":{\"name\":\"75 (01)\",\"value\":\"75 (01)\"},\"options217\":{\"name\":\"75 (02)\",\"value\":\"75 (02)\"},\"options218\":{\"name\":\"74 WAVE (00)\",\"value\":\"74 WAVE (00)\"},\"options219\":{\"name\":\"74 WAVE (01)\",\"value\":\"74 WAVE (01)\"},\"options220\":{\"name\":\"74 WAVE (02)\",\"value\":\"74 WAVE (02)\"},\"options221\":{\"name\":\"52 WAVE (00)\",\"value\":\"52 WAVE (00)\"},\"options222\":{\"name\":\"52 WAVE (01)\",\"value\":\"52 WAVE (01)\"},\"options223\":{\"name\":\"52 WAVE (02)\",\"value\":\"52 WAVE (02)\"},\"options224\":{\"name\":\"52 EH (01)\",\"value\":\"52 EH (01)\"},\"options225\":{\"name\":\"52 EH (00)\",\"value\":\"52 EH (00)\"},\"options226\":{\"name\":\"52 SH (00)\",\"value\":\"52 SH (00)\"},\"options227\":{\"name\":\"52 SH (01)\",\"value\":\"52 SH (01)\"},\"options228\":{\"name\":\"1000 SPARK\",\"value\":\"1000 SPARK\"},\"options229\":{\"name\":\"1000 SPRINT\",\"value\":\"1000 SPRINT\"},\"options230\":{\"name\":\"900 SPARK\",\"value\":\"900 SPARK\"},\"options231\":{\"name\":\"900 SPRINT\",\"value\":\"900 SPRINT\"},\"options232\":{\"name\":\"700 SPARK\",\"value\":\"700 SPARK\"},\"options233\":{\"name\":\"700 SPRINT\",\"value\":\"700 SPRINT\"},\"options234\":{\"name\":\"700 M SPARK\",\"value\":\"700 M SPARK\"},\"options235\":{\"name\":\"700 M SPRINT\",\"value\":\"700 M SPRINT\"},\"options236\":{\"name\":\"600 SPRINT\",\"value\":\"600 SPRINT\"},\"options237\":{\"name\":\"H47 (01)\",\"value\":\"H47 (01)\"},\"options238\":{\"name\":\"H47 (00)\",\"value\":\"H47 (00)\"},\"options239\":{\"name\":\"H1230\",\"value\":\"H1230\"},\"options240\":{\"name\":\"H1220\",\"value\":\"H1220\"},\"options241\":{\"name\":\"H1030\",\"value\":\"H1030\"},\"options242\":{\"name\":\"H1020\",\"value\":\"H1020\"},\"options243\":{\"name\":\"H1020R\",\"value\":\"H1020R\"},\"options244\":{\"name\":\"H822\",\"value\":\"H822\"},\"options245\":{\"name\":\"H820\",\"value\":\"H820\"},\"options246\":{\"name\":\"H815 (00)\",\"value\":\"H815 (00)\"},\"options247\":{\"name\":\"H815 (01)\",\"value\":\"H815 (01)\"},\"options248\":{\"name\":\"H715 (00)\",\"value\":\"H715 (00)\"},\"options249\":{\"name\":\"H715 (01)\",\"value\":\"H715 (01)\"},\"options250\":{\"name\":\"H715R (01)\",\"value\":\"H715R (01)\"},\"options251\":{\"name\":\"H610 (00)\",\"value\":\"H610 (00)\"},\"options252\":{\"name\":\"H610 (01)\",\"value\":\"H610 (01)\"},\"options253\":{\"name\":\"H610R\",\"value\":\"H610R\"},\"options254\":{\"name\":\"H810\",\"value\":\"H810\"},\"options255\":{\"name\":\"H810SP\",\"value\":\"H810SP\"},\"options256\":{\"name\":\"H710\",\"value\":\"H710\"},\"options257\":{\"name\":\"H710SP\",\"value\":\"H710SP\"},\"options258\":{\"name\":\"H707\",\"value\":\"H707\"},\"options259\":{\"name\":\"H707SP\",\"value\":\"H707SP\"},\"options260\":{\"name\":\"H607\",\"value\":\"H607\"},\"options261\":{\"name\":\"H607SP\",\"value\":\"H607SP\"},\"options262\":{\"name\":\"H507\",\"value\":\"H507\"},\"options263\":{\"name\":\"H503\",\"value\":\"H503\"},\"options264\":{\"name\":\"H505\",\"value\":\"H505\"},\"options265\":{\"name\":\"H403\",\"value\":\"H403\"},\"options266\":{\"name\":\"H667 (ENERGY)\",\"value\":\"H667 (ENERGY)\"},\"options267\":{\"name\":\"H557 (ENERGY)\",\"value\":\"H557 (ENERGY)\"},\"options268\":{\"name\":\"H507 (ENERGY)\",\"value\":\"H507 (ENERGY)\"},\"options269\":{\"name\":\"H507C (ENERGY)\",\"value\":\"H507C (ENERGY)\"},\"options270\":{\"name\":\"H507M (ENERGY)\",\"value\":\"H507M (ENERGY)\"},\"options271\":{\"name\":\"H504C (ENERGY)\",\"value\":\"H504C (ENERGY)\"},\"options272\":{\"name\":\"H404M (ENERGY)\",\"value\":\"H404M (ENERGY)\"},\"options273\":{\"name\":\"H404C (ENERGY)\",\"value\":\"H404C (ENERGY)\"},\"options274\":{\"name\":\"H402M (ENERGY)\",\"value\":\"H402M (ENERGY)\"},\"options275\":{\"name\":\"H402C (ENERGY)\",\"value\":\"H402C (ENERGY)\"},\"options276\":{\"name\":\"H401C (ENERGY)\",\"value\":\"H401C (ENERGY)\"},\"options277\":{\"name\":\"665 (NITRO)\",\"value\":\"665 (NITRO)\"},\"options278\":{\"name\":\"565 (NITRO)\",\"value\":\"565 (NITRO)\"},\"options279\":{\"name\":\"555 (NITRO)\",\"value\":\"555 (NITRO)\"},\"options280\":{\"name\":\"555M (NITRO)\",\"value\":\"555M (NITRO)\"},\"options281\":{\"name\":\"505 (NITRO)\",\"value\":\"505 (NITRO)\"},\"options282\":{\"name\":\"505M (NITRO)\",\"value\":\"505M (NITRO)\"},\"options283\":{\"name\":\"Boost COMBI EH (00)\",\"value\":\"Boost COMBI EH (00)\"},\"options284\":{\"name\":\"Boost COMBI EH (01)\",\"value\":\"Boost COMBI EH (01)\"},\"options285\":{\"name\":\"Boost COMBI DK (00)\",\"value\":\"Boost COMBI DK (00)\"},\"options286\":{\"name\":\"Boost COMBI GK (00)\",\"value\":\"Boost COMBI GK (00)\"},\"options287\":{\"name\":\"Boost COMBI BK (00)\",\"value\":\"Boost COMBI BK (00)\"},\"options288\":{\"name\":\"Boost 300\",\"value\":\"Boost 300\"},\"options289\":{\"name\":\"Boost 150\",\"value\":\"Boost 150\"},\"options290\":{\"name\":\"Boost 110\",\"value\":\"Boost 110\"},\"options291\":{\"name\":\"Boost 90\",\"value\":\"Boost 90\"},\"options292\":{\"name\":\"Boost 50\",\"value\":\"Boost 50\"},\"options293\":{\"name\":\"Boost 30\",\"value\":\"Boost 30\"},\"options294\":{\"name\":\"Boost 20\",\"value\":\"Boost 20\"},\"options295\":{\"name\":\"DuleSHINE\",\"value\":\"DuleSHINE\"},\"options296\":{\"name\":\"DuleVAC\",\"value\":\"DuleVAC\"}}}','*','2021-03-04 16:06:32',437,'2025-07-15 09:00:30',435,2),(13,175,'com_content.article',5,'Allega PDF','allega-pdf','Allega PDF','','sql','','',1,0,0,'0000-00-00 00:00:00',5,'{\"hint\":\"\",\"class\":\"\",\"label_class\":\"\",\"show_on\":\"\",\"render_class\":\"\",\"showlabel\":\"0\",\"label_render_class\":\"\",\"display\":\"0\",\"layout\":\"\",\"display_readonly\":\"2\",\"content_filter\":\"0\",\"filter_layout\":\"\",\"field_hidden\":\"0\",\"options_hidden\":\"0\"}','{\"query\":\"SELECT id AS value, name AS text FROM #__osdownloads_documents\",\"multiple\":\"\"}','*','2021-03-04 17:03:12',435,'2021-03-15 15:49:46',435,2);

--
-- Table structure for table `ds_fields_categories`
--

CREATE TABLE `ds_fields_categories` (
  `field_id` int NOT NULL DEFAULT '0',
  `category_id` int NOT NULL DEFAULT '0',
  PRIMARY KEY (`field_id`,`category_id`)
) ENGINE=InnoDB DEFAULT CHARSET=utf8mb4 COLLATE=utf8mb4_unicode_ci;

--
-- Dumping data for table `ds_fields_categories`
--

INSERT INTO `ds_fields_categories` VALUES (9,12),(10,12),(11,12),(12,12),(13,12),(14,12),(15,12);

--
-- Table structure for table `ds_fields_groups`
--

CREATE TABLE `ds_fields_groups` (
  `id` int unsigned NOT NULL AUTO_INCREMENT,
  `asset_id` int unsigned NOT NULL DEFAULT '0',
  `context` varchar(255) CHARACTER SET utf8mb4 COLLATE utf8mb4_unicode_ci NOT NULL DEFAULT '',
  `title` varchar(255) CHARACTER SET utf8mb4 COLLATE utf8mb4_unicode_ci NOT NULL DEFAULT '',
  `note` varchar(255) CHARACTER SET utf8mb4 COLLATE utf8mb4_unicode_ci NOT NULL DEFAULT '',
  `description` text CHARACTER SET utf8mb4 COLLATE utf8mb4_unicode_ci NOT NULL,
  `state` tinyint(1) NOT NULL DEFAULT '0',
  `checked_out` int NOT NULL DEFAULT '0',
  `checked_out_time` datetime NOT NULL DEFAULT '0000-00-00 00:00:00',
  `ordering` int NOT NULL DEFAULT '0',
  `params` text CHARACTER SET utf8mb4 COLLATE utf8mb4_unicode_ci NOT NULL,
  `language` char(7) CHARACTER SET utf8mb4 COLLATE utf8mb4_unicode_ci NOT NULL DEFAULT '',
  `created` datetime NOT NULL DEFAULT '0000-00-00 00:00:00',
  `created_by` int unsigned NOT NULL DEFAULT '0',
  `modified` datetime NOT NULL DEFAULT '0000-00-00 00:00:00',
  `modified_by` int unsigned NOT NULL DEFAULT '0',
  `access` int NOT NULL DEFAULT '1',
  PRIMARY KEY (`id`),
  KEY `idx_checkout` (`checked_out`),
  KEY `idx_state` (`state`),
  KEY `idx_created_by` (`created_by`),
  KEY `idx_access` (`access`),
  KEY `idx_context` (`context`(191)),
  KEY `idx_language` (`language`)
) ENGINE=InnoDB AUTO_INCREMENT=6 DEFAULT CHARSET=utf8mb4 COLLATE=utf8mb4_unicode_ci;

--
-- Dumping data for table `ds_fields_groups`
--

INSERT INTO `ds_fields_groups` VALUES (2,115,'com_osdownloads.file','Filtri PDF','','',-2,0,'0000-00-00 00:00:00',0,'{\"display_readonly\":\"1\"}','*','2021-02-10 13:26:07',435,'2021-02-11 15:04:50',435,1),(3,121,'com_content.article','Filtri','','',1,0,'0000-00-00 00:00:00',0,'{\"display_readonly\":\"1\"}','*','2021-02-11 16:16:56',435,'2021-03-04 15:13:53',435,2),(5,170,'com_content.article','PDF allegati','','',1,0,'0000-00-00 00:00:00',0,'{\"display_readonly\":\"1\"}','*','2021-03-04 15:14:12',435,'0000-00-00 00:00:00',0,2);

--
-- Table structure for table `ds_fields_values`
--

CREATE TABLE `ds_fields_values` (
  `field_id` int unsigned NOT NULL,
  `item_id` varchar(255) CHARACTER SET utf8mb4 COLLATE utf8mb4_unicode_ci NOT NULL COMMENT 'Allow references to items which have strings as ids, eg. none db systems.',
  `value` text CHARACTER SET utf8mb4 COLLATE utf8mb4_unicode_ci,
  KEY `idx_field_id` (`field_id`),
  KEY `idx_item_id` (`item_id`(191))
) ENGINE=InnoDB DEFAULT CHARSET=utf8mb4 COLLATE=utf8mb4_unicode_ci;

--
-- Dumping data for table `ds_fields_values`
--

INSERT INTO `ds_fields_values` VALUES (5,'1','MAN1'),(6,'1','G1'),(5,'2','MAN1'),(6,'2','G2'),(5,'3','MAN2'),(6,'3','G1'),(9,'20','IT'),(11,'18','GAMMA1'),(10,'18','MAN3'),(11,'19','GAMMA1'),(10,'19','MAN2'),(11,'20','GAMMA1'),(10,'20','MAN2'),(13,'20','1'),(13,'19','3'),(9,'19','IT'),(9,'19','EN'),(15,'20','16'),(15,'18','16'),(13,'18','1'),(9,'18','IT'),(9,'18','EN'),(11,'29','GAMMA1'),(13,'29','9'),(10,'29','MAN1'),(9,'29','IT'),(11,'30','GAMMA1'),(13,'30','7'),(10,'30','MAN1'),(9,'30','IT'),(11,'31','GAMMA1'),(13,'31','8'),(10,'31','MAN1'),(9,'31','EN'),(11,'32','GAMMA1'),(13,'32','10'),(10,'32','MAN2'),(9,'32','IT'),(9,'32','EN'),(10,'35','MAN1'),(11,'35','GAMMA1'),(13,'35','18'),(9,'36','EN'),(10,'36','MAN1'),(11,'36','GAMMA1'),(12,'36','2000 EURO6A'),(13,'36','19'),(9,'37','IT'),(10,'37','MAN1'),(11,'37','GAMMA1'),(12,'37','5000 City (00)'),(12,'37','5000 City (01)'),(12,'37','5000 City (02)'),(12,'37','5000 City (03)'),(12,'37','5000 City (04)'),(12,'37','5000 City (05)'),(12,'37','5000 City (06)'),(12,'37','5000 City (07)'),(13,'37','20'),(9,'39','IT'),(10,'39','MAN1'),(11,'39','GAMMA1'),(12,'39','2000 EURO6A'),(13,'39','18'),(9,'40','EN'),(10,'40','MAN1'),(11,'40','GAMMA1'),(13,'40','19'),(9,'41','IT'),(10,'41','MAN1'),(11,'41','GAMMA1'),(13,'41','20'),(9,'42','EN'),(10,'42','MAN1'),(11,'42','GAMMA1'),(13,'42','21'),(9,'43','IT'),(10,'43','MAN1'),(11,'43','GAMMA1'),(13,'43','22'),(9,'44','IT'),(10,'44','MAN1'),(11,'44','GAMMA1'),(13,'44','23'),(9,'45','EN'),(10,'45','MAN1'),(11,'45','GAMMA1'),(13,'45','24'),(9,'46','IT'),(10,'46','MAN1'),(11,'46','GAMMA1'),(13,'46','25'),(9,'47','EN'),(10,'47','MAN1'),(11,'47','GAMMA1'),(13,'47','26'),(9,'48','IT'),(10,'48','MAN2'),(11,'48','GAMMA1'),(13,'48','654'),(9,'49','EN'),(10,'49','MAN1'),(11,'49','GAMMA1'),(13,'49','28'),(9,'50','IT'),(10,'50','MAN1'),(11,'50','GAMMA1'),(13,'50','29'),(9,'51','EN'),(10,'51','MAN1'),(11,'51','GAMMA1'),(13,'51','30'),(9,'52','ES'),(10,'52','MAN1'),(11,'52','GAMMA1'),(13,'52','31'),(9,'53','IT'),(10,'53','MAN1'),(11,'53','GAMMA1'),(13,'53','32'),(9,'54','FR'),(10,'54','MAN1'),(11,'54','GAMMA1'),(13,'54','33'),(9,'55','DE'),(10,'55','MAN1'),(11,'55','GAMMA1'),(13,'55','34'),(9,'56','EN'),(10,'56','MAN1'),(11,'56','GAMMA1'),(13,'56','35'),(9,'57','IT'),(10,'57','MAN1'),(11,'57','GAMMA1'),(13,'57','36'),(9,'58','EN'),(10,'58','MAN1'),(11,'58','GAMMA1'),(13,'58','37'),(10,'59','MAN1'),(11,'59','GAMMA3'),(13,'59','38'),(10,'60','MAN1'),(11,'60','GAMMA3'),(13,'60','39'),(9,'61','ES'),(9,'61','FR'),(10,'61','MAN1'),(11,'61','GAMMA3'),(13,'61','40'),(9,'62','IT'),(9,'62','EN'),(10,'62','MAN1'),(11,'62','GAMMA3'),(13,'62','41'),(10,'63','MAN1'),(11,'63','GAMMA3'),(13,'63','42'),(10,'64','MAN1'),(11,'64','GAMMA3'),(13,'64','43'),(9,'65','ES'),(9,'65','FR'),(10,'65','MAN1'),(11,'65','GAMMA3'),(13,'65','44'),(9,'66','IT'),(9,'66','EN'),(10,'66','MAN1'),(11,'66','GAMMA3'),(13,'66','45'),(9,'67','ES'),(9,'67','FR'),(10,'67','MAN1'),(11,'67','GAMMA3'),(13,'67','46'),(9,'68','IT'),(9,'68','EN'),(10,'68','MAN1'),(11,'68','GAMMA3'),(13,'68','47'),(9,'69','ES'),(9,'69','FR'),(10,'69','MAN1'),(11,'69','GAMMA3'),(13,'69','48'),(9,'70','IT'),(9,'70','EN'),(10,'70','MAN1'),(11,'70','GAMMA3'),(13,'70','49'),(10,'71','MAN1'),(11,'71','GAMMA3'),(13,'71','50'),(10,'72','MAN1'),(11,'72','GAMMA3'),(13,'72','51'),(9,'73','ES'),(9,'73','FR'),(10,'73','MAN1'),(11,'73','GAMMA3'),(13,'73','52'),(9,'74','IT'),(9,'74','EN'),(10,'74','MAN1'),(11,'74','GAMMA3'),(13,'74','53'),(9,'75','DE'),(10,'75','MAN2'),(11,'75','GAMMA1'),(13,'75','54'),(9,'76','EN'),(10,'76','MAN2'),(11,'76','GAMMA1'),(13,'76','55'),(9,'77','ES'),(10,'77','MAN2'),(11,'77','GAMMA1'),(13,'77','56'),(9,'78','FR'),(10,'78','MAN2'),(11,'78','GAMMA1'),(13,'78','57'),(9,'79','IT'),(10,'79','MAN2'),(11,'79','GAMMA1'),(13,'79','58'),(9,'80','DE'),(10,'80','MAN2'),(11,'80','GAMMA1'),(13,'80','59'),(9,'81','EN'),(10,'81','MAN2'),(11,'81','GAMMA1'),(13,'81','60'),(9,'82','ES'),(10,'82','MAN2'),(11,'82','GAMMA1'),(13,'82','61'),(9,'83','FR'),(10,'83','MAN2'),(11,'83','GAMMA1'),(13,'83','62'),(9,'84','IT'),(10,'84','MAN2'),(11,'84','GAMMA1'),(13,'84','63'),(9,'85','DE'),(10,'85','MAN2'),(11,'85','GAMMA1'),(13,'85','64'),(9,'86','EN'),(10,'86','MAN2'),(11,'86','GAMMA1'),(13,'86','65'),(9,'87','ES'),(10,'87','MAN2'),(11,'87','GAMMA1'),(13,'87','66'),(9,'88','FR'),(10,'88','MAN2'),(11,'88','GAMMA1'),(13,'88','67'),(9,'89','IT'),(10,'89','MAN2'),(11,'89','GAMMA1'),(13,'89','68'),(9,'90','DE'),(10,'90','MAN2'),(11,'90','GAMMA1'),(13,'90','69'),(9,'91','EN'),(10,'91','MAN2'),(11,'91','GAMMA1'),(13,'91','70'),(9,'92','ES'),(10,'92','MAN2'),(11,'92','GAMMA1'),(13,'92','71'),(9,'93','FR'),(10,'93','MAN2'),(11,'93','GAMMA1'),(13,'93','72'),(9,'94','IT'),(10,'94','MAN2'),(11,'94','GAMMA1'),(13,'94','73'),(9,'95','DE'),(10,'95','MAN2'),(11,'95','GAMMA1'),(13,'95','74'),(9,'96','EN'),(10,'96','MAN2'),(11,'96','GAMMA1'),(13,'96','75'),(9,'97','ES'),(10,'97','MAN2'),(11,'97','GAMMA1'),(13,'97','76'),(9,'98','FR'),(10,'98','MAN2'),(11,'98','GAMMA1'),(13,'98','77'),(9,'99','IT'),(10,'99','MAN2'),(11,'99','GAMMA1'),(13,'99','78'),(9,'100','DE'),(10,'100','MAN2'),(11,'100','GAMMA1'),(13,'100','79'),(9,'101','EN'),(10,'101','MAN2'),(11,'101','GAMMA1'),(13,'101','80'),(9,'102','ES'),(10,'102','MAN2'),(11,'102','GAMMA1'),(13,'102','81'),(9,'103','FR'),(10,'103','MAN2'),(11,'103','GAMMA1'),(13,'103','82'),(9,'104','IT'),(10,'104','MAN2'),(11,'104','GAMMA1'),(13,'104','83'),(9,'105','DE'),(10,'105','MAN2'),(11,'105','GAMMA1'),(13,'105','84'),(9,'106','EN'),(10,'106','MAN2'),(11,'106','GAMMA1'),(13,'106','85'),(9,'107','ES'),(10,'107','MAN2'),(11,'107','GAMMA1'),(13,'107','86'),(9,'108','FR'),(10,'108','MAN2'),(11,'108','GAMMA1'),(13,'108','87'),(9,'109','IT'),(10,'109','MAN2'),(11,'109','GAMMA1'),(13,'109','88'),(9,'110','EN'),(10,'110','MAN2'),(11,'110','GAMMA1'),(13,'110','676'),(9,'111','ES'),(10,'111','MAN2'),(11,'111','GAMMA1'),(13,'111','677'),(9,'112','FR'),(10,'112','MAN2'),(11,'112','GAMMA1'),(13,'112','678'),(9,'113','IT'),(10,'113','MAN2'),(11,'113','GAMMA1'),(13,'113','679'),(9,'114','EN'),(10,'114','MAN2'),(11,'114','GAMMA1'),(13,'114','680'),(9,'115','ES'),(10,'115','MAN2'),(11,'115','GAMMA1'),(13,'115','681'),(9,'116','IT'),(10,'116','MAN2'),(11,'116','GAMMA1'),(13,'116','682'),(9,'117','DE'),(10,'117','MAN2'),(11,'117','GAMMA1'),(13,'117','96'),(9,'118','EN'),(10,'118','MAN2'),(11,'118','GAMMA1'),(13,'118','684'),(9,'119','ES'),(10,'119','MAN2'),(11,'119','GAMMA1'),(13,'119','685'),(9,'120','FR'),(10,'120','MAN2'),(11,'120','GAMMA1'),(13,'120','686'),(9,'121','IT'),(10,'121','MAN2'),(11,'121','GAMMA1'),(13,'121','687'),(9,'122','EN'),(10,'122','MAN2'),(11,'122','GAMMA1'),(13,'122','101'),(9,'123','ES'),(10,'123','MAN2'),(11,'123','GAMMA1'),(13,'123','102'),(9,'124','IT'),(10,'124','MAN2'),(11,'124','GAMMA1'),(13,'124','103'),(9,'125','DE'),(10,'125','MAN2'),(11,'125','GAMMA1'),(13,'125','104'),(9,'126','EN'),(10,'126','MAN2'),(11,'126','GAMMA1'),(13,'126','105'),(9,'127','ES'),(10,'127','MAN2'),(11,'127','GAMMA1'),(13,'127','106'),(9,'128','FR'),(10,'128','MAN2'),(11,'128','GAMMA1'),(13,'128','107'),(9,'129','IT'),(10,'129','MAN2'),(11,'129','GAMMA1'),(13,'129','108'),(9,'130','DE'),(10,'130','MAN2'),(11,'130','GAMMA1'),(13,'130','109'),(9,'131','EN'),(10,'131','MAN2'),(11,'131','GAMMA1'),(13,'131','110'),(9,'132','ES'),(10,'132','MAN2'),(11,'132','GAMMA1'),(13,'132','111'),(9,'133','FR'),(10,'133','MAN2'),(11,'133','GAMMA1'),(13,'133','112'),(9,'134','IT'),(10,'134','MAN2'),(11,'134','GAMMA1'),(13,'134','113'),(9,'135','DE'),(10,'135','MAN2'),(11,'135','GAMMA1'),(13,'135','114'),(9,'136','EN'),(10,'136','MAN2'),(11,'136','GAMMA1'),(13,'136','115'),(9,'137','ES'),(10,'137','MAN2'),(11,'137','GAMMA1'),(13,'137','116'),(9,'138','FR'),(10,'138','MAN2'),(11,'138','GAMMA1'),(13,'138','117'),(9,'139','IT'),(10,'139','MAN2'),(11,'139','GAMMA1'),(13,'139','118'),(9,'140','DE'),(10,'140','MAN2'),(11,'140','GAMMA1'),(13,'140','119'),(9,'141','EN'),(10,'141','MAN2'),(11,'141','GAMMA1'),(13,'141','120'),(9,'142','ES'),(10,'142','MAN2'),(11,'142','GAMMA1'),(13,'142','121'),(9,'143','FR'),(10,'143','MAN2'),(11,'143','GAMMA1'),(13,'143','122'),(9,'144','IT'),(10,'144','MAN2'),(11,'144','GAMMA1'),(13,'144','123'),(9,'145','DE'),(10,'145','MAN2'),(11,'145','GAMMA1'),(13,'145','124'),(9,'146','EN'),(10,'146','MAN2'),(11,'146','GAMMA1'),(13,'146','125'),(9,'147','ES'),(10,'147','MAN2'),(11,'147','GAMMA1'),(13,'147','126'),(9,'148','FR'),(10,'148','MAN2'),(11,'148','GAMMA1'),(13,'148','127'),(9,'149','IT'),(10,'149','MAN2'),(11,'149','GAMMA1'),(13,'149','128'),(9,'150','DE'),(10,'150','MAN2'),(11,'150','GAMMA1'),(13,'150','129'),(9,'151','EN'),(10,'151','MAN2'),(11,'151','GAMMA1'),(13,'151','130'),(9,'152','ES'),(10,'152','MAN2'),(11,'152','GAMMA1'),(13,'152','131'),(9,'153','FR'),(10,'153','MAN2'),(11,'153','GAMMA1'),(13,'153','132'),(9,'154','IT'),(10,'154','MAN2'),(11,'154','GAMMA1'),(13,'154','133'),(9,'155','EN'),(10,'155','MAN2'),(11,'155','GAMMA1'),(13,'155','134'),(9,'156','ES'),(10,'156','MAN2'),(11,'156','GAMMA1'),(13,'156','135'),(9,'157','IT'),(10,'157','MAN2'),(11,'157','GAMMA1'),(13,'157','136'),(9,'158','DE'),(10,'158','MAN2'),(11,'158','GAMMA1'),(13,'158','137'),(9,'159','EN'),(10,'159','MAN2'),(11,'159','GAMMA1'),(13,'159','138'),(9,'160','ES'),(10,'160','MAN2'),(11,'160','GAMMA1'),(13,'160','139'),(9,'161','FR'),(10,'161','MAN2'),(11,'161','GAMMA1'),(13,'161','140'),(9,'162','IT'),(10,'162','MAN2'),(11,'162','GAMMA1'),(13,'162','141'),(9,'163','DE'),(10,'163','MAN2'),(11,'163','GAMMA1'),(13,'163','142'),(9,'164','EN'),(10,'164','MAN2'),(11,'164','GAMMA1'),(13,'164','143'),(9,'165','ES'),(10,'165','MAN2'),(11,'165','GAMMA1'),(13,'165','144'),(9,'166','FR'),(10,'166','MAN2'),(11,'166','GAMMA1'),(13,'166','145'),(9,'167','IT'),(10,'167','MAN2'),(11,'167','GAMMA1'),(13,'167','146'),(9,'168','FR'),(10,'168','MAN2'),(11,'168','GAMMA1'),(13,'168','147'),(9,'169','IT'),(10,'169','MAN2'),(11,'169','GAMMA1'),(13,'169','148'),(9,'170','DE'),(10,'170','MAN2'),(11,'170','GAMMA1'),(13,'170','149'),(9,'171','EN'),(10,'171','MAN2'),(11,'171','GAMMA1'),(13,'171','150'),(9,'172','ES'),(10,'172','MAN2'),(11,'172','GAMMA1'),(13,'172','151'),(9,'173','FR'),(10,'173','MAN2'),(11,'173','GAMMA1'),(13,'173','152'),(9,'174','IT'),(10,'174','MAN2'),(11,'174','GAMMA1'),(13,'174','153'),(9,'175','DE'),(10,'175','MAN2'),(11,'175','GAMMA1'),(13,'175','154'),(9,'176','EN'),(10,'176','MAN2'),(11,'176','GAMMA1'),(13,'176','155'),(9,'177','ES'),(10,'177','MAN2'),(11,'177','GAMMA1'),(13,'177','156'),(9,'178','FR'),(10,'178','MAN2'),(11,'178','GAMMA1'),(13,'178','157'),(9,'179','IT'),(10,'179','MAN2'),(11,'179','GAMMA1'),(13,'179','158'),(9,'180','DE'),(10,'180','MAN2'),(11,'180','GAMMA1'),(13,'180','159'),(9,'181','EN'),(10,'181','MAN2'),(11,'181','GAMMA1'),(13,'181','160'),(9,'182','ES'),(10,'182','MAN2'),(11,'182','GAMMA1'),(13,'182','161'),(9,'183','FR'),(10,'183','MAN2'),(11,'183','GAMMA1'),(13,'183','162'),(9,'184','IT'),(10,'184','MAN2'),(11,'184','GAMMA1'),(13,'184','163'),(9,'185','EN'),(10,'185','MAN2'),(11,'185','GAMMA1'),(13,'185','164'),(9,'186','ES'),(10,'186','MAN2'),(11,'186','GAMMA1'),(13,'186','165'),(9,'187','IT'),(10,'187','MAN2'),(11,'187','GAMMA1'),(13,'187','166'),(9,'188','DE'),(10,'188','MAN2'),(11,'188','GAMMA1'),(13,'188','167'),(9,'189','EN'),(10,'189','MAN2'),(11,'189','GAMMA1'),(13,'189','168'),(9,'190','ES'),(10,'190','MAN2'),(11,'190','GAMMA1'),(13,'190','169'),(9,'191','FR'),(10,'191','MAN2'),(11,'191','GAMMA1'),(13,'191','170'),(9,'192','IT'),(10,'192','MAN2'),(11,'192','GAMMA1'),(13,'192','171'),(9,'193','EN'),(10,'193','MAN2'),(11,'193','GAMMA1'),(13,'193','172'),(9,'194','ES'),(10,'194','MAN2'),(11,'194','GAMMA1'),(13,'194','173'),(9,'195','IT'),(10,'195','MAN2'),(11,'195','GAMMA1'),(13,'195','174'),(9,'196','DE'),(10,'196','MAN2'),(11,'196','GAMMA1'),(13,'196','175'),(9,'197','EN'),(10,'197','MAN2'),(11,'197','GAMMA1'),(13,'197','176'),(9,'198','ES'),(10,'198','MAN2'),(11,'198','GAMMA1'),(13,'198','177'),(9,'199','FR'),(10,'199','MAN2'),(11,'199','GAMMA1'),(13,'199','178'),(9,'200','IT'),(10,'200','MAN2'),(11,'200','GAMMA1'),(13,'200','179'),(9,'201','DE'),(10,'201','MAN3'),(11,'201','GAMMA2'),(13,'201','180'),(9,'202','DE'),(10,'202','MAN3'),(11,'202','GAMMA2'),(13,'202','181'),(9,'203','DE'),(10,'203','MAN3'),(11,'203','GAMMA2'),(13,'203','182'),(9,'204','DE'),(10,'204','MAN3'),(11,'204','GAMMA2'),(13,'204','183'),(9,'205','DE'),(10,'205','MAN3'),(11,'205','GAMMA2'),(13,'205','184'),(9,'206','DE'),(10,'206','MAN3'),(11,'206','GAMMA2'),(13,'206','185'),(9,'207','DE'),(10,'207','MAN3'),(11,'207','GAMMA1'),(13,'207','186'),(9,'208','DE'),(10,'208','MAN3'),(11,'208','GAMMA1'),(13,'208','187'),(9,'209','DE'),(10,'209','MAN3'),(11,'209','GAMMA2'),(13,'209','188'),(9,'210','DE'),(10,'210','MAN3'),(11,'210','GAMMA1'),(13,'210','631'),(9,'211','DE'),(10,'211','MAN3'),(11,'211','GAMMA1'),(13,'211','190'),(9,'212','DE'),(10,'212','MAN3'),(11,'212','GAMMA1'),(13,'212','627'),(9,'213','DE'),(10,'213','MAN3'),(11,'213','GAMMA1'),(13,'213','192'),(9,'214','DE'),(10,'214','MAN3'),(11,'214','GAMMA1'),(13,'214','193'),(9,'215','DE'),(10,'215','MAN3'),(11,'215','GAMMA1'),(13,'215','194'),(9,'216','DE'),(10,'216','MAN3'),(11,'216','GAMMA1'),(13,'216','195'),(9,'217','DE'),(10,'217','MAN3'),(11,'217','GAMMA1'),(13,'217','196'),(9,'218','DE'),(10,'218','MAN3'),(11,'218','GAMMA1'),(13,'218','197'),(9,'219','DE'),(10,'219','MAN3'),(11,'219','GAMMA1'),(13,'219','198'),(9,'220','DE'),(10,'220','MAN3'),(11,'220','GAMMA1'),(13,'220','622'),(10,'221','MAN3'),(11,'221','GAMMA2'),(13,'221','200'),(10,'222','MAN3'),(11,'222','GAMMA2'),(13,'222','201'),(9,'223','FR'),(10,'223','MAN3'),(11,'223','GAMMA2'),(13,'223','202'),(10,'224','MAN3'),(11,'224','GAMMA2'),(13,'224','203'),(10,'225','MAN3'),(11,'225','GAMMA2'),(13,'225','204'),(10,'226','MAN3'),(11,'226','GAMMA2'),(13,'226','205'),(9,'227','IT'),(9,'227','EN'),(10,'227','MAN3'),(11,'227','GAMMA1'),(13,'227','206'),(10,'228','MAN3'),(11,'228','GAMMA1'),(13,'228','207'),(10,'229','MAN3'),(11,'229','GAMMA2'),(13,'229','208'),(10,'230','MAN3'),(11,'230','GAMMA2'),(13,'230','209'),(10,'231','MAN3'),(11,'231','GAMMA1'),(13,'231','632'),(10,'232','MAN3'),(11,'232','GAMMA1'),(13,'232','211'),(9,'233','IT'),(9,'233','EN'),(10,'233','MAN3'),(11,'233','GAMMA1'),(13,'233','212'),(10,'234','MAN3'),(11,'234','GAMMA1'),(13,'234','628'),(9,'235','IT'),(9,'235','EN'),(10,'235','MAN3'),(11,'235','GAMMA1'),(13,'235','214'),(9,'236','IT'),(9,'236','EN'),(10,'236','MAN3'),(11,'236','GAMMA1'),(13,'236','215'),(10,'237','MAN3'),(11,'237','GAMMA1'),(13,'237','637'),(10,'238','MAN3'),(11,'238','GAMMA1'),(13,'238','217'),(9,'239','EN'),(10,'239','MAN3'),(11,'239','GAMMA1'),(13,'239','218'),(9,'240','IT'),(10,'240','MAN3'),(11,'240','GAMMA1'),(13,'240','219'),(9,'241','IT'),(9,'241','EN'),(9,'241','ES'),(9,'241','FR'),(9,'241','DE'),(10,'241','MAN3'),(11,'241','GAMMA3'),(13,'241','220'),(9,'242','IT'),(9,'242','EN'),(9,'242','ES'),(9,'242','FR'),(9,'242','DE'),(10,'242','MAN3'),(11,'242','GAMMA3'),(13,'242','221'),(9,'243','IT'),(9,'243','EN'),(9,'243','ES'),(9,'243','FR'),(9,'243','DE'),(10,'243','MAN3'),(11,'243','GAMMA3'),(13,'243','222'),(9,'244','IT'),(9,'244','EN'),(9,'244','ES'),(9,'244','FR'),(9,'244','DE'),(10,'244','MAN3'),(11,'244','GAMMA3'),(13,'244','223'),(9,'245','IT'),(9,'245','EN'),(9,'245','ES'),(9,'245','FR'),(9,'245','DE'),(10,'245','MAN3'),(11,'245','GAMMA3'),(13,'245','224'),(9,'246','IT'),(9,'246','EN'),(9,'246','ES'),(9,'246','FR'),(9,'246','DE'),(10,'246','MAN3'),(11,'246','GAMMA3'),(13,'246','225'),(9,'247','IT'),(9,'247','EN'),(9,'247','ES'),(9,'247','FR'),(9,'247','DE'),(10,'247','MAN3'),(11,'247','GAMMA3'),(13,'247','226'),(10,'248','MAN3'),(11,'248','GAMMA3'),(13,'248','227'),(10,'249','MAN3'),(11,'249','GAMMA1'),(13,'249','228'),(10,'250','MAN3'),(11,'250','GAMMA1'),(13,'250','623'),(10,'251','MAN3'),(11,'251','GAMMA1'),(13,'251','230'),(9,'252','IT'),(9,'252','EN'),(10,'252','MAN3'),(11,'252','GAMMA1'),(13,'252','231'),(9,'253','IT'),(9,'253','EN'),(10,'253','MAN3'),(11,'253','GAMMA1'),(13,'253','232'),(10,'254','MAN3'),(11,'254','GAMMA1'),(13,'254','233'),(9,'255','IT'),(9,'255','EN'),(10,'255','MAN3'),(11,'255','GAMMA2'),(13,'255','234'),(9,'256','IT'),(9,'256','EN'),(10,'256','MAN3'),(11,'256','GAMMA2'),(13,'256','235'),(9,'257','IT'),(9,'257','EN'),(10,'257','MAN3'),(11,'257','GAMMA2'),(13,'257','236'),(9,'258','ES'),(9,'258','FR'),(10,'258','MAN3'),(11,'258','GAMMA2'),(13,'258','264'),(9,'259','ES'),(10,'259','MAN3'),(11,'259','GAMMA2'),(13,'259','238'),(9,'260','ES'),(10,'260','MAN3'),(11,'260','GAMMA2'),(13,'260','239'),(9,'261','ES'),(10,'261','MAN3'),(11,'261','GAMMA2'),(13,'261','240'),(9,'262','ES'),(10,'262','MAN3'),(11,'262','GAMMA2'),(13,'262','241'),(9,'263','ES'),(10,'263','MAN3'),(11,'263','GAMMA2'),(13,'263','242'),(9,'264','ES'),(10,'264','MAN3'),(11,'264','GAMMA1'),(13,'264','243'),(9,'265','ES'),(10,'265','MAN3'),(11,'265','GAMMA1'),(13,'265','244'),(9,'266','ES'),(10,'266','MAN3'),(11,'266','GAMMA2'),(13,'266','245'),(9,'267','ES'),(10,'267','MAN3'),(11,'267','GAMMA2'),(13,'267','246'),(9,'268','ES'),(10,'268','MAN3'),(11,'268','GAMMA1'),(13,'268','633'),(9,'269','ES'),(10,'269','MAN3'),(11,'269','GAMMA1'),(13,'269','248'),(9,'270','ES'),(10,'270','MAN3'),(11,'270','GAMMA1'),(13,'270','249'),(9,'271','ES'),(10,'271','MAN3'),(11,'271','GAMMA1'),(13,'271','629'),(9,'272','ES'),(10,'272','MAN3'),(11,'272','GAMMA1'),(13,'272','251'),(9,'273','ES'),(10,'273','MAN3'),(11,'273','GAMMA1'),(13,'273','252'),(9,'274','ES'),(10,'274','MAN3'),(11,'274','GAMMA1'),(13,'274','635'),(9,'275','ES'),(10,'275','MAN3'),(11,'275','GAMMA1'),(13,'275','254'),(9,'276','ES'),(10,'276','MAN3'),(11,'276','GAMMA1'),(13,'276','255'),(9,'277','ES'),(10,'277','MAN3'),(11,'277','GAMMA1'),(13,'277','256'),(9,'278','ES'),(10,'278','MAN3'),(11,'278','GAMMA1'),(13,'278','257'),(9,'279','ES'),(10,'279','MAN3'),(11,'279','GAMMA1'),(13,'279','258'),(9,'280','ES'),(10,'280','MAN3'),(11,'280','GAMMA1'),(13,'280','624'),(9,'281','ES'),(10,'281','MAN3'),(11,'281','GAMMA1'),(13,'281','260'),(9,'282','ES'),(10,'282','MAN3'),(11,'282','GAMMA1'),(13,'282','261'),(9,'283','ES'),(10,'283','MAN3'),(11,'283','GAMMA1'),(13,'283','262'),(9,'284','ES'),(10,'284','MAN3'),(11,'284','GAMMA1'),(13,'284','263'),(9,'285','IT'),(9,'285','EN'),(10,'285','MAN3'),(11,'285','GAMMA2'),(12,'285','52 WAVE (02)'),(13,'285','265'),(10,'286','MAN3'),(11,'286','GAMMA2'),(13,'286','265'),(10,'287','MAN3'),(11,'287','GAMMA2'),(13,'287','266'),(10,'288','MAN3'),(11,'288','GAMMA2'),(13,'288','267'),(10,'289','MAN3'),(11,'289','GAMMA2'),(13,'289','268'),(10,'290','MAN3'),(11,'290','GAMMA2'),(13,'290','269'),(9,'291','FR'),(10,'291','MAN3'),(11,'291','GAMMA1'),(13,'291','270'),(9,'292','FR'),(10,'292','MAN3'),(11,'292','GAMMA1'),(13,'292','271'),(9,'293','FR'),(10,'293','MAN3'),(11,'293','GAMMA2'),(13,'293','272'),(9,'294','FR'),(10,'294','MAN3'),(11,'294','GAMMA1'),(13,'294','634'),(9,'295','FR'),(10,'295','MAN3'),(11,'295','GAMMA1'),(13,'295','274'),(9,'296','FR'),(10,'296','MAN3'),(11,'296','GAMMA1'),(13,'296','275'),(9,'297','FR'),(10,'297','MAN3'),(11,'297','GAMMA1'),(13,'297','630'),(9,'298','FR'),(10,'298','MAN3'),(11,'298','GAMMA1'),(13,'298','277'),(9,'299','FR'),(10,'299','MAN3'),(11,'299','GAMMA1'),(13,'299','278'),(9,'300','FR'),(10,'300','MAN3'),(11,'300','GAMMA1'),(13,'300','636'),(9,'301','FR'),(10,'301','MAN3'),(11,'301','GAMMA1'),(13,'301','280'),(9,'302','FR'),(10,'302','MAN3'),(11,'302','GAMMA1'),(13,'302','281'),(9,'303','FR'),(10,'303','MAN3'),(11,'303','GAMMA1'),(13,'303','282'),(9,'304','FR'),(10,'304','MAN3'),(11,'304','GAMMA1'),(13,'304','625'),(9,'305','FR'),(10,'305','MAN3'),(11,'305','GAMMA1'),(13,'305','284'),(9,'306','FR'),(10,'306','MAN3'),(11,'306','GAMMA1'),(13,'306','285'),(9,'307','FR'),(10,'307','MAN3'),(11,'307','GAMMA1'),(13,'307','286'),(9,'308','FR'),(10,'308','MAN3'),(11,'308','GAMMA1'),(13,'308','287'),(10,'309','MAN3'),(11,'309','GAMMA1'),(13,'309','288'),(10,'310','MAN3'),(11,'310','GAMMA1'),(13,'310','289'),(9,'311','IT'),(10,'311','MAN3'),(11,'311','GAMMA1'),(13,'311','290'),(10,'312','MAN3'),(11,'312','GAMMA1'),(13,'312','626'),(10,'313','MAN3'),(11,'313','GAMMA1'),(13,'313','292'),(10,'314','MAN3'),(11,'314','GAMMA3'),(13,'314','293'),(10,'315','MAN3'),(11,'315','GAMMA3'),(13,'315','294'),(10,'316','MAN3'),(11,'316','GAMMA2'),(13,'316','295'),(10,'317','MAN3'),(11,'317','GAMMA2'),(13,'317','296'),(9,'318','ES'),(10,'318','MAN3'),(11,'318','GAMMA2'),(13,'318','297'),(10,'319','MAN3'),(11,'319','GAMMA2'),(13,'319','298'),(10,'320','MAN3'),(11,'320','GAMMA2'),(13,'320','299'),(9,'321','DE'),(10,'321','MAN3'),(11,'321','GAMMA2'),(13,'321','300'),(9,'322','DE'),(10,'322','MAN3'),(11,'322','GAMMA2'),(13,'322','301'),(10,'323','MAN3'),(11,'323','GAMMA2'),(13,'323','302'),(10,'324','MAN3'),(11,'324','GAMMA2'),(13,'324','303'),(9,'325','DE'),(10,'325','MAN3'),(11,'325','GAMMA2'),(13,'325','304'),(10,'326','MAN3'),(11,'326','GAMMA2'),(13,'326','305'),(10,'327','MAN3'),(11,'327','GAMMA2'),(13,'327','306'),(10,'328','MAN3'),(11,'328','GAMMA2'),(13,'328','307'),(10,'329','MAN3'),(11,'329','GAMMA2'),(13,'329','308'),(10,'330','MAN3'),(11,'330','GAMMA2'),(13,'330','309'),(10,'331','MAN3'),(11,'331','GAMMA2'),(13,'331','310'),(10,'332','MAN3'),(11,'332','GAMMA2'),(13,'332','311'),(10,'333','MAN3'),(11,'333','GAMMA2'),(13,'333','312'),(9,'334','ES'),(10,'334','MAN3'),(11,'334','GAMMA2'),(13,'334','313'),(9,'335','ES'),(10,'335','MAN3'),(11,'335','GAMMA2'),(13,'335','314'),(9,'336','ES'),(10,'336','MAN3'),(11,'336','GAMMA2'),(13,'336','315'),(9,'337','FR'),(10,'337','MAN3'),(11,'337','GAMMA2'),(13,'337','316'),(9,'338','FR'),(10,'338','MAN3'),(11,'338','GAMMA2'),(13,'338','317'),(9,'339','FR'),(10,'339','MAN3'),(11,'339','GAMMA2'),(13,'339','318'),(9,'340','DE'),(10,'340','MAN3'),(11,'340','GAMMA2'),(13,'340','319'),(10,'341','MAN3'),(11,'341','GAMMA2'),(13,'341','320'),(10,'342','MAN3'),(11,'342','GAMMA2'),(13,'342','321'),(10,'343','MAN3'),(11,'343','GAMMA2'),(13,'343','322'),(10,'344','MAN3'),(11,'344','GAMMA2'),(13,'344','323'),(9,'345','ES'),(10,'345','MAN3'),(11,'345','GAMMA2'),(13,'345','324'),(9,'346','ES'),(10,'346','MAN3'),(11,'346','GAMMA2'),(13,'346','325'),(9,'347','ES'),(10,'347','MAN3'),(11,'347','GAMMA2'),(13,'347','326'),(9,'348','ES'),(10,'348','MAN3'),(11,'348','GAMMA2'),(13,'348','327'),(9,'349','FR'),(10,'349','MAN3'),(11,'349','GAMMA2'),(13,'349','328'),(9,'350','FR'),(10,'350','MAN3'),(11,'350','GAMMA2'),(13,'350','329'),(9,'351','DE'),(10,'351','MAN3'),(11,'351','GAMMA2'),(13,'351','330'),(10,'352','MAN3'),(11,'352','GAMMA2'),(13,'352','331'),(10,'353','MAN3'),(11,'353','GAMMA2'),(13,'353','332'),(10,'354','MAN3'),(11,'354','GAMMA2'),(13,'354','333'),(9,'355','ES'),(10,'355','MAN3'),(11,'355','GAMMA2'),(13,'355','334'),(9,'356','ES'),(10,'356','MAN3'),(11,'356','GAMMA2'),(13,'356','335'),(9,'357','ES'),(10,'357','MAN3'),(11,'357','GAMMA2'),(13,'357','336'),(9,'358','FR'),(10,'358','MAN3'),(11,'358','GAMMA2'),(13,'358','336'),(10,'359','MAN3'),(11,'359','GAMMA2'),(13,'359','338'),(10,'360','MAN3'),(11,'360','GAMMA2'),(13,'360','339'),(10,'361','MAN3'),(11,'361','GAMMA2'),(13,'361','340'),(10,'362','MAN3'),(11,'362','GAMMA2'),(13,'362','341'),(10,'363','MAN3'),(11,'363','GAMMA2'),(13,'363','342'),(10,'364','MAN3'),(11,'364','GAMMA2'),(13,'364','343'),(10,'365','MAN3'),(11,'365','GAMMA2'),(13,'365','344'),(10,'366','MAN3'),(11,'366','GAMMA2'),(13,'366','345'),(10,'367','MAN3'),(11,'367','GAMMA2'),(13,'367','346'),(10,'368','MAN3'),(11,'368','GAMMA2'),(13,'368','347'),(10,'369','MAN3'),(11,'369','GAMMA2'),(13,'369','348'),(10,'370','MAN3'),(11,'370','GAMMA3'),(13,'370','349'),(10,'371','MAN3'),(11,'371','GAMMA3'),(13,'371','350'),(9,'372','FR'),(10,'372','MAN3'),(11,'372','GAMMA3'),(13,'372','351'),(9,'373','DE'),(10,'373','MAN3'),(11,'373','GAMMA3'),(13,'373','352'),(9,'374','DE'),(10,'374','MAN3'),(11,'374','GAMMA3'),(13,'374','353'),(10,'375','MAN3'),(11,'375','GAMMA3'),(13,'375','355'),(10,'376','MAN3'),(11,'376','GAMMA3'),(13,'376','355'),(9,'377','ES'),(10,'377','MAN3'),(11,'377','GAMMA3'),(13,'377','356'),(9,'378','ES'),(10,'378','MAN3'),(11,'378','GAMMA3'),(13,'378','357'),(9,'379','FR'),(10,'379','MAN3'),(11,'379','GAMMA3'),(13,'379','358'),(9,'380','FR'),(10,'380','MAN3'),(11,'380','GAMMA3'),(13,'380','360'),(9,'381','DE'),(10,'381','MAN3'),(11,'381','GAMMA3'),(13,'381','361'),(9,'382','DE'),(10,'382','MAN3'),(11,'382','GAMMA3'),(13,'382','361'),(10,'383','MAN3'),(11,'383','GAMMA3'),(13,'383','362'),(10,'384','MAN3'),(11,'384','GAMMA3'),(13,'384','363'),(9,'385','ES'),(10,'385','MAN3'),(11,'385','GAMMA3'),(13,'385','364'),(9,'386','ES'),(10,'386','MAN3'),(11,'386','GAMMA3'),(13,'386','364'),(9,'387','FR'),(10,'387','MAN3'),(11,'387','GAMMA3'),(13,'387','366'),(9,'388','FR'),(10,'388','MAN3'),(11,'388','GAMMA3'),(13,'388','367'),(10,'389','MAN3'),(11,'389','GAMMA3'),(13,'389','368'),(9,'390','IT'),(10,'390','MAN3'),(11,'390','GAMMA3'),(13,'390','369'),(9,'391','DE'),(10,'391','MAN3'),(11,'391','GAMMA3'),(13,'391','370'),(10,'392','MAN3'),(11,'392','GAMMA3'),(13,'392','371'),(9,'393','ES'),(10,'393','MAN3'),(11,'393','GAMMA3'),(13,'393','372'),(9,'394','FR'),(10,'394','MAN3'),(11,'394','GAMMA3'),(13,'394','373'),(10,'395','MAN3'),(11,'395','GAMMA3'),(13,'395','374'),(10,'396','MAN3'),(11,'396','GAMMA3'),(13,'396','375'),(10,'397','MAN3'),(11,'397','GAMMA3'),(13,'397','376'),(10,'398','MAN3'),(11,'398','GAMMA3'),(13,'398','377'),(10,'399','MAN3'),(11,'399','GAMMA3'),(13,'399','378'),(10,'400','MAN3'),(11,'400','GAMMA3'),(13,'400','379'),(9,'401','DE'),(10,'401','MAN3'),(11,'401','GAMMA3'),(13,'401','380'),(10,'402','MAN3'),(11,'402','GAMMA3'),(13,'402','380'),(10,'403','MAN3'),(11,'403','GAMMA3'),(13,'403','382'),(10,'404','MAN3'),(11,'404','GAMMA3'),(13,'404','383'),(10,'405','MAN3'),(11,'405','GAMMA3'),(13,'405','384'),(9,'406','IT'),(9,'406','EN'),(10,'406','MAN3'),(11,'406','GAMMA1'),(13,'406','386'),(9,'407','IT'),(9,'407','EN'),(10,'407','MAN3'),(11,'407','GAMMA1'),(13,'407','387'),(9,'408','IT'),(9,'408','EN'),(10,'408','MAN3'),(11,'408','GAMMA1'),(13,'408','388'),(9,'409','IT'),(9,'409','EN'),(10,'409','MAN3'),(11,'409','GAMMA1'),(13,'409','389'),(9,'410','ES'),(10,'410','MAN3'),(11,'410','GAMMA1'),(13,'410','390'),(9,'411','FR'),(10,'411','MAN3'),(11,'411','GAMMA1'),(13,'411','391'),(9,'412','IT'),(9,'412','EN'),(10,'412','MAN3'),(11,'412','GAMMA1'),(13,'412','392'),(9,'413','ES'),(10,'413','MAN3'),(11,'413','GAMMA1'),(13,'413','393'),(9,'414','FR'),(10,'414','MAN3'),(11,'414','GAMMA1'),(13,'414','394'),(9,'415','IT'),(9,'415','EN'),(10,'415','MAN3'),(11,'415','GAMMA1'),(13,'415','395'),(9,'416','IT'),(9,'416','EN'),(10,'416','MAN3'),(11,'416','GAMMA1'),(13,'416','396'),(9,'417','IT'),(9,'417','EN'),(10,'417','MAN3'),(11,'417','GAMMA1'),(13,'417','397'),(10,'418','MAN3'),(11,'418','GAMMA1'),(13,'418','398'),(9,'419','ES'),(10,'419','MAN3'),(11,'419','GAMMA1'),(13,'419','399'),(9,'420','IT'),(9,'420','EN'),(10,'420','MAN3'),(11,'420','GAMMA1'),(13,'420','400'),(9,'421','FR'),(10,'421','MAN3'),(11,'421','GAMMA1'),(13,'421','401'),(9,'422','ES'),(10,'422','MAN3'),(11,'422','GAMMA1'),(13,'422','402'),(9,'423','ES'),(10,'423','MAN3'),(11,'423','GAMMA1'),(13,'423','403'),(9,'424','ES'),(10,'424','MAN3'),(11,'424','GAMMA1'),(13,'424','404'),(9,'425','ES'),(10,'425','MAN3'),(11,'425','GAMMA1'),(13,'425','405'),(9,'426','FR'),(10,'426','MAN3'),(11,'426','GAMMA1'),(13,'426','406'),(9,'427','FR'),(10,'427','MAN3'),(11,'427','GAMMA1'),(13,'427','407'),(9,'428','IT'),(9,'428','EN'),(10,'428','MAN3'),(11,'428','GAMMA1'),(13,'428','408'),(9,'429','IT'),(9,'429','EN'),(10,'429','MAN3'),(11,'429','GAMMA1'),(13,'429','409'),(9,'430','ES'),(10,'430','MAN3'),(11,'430','GAMMA1'),(13,'430','410'),(9,'431','ES'),(10,'431','MAN3'),(11,'431','GAMMA1'),(13,'431','411'),(9,'432','FR'),(10,'432','MAN3'),(11,'432','GAMMA1'),(13,'432','412'),(9,'433','FR'),(10,'433','MAN3'),(11,'433','GAMMA1'),(13,'433','413'),(9,'434','IT'),(9,'434','EN'),(10,'434','MAN3'),(11,'434','GAMMA1'),(13,'434','414'),(9,'435','ES'),(10,'435','MAN3'),(11,'435','GAMMA1'),(13,'435','415'),(9,'436','FR'),(10,'436','MAN3'),(11,'436','GAMMA1'),(13,'436','416'),(10,'437','MAN3'),(11,'437','GAMMA1'),(13,'437','417'),(9,'438','IT'),(9,'438','EN'),(10,'438','MAN3'),(11,'438','GAMMA1'),(13,'438','418'),(9,'439','IT'),(9,'439','EN'),(10,'439','MAN3'),(11,'439','GAMMA1'),(13,'439','419'),(9,'440','IT'),(9,'440','EN'),(10,'440','MAN3'),(11,'440','GAMMA1'),(13,'440','420'),(9,'441','IT'),(9,'441','EN'),(10,'441','MAN3'),(11,'441','GAMMA1'),(13,'441','421'),(9,'442','ES'),(10,'442','MAN3'),(11,'442','GAMMA1'),(13,'442','422'),(9,'443','ES'),(10,'443','MAN3'),(11,'443','GAMMA1'),(13,'443','423'),(9,'444','ES'),(10,'444','MAN3'),(11,'444','GAMMA1'),(13,'444','424'),(9,'445','FR'),(10,'445','MAN3'),(11,'445','GAMMA1'),(13,'445','425'),(9,'446','FR'),(10,'446','MAN3'),(11,'446','GAMMA1'),(13,'446','426'),(9,'447','FR'),(10,'447','MAN3'),(11,'447','GAMMA1'),(13,'447','427'),(9,'448','FR'),(10,'448','MAN3'),(11,'448','GAMMA1'),(13,'448','428'),(9,'449','DE'),(10,'449','MAN3'),(11,'449','GAMMA1'),(13,'449','429'),(9,'450','DE'),(10,'450','MAN3'),(11,'450','GAMMA1'),(13,'450','430'),(10,'451','MAN3'),(11,'451','GAMMA1'),(13,'451','431'),(10,'452','MAN3'),(11,'452','GAMMA1'),(13,'452','432'),(9,'453','ES'),(10,'453','MAN3'),(11,'453','GAMMA1'),(13,'453','433'),(9,'454','ES'),(10,'454','MAN3'),(11,'454','GAMMA1'),(13,'454','434'),(9,'455','FR'),(10,'455','MAN3'),(11,'455','GAMMA1'),(13,'455','435'),(9,'456','FR'),(10,'456','MAN3'),(11,'456','GAMMA1'),(13,'456','436'),(9,'457','DE'),(10,'457','MAN3'),(11,'457','GAMMA1'),(13,'457','437'),(9,'458','DE'),(10,'458','MAN3'),(11,'458','GAMMA1'),(13,'458','438'),(9,'459','DE'),(10,'459','MAN3'),(11,'459','GAMMA1'),(13,'459','439'),(9,'460','DE'),(10,'460','MAN3'),(11,'460','GAMMA1'),(13,'460','440'),(9,'461','IT'),(9,'461','EN'),(10,'461','MAN3'),(11,'461','GAMMA1'),(13,'461','441'),(9,'462','IT'),(9,'462','EN'),(10,'462','MAN3'),(11,'462','GAMMA1'),(13,'462','442'),(10,'463','MAN3'),(11,'463','GAMMA1'),(13,'463','443'),(9,'464','IT'),(9,'464','EN'),(10,'464','MAN3'),(11,'464','GAMMA1'),(13,'464','444'),(9,'465','ES'),(10,'465','MAN3'),(11,'465','GAMMA1'),(13,'465','445'),(9,'466','ES'),(10,'466','MAN3'),(11,'466','GAMMA1'),(13,'466','446'),(9,'467','ES'),(10,'467','MAN3'),(11,'467','GAMMA1'),(13,'467','447'),(9,'468','ES'),(10,'468','MAN3'),(11,'468','GAMMA1'),(13,'468','448'),(9,'469','FR'),(10,'469','MAN3'),(11,'469','GAMMA1'),(13,'469','449'),(9,'470','FR'),(10,'470','MAN3'),(11,'470','GAMMA1'),(13,'470','450'),(9,'471','FR'),(10,'471','MAN3'),(11,'471','GAMMA1'),(13,'471','451'),(9,'472','FR'),(10,'472','MAN3'),(11,'472','GAMMA1'),(13,'472','452'),(9,'473','DE'),(10,'473','MAN3'),(11,'473','GAMMA1'),(13,'473','453'),(9,'474','IT'),(9,'474','EN'),(10,'474','MAN3'),(11,'474','GAMMA1'),(13,'474','454'),(9,'475','ES'),(10,'475','MAN3'),(11,'475','GAMMA1'),(13,'475','455'),(9,'476','FR'),(10,'476','MAN3'),(11,'476','GAMMA1'),(13,'476','456'),(10,'477','MAN3'),(11,'477','GAMMA1'),(13,'477','457'),(9,'478','DE'),(10,'478','MAN3'),(11,'478','GAMMA1'),(13,'478','458'),(10,'479','MAN3'),(11,'479','GAMMA1'),(13,'479','459'),(9,'480','ES'),(10,'480','MAN3'),(11,'480','GAMMA1'),(13,'480','460'),(9,'481','FR'),(10,'481','MAN3'),(11,'481','GAMMA1'),(13,'481','461'),(10,'482','MAN3'),(11,'482','GAMMA1'),(13,'482','462'),(9,'483','IT'),(9,'483','EN'),(10,'483','MAN3'),(11,'483','GAMMA1'),(13,'483','463'),(9,'484','IT'),(9,'484','EN'),(10,'484','MAN3'),(11,'484','GAMMA1'),(13,'484','464'),(10,'485','MAN3'),(11,'485','GAMMA1'),(13,'485','465'),(9,'486','IT'),(9,'486','EN'),(10,'486','MAN3'),(11,'486','GAMMA1'),(13,'486','466'),(9,'487','ES'),(10,'487','MAN3'),(11,'487','GAMMA1'),(13,'487','467'),(9,'488','ES'),(10,'488','MAN3'),(11,'488','GAMMA1'),(13,'488','468'),(9,'489','FR'),(10,'489','MAN3'),(11,'489','GAMMA1'),(13,'489','469'),(9,'490','FR'),(10,'490','MAN3'),(11,'490','GAMMA1'),(13,'490','470'),(9,'491','FR'),(10,'491','MAN3'),(11,'491','GAMMA1'),(13,'491','471'),(9,'492','IT'),(9,'492','EN'),(10,'492','MAN3'),(11,'492','GAMMA1'),(13,'492','472'),(9,'493','ES'),(10,'493','MAN3'),(11,'493','GAMMA1'),(13,'493','473'),(9,'494','IT'),(9,'494','EN'),(10,'494','MAN3'),(11,'494','GAMMA1'),(13,'494','474'),(9,'495','ES'),(10,'495','MAN3'),(11,'495','GAMMA1'),(13,'495','475'),(9,'496','FR'),(10,'496','MAN3'),(11,'496','GAMMA1'),(13,'496','476'),(9,'497','IT'),(9,'497','EN'),(10,'497','MAN3'),(11,'497','GAMMA1'),(13,'497','477'),(9,'498','ES'),(10,'498','MAN3'),(11,'498','GAMMA1'),(13,'498','478'),(10,'499','MAN3'),(11,'499','GAMMA1'),(13,'499','479'),(9,'500','IT'),(9,'500','EN'),(10,'500','MAN3'),(11,'500','GAMMA1'),(13,'500','480'),(10,'501','MAN3'),(11,'501','GAMMA1'),(13,'501','481'),(9,'502','ES'),(10,'502','MAN3'),(11,'502','GAMMA1'),(13,'502','482'),(9,'503','ES'),(10,'503','MAN3'),(11,'503','GAMMA1'),(13,'503','483'),(9,'504','FR'),(10,'504','MAN3'),(11,'504','GAMMA1'),(13,'504','484'),(9,'505','FR'),(10,'505','MAN3'),(11,'505','GAMMA1'),(13,'505','485'),(9,'506','DE'),(10,'506','MAN3'),(11,'506','GAMMA1'),(13,'506','486'),(9,'507','IT'),(9,'507','EN'),(10,'507','MAN3'),(11,'507','GAMMA1'),(13,'507','487'),(9,'508','ES'),(10,'508','MAN3'),(11,'508','GAMMA1'),(13,'508','488'),(9,'509','FR'),(10,'509','MAN3'),(11,'509','GAMMA1'),(13,'509','489'),(9,'510','DE'),(10,'510','MAN3'),(11,'510','GAMMA1'),(13,'510','490'),(9,'511','IT'),(9,'511','EN'),(10,'511','MAN3'),(11,'511','GAMMA1'),(13,'511','491'),(9,'512','ES'),(10,'512','MAN3'),(11,'512','GAMMA1'),(13,'512','492'),(9,'513','FR'),(10,'513','MAN3'),(11,'513','GAMMA1'),(13,'513','493'),(9,'514','DE'),(10,'514','MAN3'),(11,'514','GAMMA1'),(12,'514','5000 Evolution EU5 (vers. 5013)'),(13,'514','494'),(10,'515','MAN3'),(11,'515','GAMMA1'),(12,'515','5000 Evolution EU5 (vers. 5013)'),(13,'515','495'),(9,'516','FR'),(10,'516','MAN3'),(11,'516','GAMMA1'),(12,'516','5000 Evolution EU5 (vers. 5013)'),(13,'516','496'),(10,'517','MAN3'),(11,'517','GAMMA1'),(12,'517','5000 Evolution EU5 (vers. 5012)'),(13,'517','497'),(9,'518','DE'),(10,'518','MAN3'),(11,'518','GAMMA1'),(13,'518','498'),(10,'519','MAN3'),(11,'519','GAMMA1'),(13,'519','499'),(9,'520','ES'),(10,'520','MAN3'),(11,'520','GAMMA1'),(13,'520','500'),(9,'521','FR'),(10,'521','MAN3'),(11,'521','GAMMA1'),(13,'521','501'),(10,'522','MAN3'),(11,'522','GAMMA1'),(13,'522','502'),(10,'523','MAN3'),(11,'523','GAMMA1'),(13,'523','503'),(9,'524','ES'),(10,'524','MAN3'),(11,'524','GAMMA1'),(13,'524','504'),(9,'525','FR'),(10,'525','MAN3'),(11,'525','GAMMA1'),(13,'525','505'),(9,'526','FR'),(10,'526','MAN3'),(11,'526','GAMMA1'),(13,'526','506'),(9,'527','DE'),(10,'527','MAN3'),(11,'527','GAMMA1'),(13,'527','507'),(9,'528','IT'),(9,'528','EN'),(10,'528','MAN3'),(11,'528','GAMMA1'),(13,'528','508'),(9,'529','ES'),(10,'529','MAN3'),(11,'529','GAMMA1'),(13,'529','509'),(9,'530','FR'),(10,'530','MAN3'),(11,'530','GAMMA1'),(13,'530','510'),(9,'531','DE'),(10,'531','MAN3'),(11,'531','GAMMA1'),(13,'531','511'),(9,'532','DE'),(10,'532','MAN3'),(11,'532','GAMMA1'),(13,'532','512'),(9,'533','IT'),(9,'533','EN'),(10,'533','MAN3'),(11,'533','GAMMA1'),(13,'533','513'),(9,'534','ES'),(10,'534','MAN3'),(11,'534','GAMMA1'),(13,'534','514'),(9,'535','FR'),(10,'535','MAN3'),(11,'535','GAMMA1'),(13,'535','515'),(9,'536','DE'),(10,'536','MAN3'),(11,'536','GAMMA1'),(13,'536','516'),(9,'537','IT'),(9,'537','EN'),(10,'537','MAN3'),(11,'537','GAMMA1'),(13,'537','517'),(9,'538','ES'),(10,'538','MAN3'),(11,'538','GAMMA1'),(13,'538','518'),(9,'539','FR'),(10,'539','MAN3'),(11,'539','GAMMA1'),(13,'539','519'),(9,'540','IT'),(9,'540','EN'),(10,'540','MAN3'),(11,'540','GAMMA1'),(13,'540','520'),(9,'541','ES'),(10,'541','MAN3'),(11,'541','GAMMA1'),(13,'541','521'),(9,'542','IT'),(9,'542','EN'),(10,'542','MAN3'),(11,'542','GAMMA1'),(13,'542','522'),(9,'543','ES'),(10,'543','MAN3'),(11,'543','GAMMA1'),(13,'543','523'),(9,'544','DE'),(10,'544','MAN3'),(11,'544','GAMMA1'),(13,'544','524'),(10,'545','MAN3'),(11,'545','GAMMA1'),(13,'545','525'),(9,'546','ES'),(10,'546','MAN3'),(11,'546','GAMMA1'),(13,'546','526'),(9,'547','FR'),(10,'547','MAN3'),(11,'547','GAMMA1'),(13,'547','527'),(9,'548','DE'),(10,'548','MAN3'),(11,'548','GAMMA1'),(13,'548','528'),(10,'549','MAN3'),(11,'549','GAMMA1'),(13,'549','529'),(9,'550','ES'),(10,'550','MAN3'),(11,'550','GAMMA1'),(13,'550','530'),(9,'551','FR'),(10,'551','MAN3'),(11,'551','GAMMA1'),(13,'551','531'),(10,'552','MAN3'),(11,'552','GAMMA1'),(13,'552','532'),(10,'553','MAN3'),(11,'553','GAMMA1'),(13,'553','533'),(9,'554','DE'),(10,'554','MAN3'),(11,'554','GAMMA1'),(13,'554','534'),(9,'555','IT'),(9,'555','EN'),(10,'555','MAN3'),(11,'555','GAMMA1'),(13,'555','535'),(9,'556','ES'),(10,'556','MAN3'),(11,'556','GAMMA1'),(13,'556','536'),(9,'557','FR'),(10,'557','MAN3'),(11,'557','GAMMA1'),(13,'557','537'),(9,'558','IT'),(9,'558','EN'),(10,'558','MAN3'),(11,'558','GAMMA1'),(13,'558','538'),(9,'559','ES'),(10,'559','MAN3'),(11,'559','GAMMA1'),(13,'559','539'),(10,'560','MAN3'),(11,'560','GAMMA1'),(13,'560','540'),(9,'561','IT'),(9,'561','EN'),(10,'561','MAN3'),(11,'561','GAMMA1'),(13,'561','541'),(9,'562','IT'),(9,'562','EN'),(10,'562','MAN3'),(11,'562','GAMMA1'),(13,'562','542'),(9,'563','IT'),(9,'563','EN'),(10,'563','MAN3'),(11,'563','GAMMA1'),(13,'563','543'),(9,'564','ES'),(10,'564','MAN3'),(11,'564','GAMMA1'),(13,'564','544'),(9,'565','ES'),(10,'565','MAN3'),(11,'565','GAMMA1'),(13,'565','545'),(9,'566','FR'),(10,'566','MAN3'),(11,'566','GAMMA1'),(13,'566','546'),(9,'567','FR'),(10,'567','MAN3'),(11,'567','GAMMA1'),(13,'567','547'),(9,'568','FR'),(10,'568','MAN3'),(11,'568','GAMMA1'),(13,'568','548'),(9,'569','DE'),(10,'569','MAN3'),(11,'569','GAMMA1'),(13,'569','549'),(9,'570','DE'),(10,'570','MAN3'),(11,'570','GAMMA1'),(13,'570','550'),(9,'571','IT'),(9,'571','EN'),(10,'571','MAN3'),(11,'571','GAMMA1'),(13,'571','551'),(9,'572','IT'),(9,'572','EN'),(10,'572','MAN3'),(11,'572','GAMMA1'),(13,'572','552'),(9,'573','ES'),(10,'573','MAN3'),(11,'573','GAMMA1'),(13,'573','553'),(9,'574','ES'),(10,'574','MAN3'),(11,'574','GAMMA1'),(13,'574','554'),(9,'575','FR'),(10,'575','MAN3'),(11,'575','GAMMA1'),(13,'575','555'),(9,'576','FR'),(10,'576','MAN3'),(11,'576','GAMMA1'),(13,'576','556'),(10,'577','MAN3'),(11,'577','GAMMA1'),(13,'577','557'),(9,'578','DE'),(10,'578','MAN3'),(11,'578','GAMMA1'),(13,'578','558'),(9,'579','FR'),(10,'579','MAN3'),(11,'579','GAMMA1'),(13,'579','559'),(9,'580','IT'),(9,'580','EN'),(10,'580','MAN3'),(11,'580','GAMMA1'),(13,'580','560'),(9,'581','ES'),(10,'581','MAN3'),(11,'581','GAMMA1'),(13,'581','561'),(11,'599','GAMMA1'),(12,'599','5000 City (03)'),(12,'599','5000 City (04)'),(13,'599','607'),(10,'599','MAN1'),(9,'599','IT'),(9,'599','EN'),(9,'341','DE'),(9,'226','IT'),(9,'226','EN'),(9,'221','IT'),(9,'221','EN'),(9,'35','IT'),(9,'289','FR'),(9,'290','FR'),(9,'515','ES'),(9,'396','IT'),(9,'396','EN'),(9,'396','ES'),(9,'396','FR'),(9,'396','DE'),(9,'397','IT'),(9,'397','EN'),(9,'397','ES'),(9,'397','FR'),(9,'397','DE'),(9,'398','IT'),(9,'398','EN'),(9,'405','IT'),(9,'405','EN'),(9,'404','IT'),(9,'404','EN'),(9,'402','IT'),(9,'402','EN'),(9,'400','ES'),(9,'400','FR'),(9,'399','IT'),(9,'399','EN'),(9,'399','ES'),(9,'399','FR'),(9,'399','DE'),(9,'395','IT'),(9,'395','EN'),(9,'392','IT'),(9,'392','EN'),(9,'389','IT'),(9,'389','EN'),(9,'376','IT'),(9,'376','EN'),(9,'371','IT'),(9,'371','EN'),(9,'375','IT'),(9,'375','EN'),(9,'366','IT'),(9,'366','EN'),(9,'366','ES'),(9,'366','FR'),(9,'366','DE'),(9,'367','IT'),(9,'367','EN'),(9,'367','ES'),(9,'367','FR'),(9,'367','DE'),(9,'368','IT'),(9,'368','EN'),(9,'368','ES'),(9,'368','FR'),(9,'368','DE'),(9,'369','IT'),(9,'369','EN'),(9,'369','ES'),(9,'369','FR'),(9,'369','DE'),(9,'370','IT'),(9,'370','EN'),(9,'361','IT'),(9,'361','EN'),(9,'362','IT'),(9,'362','EN'),(9,'363','IT'),(9,'363','EN'),(9,'364','ES'),(9,'365','ES'),(9,'360','IT'),(9,'360','EN'),(9,'359','IT'),(9,'359','EN'),(9,'354','IT'),(9,'354','EN'),(9,'353','IT'),(9,'353','EN'),(9,'352','IT'),(9,'352','EN'),(9,'342','IT'),(9,'342','EN'),(9,'343','IT'),(9,'343','EN'),(9,'344','IT'),(9,'344','EN'),(9,'333','IT'),(9,'333','EN'),(9,'326','IT'),(9,'326','EN'),(9,'327','ES'),(9,'328','FR'),(9,'329','DE'),(9,'330','DE'),(9,'317','IT'),(9,'317','EN'),(9,'316','IT'),(9,'316','EN'),(9,'315','IT'),(9,'315','EN'),(9,'315','ES'),(9,'315','FR'),(9,'315','DE'),(9,'314','IT'),(9,'314','EN'),(9,'314','ES'),(9,'314','FR'),(9,'314','DE'),(9,'313','IT'),(9,'313','EN'),(9,'309','IT'),(9,'309','EN'),(9,'577','IT'),(9,'577','EN'),(9,'553','IT'),(9,'553','EN'),(9,'552','IT'),(9,'552','EN'),(9,'499','IT'),(9,'499','EN'),(9,'477','IT'),(9,'477','EN'),(9,'522','IT'),(9,'522','EN'),(9,'523','IT'),(9,'523','EN'),(9,'288','FR'),(9,'287','FR'),(11,'619','GAMMA1'),(13,'619','608'),(10,'619','MAN3'),(9,'619','DE'),(11,'620','GAMMA1'),(13,'620','609'),(10,'620','MAN3'),(11,'621','GAMMA1'),(13,'621','610'),(10,'621','MAN3'),(9,'621','ES'),(11,'622','GAMMA1'),(13,'622','611'),(10,'622','MAN3'),(9,'622','FR'),(9,'463','IT'),(9,'463','EN'),(9,'451','IT'),(9,'451','EN'),(9,'452','IT'),(9,'452','EN'),(9,'60','IT'),(9,'60','EN'),(9,'59','ES'),(9,'59','FR'),(9,'403','IT'),(9,'403','EN'),(9,'403','ES'),(9,'403','FR'),(9,'403','DE'),(9,'64','IT'),(9,'64','EN'),(9,'63','ES'),(9,'63','FR'),(9,'482','IT'),(9,'482','EN'),(9,'501','IT'),(9,'501','EN'),(9,'485','IT'),(9,'485','EN'),(9,'437','IT'),(9,'437','EN'),(9,'517','IT'),(9,'517','EN'),(9,'418','IT'),(9,'418','EN'),(9,'71','IT'),(9,'71','EN'),(9,'72','ES'),(9,'72','FR'),(9,'384','IT'),(9,'384','EN'),(9,'383','IT'),(9,'383','EN'),(11,'625','GAMMA1'),(13,'625','194'),(10,'625','MAN1'),(12,'635','7500'),(12,'635','D6'),(12,'35','2000 EURO6A'),(12,'40','2000 EURO6A'),(12,'41','5000 City (00)'),(12,'41','5000 City (01)'),(12,'41','5000 City (02)'),(12,'41','5000 City (03)'),(12,'41','5000 City (04)'),(12,'41','5000 City (05)'),(12,'41','5000 City (06)'),(12,'41','5000 City (07)'),(12,'42','5000 City (00)'),(12,'42','5000 City (01)'),(12,'42','5000 City (02)'),(12,'42','5000 City (03)'),(12,'42','5000 City (04)'),(12,'42','5000 City (05)'),(12,'42','5000 City (06)'),(12,'42','5000 City (07)'),(12,'46','5000 Evolution (00)'),(12,'46','5000 Evolution (01)'),(12,'47','5000 Evolution (00)'),(12,'47','5000 Evolution (01)'),(12,'49','5000 Veloce EURO3 (00)'),(12,'49','5000 Veloce EURO3 (01)'),(12,'49','5000 Veloce EURO3 (02)'),(12,'49','5000 Veloce EURO3 (03)'),(12,'49','5000 Veloce EURO3 (04)'),(12,'49','5000 Veloce EURO3 (05)'),(12,'50','5000 Veloce EURO4'),(12,'51','5000 Veloce EURO4'),(12,'52','6000 Combi EU4'),(12,'52','6000 COMBI EURO6A'),(12,'52','6000 EU4'),(12,'52','6000 EU5'),(12,'52','6000 EURO6A'),(12,'52','6000 TIER3'),(12,'52','6000 TIER3 - for USA market'),(12,'52','6000 TIER3 (vers. HD) - for USA market'),(12,'52','6000 TIER4'),(12,'52','6000 TIER4 - for USA market'),(12,'53','6000 Combi EU4'),(12,'53','6000 COMBI EURO6A'),(12,'53','6000 EU4'),(12,'53','6000 EU5'),(12,'53','6000 EURO6A'),(12,'53','6000 TIER3'),(12,'53','6000 TIER3 - for USA market'),(12,'53','6000 TIER3 (vers. HD) - for USA market'),(12,'53','6000 TIER4'),(12,'53','6000 TIER4 - for USA market'),(12,'54','6000 Combi EU4'),(12,'54','6000 COMBI EURO6A'),(12,'54','6000 EU4'),(12,'54','6000 EU5'),(12,'54','6000 EURO6A'),(12,'54','6000 TIER3'),(12,'54','6000 TIER3 - for USA market'),(12,'54','6000 TIER3 (vers. HD) - for USA market'),(12,'54','6000 TIER4'),(12,'54','6000 TIER4 - for USA market'),(12,'55','6000 Combi EU4'),(12,'55','6000 COMBI EURO6A'),(12,'55','6000 EU4'),(12,'55','6000 EU5'),(12,'55','6000 EURO6A'),(12,'55','6000 TIER3'),(12,'55','6000 TIER3 - for USA market'),(12,'55','6000 TIER3 (vers. HD) - for USA market'),(12,'55','6000 TIER4'),(12,'55','6000 TIER4 - for USA market'),(12,'56','6000 Combi EU4'),(12,'56','6000 COMBI EURO6A'),(12,'56','6000 EU4'),(12,'56','6000 EU5'),(12,'56','6000 EURO6A'),(12,'56','6000 TIER3'),(12,'56','6000 TIER3 - for USA market'),(12,'56','6000 TIER3 (vers. HD) - for USA market'),(12,'56','6000 TIER4'),(12,'56','6000 TIER4 - for USA market'),(12,'57','7500'),(12,'58','7500'),(12,'59','H47 (00)'),(12,'59','H47 (01)'),(12,'60','H47 (00)'),(12,'60','H47 (01)'),(12,'61','505 (NITRO)'),(12,'61','555 (NITRO)'),(12,'61','565 (NITRO)'),(12,'61','665 (NITRO)'),(12,'62','505 (NITRO)'),(12,'62','555 (NITRO)'),(12,'62','565 (NITRO)'),(12,'62','665 (NITRO)'),(12,'63','H507 (ENERGY)'),(12,'63','H557 (ENERGY)'),(12,'63','H667 (ENERGY)'),(12,'64','H507 (ENERGY)'),(12,'64','H557 (ENERGY)'),(12,'64','H667 (ENERGY)'),(12,'65','H607SP'),(12,'65','H707SP'),(12,'65','H710SP'),(12,'65','H810SP'),(12,'66','H607SP'),(12,'66','H707SP'),(12,'66','H710SP'),(12,'66','H810SP'),(12,'67','H610 (00)'),(12,'68','H610 (00)'),(12,'69','H610 (01)'),(12,'70','H610 (01)'),(12,'71','H715 (01)'),(12,'71','H715R (01)'),(12,'71','H815 (01)'),(12,'72','H715 (01)'),(12,'72','H715R (01)'),(12,'72','H815 (01)'),(12,'73','H1020'),(12,'73','H1220'),(12,'74','H1020'),(12,'74','H1220'),(12,'75','850 EU4 (00)'),(12,'75','850 EU4 (01)'),(12,'75','850 EU4 (02)'),(12,'75','850 EU4 (02) - for USA market'),(12,'76','850 EU4 (00)'),(12,'76','850 EU4 (01)'),(12,'76','850 EU4 (02)'),(12,'76','850 EU4 (02) - for USA market'),(12,'77','850 EU4 (00)'),(12,'77','850 EU4 (01)'),(12,'77','850 EU4 (02)'),(12,'77','850 EU4 (02) - for USA market'),(12,'78','850 EU4 (00)'),(12,'78','850 EU4 (01)'),(12,'78','850 EU4 (02)'),(12,'78','850 EU4 (02) - for USA market'),(12,'79','850 EU4 (00)'),(12,'79','850 EU4 (01)'),(12,'79','850 EU4 (02)'),(12,'79','850 EU4 (02) - for USA market'),(12,'85','2000 EURO6C'),(12,'86','2000 EURO6C'),(12,'87','2000 EURO6C'),(12,'88','2000 EURO6C'),(12,'89','2000 EURO6C'),(12,'95','5000 Veloce EURO4'),(12,'96','5000 Veloce EURO4'),(12,'97','5000 Veloce EURO4'),(12,'98','5000 Veloce EURO4'),(12,'99','5000 Veloce EURO4'),(12,'100','5000 Veloce EURO6D'),(12,'101','5000 Veloce EURO6D'),(12,'102','5000 Veloce EURO6D'),(12,'103','5000 Veloce EURO6D'),(12,'104','5000 Veloce EURO6D'),(12,'117','D.zero2 (02)'),(12,'118','D.zero2 (02)'),(12,'119','D.zero2 (02)'),(12,'120','D.zero2 (02)'),(12,'121','D.zero2 (02)'),(12,'122','200 Hydro (01)'),(12,'123','200 Hydro (01)'),(12,'124','200 Hydro (01)'),(12,'125','200 Quattro (00)'),(12,'125','200 Quattro (01)'),(12,'125','200 Quattro (02)'),(12,'125','200 Quattro (03)'),(12,'125','200 Quattro (04)'),(12,'125','200 Quattro (05)'),(12,'125','200 Quattro (06)'),(12,'125','200 Quattro (07)'),(12,'125','200 Quattro EU4 (08)'),(12,'126','200 Quattro (00)'),(12,'126','200 Quattro (01)'),(12,'126','200 Quattro (02)'),(12,'126','200 Quattro (03)'),(12,'126','200 Quattro (04)'),(12,'126','200 Quattro (05)'),(12,'126','200 Quattro (06)'),(12,'126','200 Quattro (07)'),(12,'126','200 Quattro EU4 (08)'),(12,'127','200 Quattro (00)'),(12,'127','200 Quattro (01)'),(12,'127','200 Quattro (02)'),(12,'127','200 Quattro (03)'),(12,'127','200 Quattro (04)'),(12,'127','200 Quattro (05)'),(12,'127','200 Quattro (06)'),(12,'127','200 Quattro (07)'),(12,'127','200 Quattro EU4 (08)'),(12,'128','200 Quattro (00)'),(12,'128','200 Quattro (01)'),(12,'128','200 Quattro (02)'),(12,'128','200 Quattro (03)'),(12,'128','200 Quattro (04)'),(12,'128','200 Quattro (05)'),(12,'128','200 Quattro (06)'),(12,'128','200 Quattro (07)'),(12,'128','200 Quattro EU4 (08)'),(12,'129','200 Quattro (00)'),(12,'129','200 Quattro (01)'),(12,'129','200 Quattro (02)'),(12,'129','200 Quattro (03)'),(12,'129','200 Quattro (04)'),(12,'129','200 Quattro (05)'),(12,'129','200 Quattro (06)'),(12,'129','200 Quattro (07)'),(12,'129','200 Quattro EU4 (08)'),(12,'130','2000 EURO5 (00)'),(12,'130','2000 EURO5 (01)'),(12,'131','2000 EURO5 (00)'),(12,'131','2000 EURO5 (01)'),(12,'132','2000 EURO5 (00)'),(12,'132','2000 EURO5 (01)'),(12,'133','2000 EURO5 (00)'),(12,'133','2000 EURO5 (01)'),(12,'134','2000 EURO5 (00)'),(12,'134','2000 EURO5 (01)'),(12,'135','2000 EURO5 (02)'),(12,'135','2000 EURO5 (03)'),(12,'136','2000 EURO5 (02)'),(12,'136','2000 EURO5 (03)'),(12,'137','2000 EURO5 (02)'),(12,'137','2000 EURO5 (03)'),(12,'138','2000 EURO5 (02)'),(12,'138','2000 EURO5 (03)'),(12,'139','2000 EURO5 (02)'),(12,'139','2000 EURO5 (03)'),(12,'140','2000 EURO6A'),(12,'141','2000 EURO6A'),(12,'142','2000 EURO6A'),(12,'143','2000 EURO6A'),(12,'144','2000 EURO6A'),(12,'150','5000 Compatto EU4 (vers.E)'),(12,'151','5000 Compatto EU4 (vers.E)'),(12,'152','5000 Compatto EU4 (vers.E)'),(12,'153','5000 Compatto EU4 (vers.E)'),(12,'154','5000 Compatto EU4 (vers.E)'),(12,'155','5000 Compatto EU4 (vers.G)'),(12,'156','5000 Compatto EU4 (vers.G)'),(12,'157','5000 Compatto EU4 (vers.G)'),(12,'158','5000 Evolution (00)'),(12,'158','5000 Evolution (01)'),(12,'159','5000 Evolution (00)'),(12,'159','5000 Evolution (01)'),(12,'160','5000 Evolution (00)'),(12,'160','5000 Evolution (01)'),(12,'161','5000 Evolution (00)'),(12,'161','5000 Evolution (01)'),(12,'162','5000 Evolution (00)'),(12,'162','5000 Evolution (01)'),(12,'163','5000 Evolution EU4 '),(12,'163','5000 Evolution EU4 (vers. W)'),(12,'163','5000 Evolution EU4 (vers. K)'),(12,'164','5000 Evolution EU4 '),(12,'164','5000 Evolution EU4 (vers. W)'),(12,'164','5000 Evolution EU4 (vers. K)'),(12,'165','5000 Evolution EU4 '),(12,'165','5000 Evolution EU4 (vers. W)'),(12,'165','5000 Evolution EU4 (vers. K)'),(12,'166','5000 Evolution EU4 '),(12,'166','5000 Evolution EU4 (vers. W)'),(12,'166','5000 Evolution EU4 (vers. K)'),(12,'167','5000 Evolution EU4 '),(12,'167','5000 Evolution EU4 (vers. W)'),(12,'167','5000 Evolution EU4 (vers. K)'),(12,'168','5000 Hydro EU3 (00)'),(12,'168','5000 Hydro EU3 (02)'),(12,'169','5000 Hydro EU3 (00)'),(12,'169','5000 Hydro EU3 (02)'),(12,'170','5000 Hydro EU4 (00)'),(12,'170','5000 Hydro EU4 (01)'),(12,'171','5000 Hydro EU4 (00)'),(12,'171','5000 Hydro EU4 (01)'),(12,'172','5000 Hydro EU4 (00)'),(12,'172','5000 Hydro EU4 (01)'),(12,'173','5000 Hydro EU4 (00)'),(12,'173','5000 Hydro EU4 (01)'),(12,'174','5000 Hydro EU4 (00)'),(12,'174','5000 Hydro EU4 (01)'),(12,'175','5000 Veloce EURO3 (00)'),(12,'175','5000 Veloce EURO3 (01)'),(12,'175','5000 Veloce EURO3 (02)'),(12,'175','5000 Veloce EURO3 (03)'),(12,'175','5000 Veloce EURO3 (04)'),(12,'175','5000 Veloce EURO3 (05)'),(12,'176','5000 Veloce EURO3 (00)'),(12,'176','5000 Veloce EURO3 (01)'),(12,'176','5000 Veloce EURO3 (02)'),(12,'176','5000 Veloce EURO3 (03)'),(12,'176','5000 Veloce EURO3 (04)'),(12,'176','5000 Veloce EURO3 (05)'),(12,'177','5000 Veloce EURO3 (00)'),(12,'177','5000 Veloce EURO3 (01)'),(12,'177','5000 Veloce EURO3 (02)'),(12,'177','5000 Veloce EURO3 (03)'),(12,'177','5000 Veloce EURO3 (04)'),(12,'177','5000 Veloce EURO3 (05)'),(12,'178','5000 Veloce EURO3 (00)'),(12,'178','5000 Veloce EURO3 (01)'),(12,'178','5000 Veloce EURO3 (02)'),(12,'178','5000 Veloce EURO3 (03)'),(12,'178','5000 Veloce EURO3 (04)'),(12,'178','5000 Veloce EURO3 (05)'),(12,'179','5000 Veloce EURO3 (00)'),(12,'179','5000 Veloce EURO3 (01)'),(12,'179','5000 Veloce EURO3 (02)'),(12,'179','5000 Veloce EURO3 (03)'),(12,'179','5000 Veloce EURO3 (04)'),(12,'179','5000 Veloce EURO3 (05)'),(12,'180','5000 Veloce EURO6A'),(12,'181','5000 Veloce EURO6A'),(12,'182','5000 Veloce EURO6A'),(12,'183','5000 Veloce EURO6A'),(12,'184','5000 Veloce EURO6A'),(12,'185','5000 Zero Emissions EU4'),(12,'185','5000 Zero Emissions EU5'),(12,'186','5000 Zero Emissions EU4'),(12,'186','5000 Zero Emissions EU5'),(12,'187','5000 Zero Emissions EU4'),(12,'187','5000 Zero Emissions EU5'),(12,'193','6000 TIER3'),(12,'193','6000 TIER3 - for USA market'),(12,'193','6000 TIER3 (vers. HD) - for USA market'),(12,'194','6000 TIER3'),(12,'194','6000 TIER3 - for USA market'),(12,'194','6000 TIER3 (vers. HD) - for USA market'),(12,'195','6000 TIER3'),(12,'195','6000 TIER3 - for USA market'),(12,'195','6000 TIER3 (vers. HD) - for USA market'),(12,'196','D.zero2 (00)'),(12,'196','D.zero2 (01)'),(12,'197','D.zero2 (00)'),(12,'197','D.zero2 (01)'),(12,'198','D.zero2 (00)'),(12,'198','D.zero2 (01)'),(12,'199','D.zero2 (00)'),(12,'199','D.zero2 (01)'),(12,'200','D.zero2 (00)'),(12,'200','D.zero2 (01)'),(12,'201','52 WAVE (02)'),(12,'201','74 WAVE (02)'),(12,'202','75 (01)'),(12,'203','90 BK (00)'),(12,'203','90 DK (00)'),(12,'206','120 BK (05)'),(12,'206','120 DK (05)'),(12,'206','120 EH (04)'),(12,'207','850 EU4 (02)'),(12,'210','2000 EURO6C'),(12,'212','5000 Veloce EURO6D'),(12,'213','6000 CNG EURO6C'),(12,'214','6000 EURO6C'),(12,'214','6000 COMBI EURO6C'),(12,'215','7500'),(12,'216','850 (attrezzature invernali)'),(12,'217','2000 (attrezzature invernali)'),(12,'218','3000 (attrezzature invernali)'),(12,'219','6000 (attrezzature invernali)'),(12,'220','D.zero2 (02)'),(12,'221','52 WAVE (02)'),(12,'221','74 WAVE (02)'),(12,'222','75 (01)'),(12,'223','90 BK (00)'),(12,'223','90 DK (00)'),(12,'226','120 BK (05)'),(12,'226','120 DK (05)'),(12,'226','120 EH (04)'),(12,'227','850 EU4 (02)'),(12,'231','2000 EURO6C'),(12,'233','5000 Veloce EURO5'),(12,'234','5000 Veloce EURO6D'),(12,'235','6000 CNG EURO6C'),(12,'236','6000 EURO6C'),(12,'236','6000 COMBI EURO6C'),(12,'237','6000 HYDRO CNG'),(12,'239','7500'),(12,'240','7500'),(12,'241','Boost 20'),(12,'242','Boost 30'),(12,'243','Boost 50'),(12,'244','Boost 90'),(12,'245','Boost 110'),(12,'246','Boost 150'),(12,'247','Boost 300'),(12,'249','D.zero2 Hydro'),(12,'250','D.zero2 (02)'),(12,'251','850 (attrezzature invernali)'),(12,'252','2000 (attrezzature invernali)'),(12,'253','3000 (attrezzature invernali)'),(12,'254','6000 (attrezzature invernali)'),(12,'255','700 SPARK'),(12,'255','900 SPARK'),(12,'256','700 M SPARK'),(12,'257','1000 SPARK'),(12,'258','52 WAVE (02)'),(12,'258','74 WAVE (02)'),(12,'259','75 (01)'),(12,'260','90 BK (00)'),(12,'260','90 DK (00)'),(12,'263','120 BK (05)'),(12,'263','120 DK (05)'),(12,'263','120 EH (04)'),(12,'264','850 EU4 (02)'),(12,'268','2000 EURO6C'),(12,'270','5000 Veloce EURO5'),(12,'271','5000 Veloce EURO6D'),(12,'272','6000 CNG EURO6C'),(12,'273','6000 EURO6C'),(12,'273','6000 COMBI EURO6C'),(12,'274','6000 HYDRO CNG'),(12,'276','6000 TIER3'),(12,'277','6000 TIER4'),(12,'278','7500'),(12,'279','D.zero2 Hydro'),(12,'280','D.zero2 (02)'),(12,'281','850 (attrezzature invernali)'),(12,'282','2000 (attrezzature invernali)'),(12,'283','3000 (attrezzature invernali)'),(12,'284','6000 (attrezzature invernali)'),(12,'286','75 (01)'),(12,'287','90 BK (00)'),(12,'287','90 DK (00)'),(12,'290','120 BK (05)'),(12,'290','120 DK (05)'),(12,'290','120 EH (04)'),(12,'291','850 EU4 (02)'),(12,'294','2000 EURO6C'),(12,'296','5000 Veloce EURO5'),(12,'297','5000 Veloce EURO6D'),(12,'298','6000 CNG EURO6C'),(12,'299','6000 EURO6C'),(12,'299','6000 COMBI EURO6C'),(12,'300','6000 HYDRO CNG'),(12,'302','7500'),(12,'303','D.zero2 Hydro'),(12,'304','D.zero2 (02)'),(12,'305','850 (attrezzature invernali)'),(12,'306','2000 (attrezzature invernali)'),(12,'307','3000 (attrezzature invernali)'),(12,'308','6000 (attrezzature invernali)'),(12,'309','850 EU4 (02) - for USA market'),(12,'310','850 EU6 - for USA market'),(12,'311','6000 TIER4 - for USA market'),(12,'312','D.zero2 (02) - for USA market'),(12,'313','850 (attrezzature invernali) - for USA market'),(12,'314','DuleSHINE'),(12,'315','DuleVAC'),(12,'316','52 SH (00)'),(12,'316','52 EH (00)'),(12,'317','52 SH (01)'),(12,'317','52 EH (01)'),(12,'318','52 SH (01)'),(12,'318','52 EH (01)'),(12,'325','75 (00)'),(12,'326','75 (00)'),(12,'327','75 (00)'),(12,'328','75 (00)'),(12,'330','100 BK (02)'),(12,'330','100 DK (02)'),(12,'333','100 BK (02)'),(12,'333','100 DK (02)'),(12,'336','100 BK (02)'),(12,'336','100 DK (02)'),(12,'339','100 BK (02)'),(12,'339','100 DK (02)'),(12,'340','120 DK (03)'),(12,'340','120 GF (03)'),(12,'340','120 EH (03)'),(12,'341','120 DK (04)'),(12,'341','120 BK (05)'),(12,'341','120 EH (04)'),(12,'342','120 DL (01)'),(12,'342','120 BF (01)'),(12,'342','120 EH (01)'),(12,'343','120 DK (02)'),(12,'343','120 EH (02)'),(12,'344','120 DK (04)'),(12,'344','120 BK (05)'),(12,'344','120 EH (04)'),(12,'345','120 DL (01)'),(12,'345','120 BF (01)'),(12,'345','120 EH (01)'),(12,'346','120 DK (02)'),(12,'346','120 EH (02)'),(12,'347','120 DK (03)'),(12,'347','120 GF (03)'),(12,'347','120 EH (03)'),(12,'348','120 DK (04)'),(12,'348','120 BK (05)'),(12,'348','120 EH (04)'),(12,'349','120 DK (03)'),(12,'349','120 GF (03)'),(12,'349','120 EH (03)'),(12,'350','120 DK (04)'),(12,'350','120 BK (05)'),(12,'350','120 EH (04)'),(12,'351','1100 BS (05)'),(12,'351','1100 EH (05)'),(12,'351','1100 DL (05)'),(12,'352','1100 SV (03)'),(12,'352','1100 DY (03)'),(12,'352','1100 DL (03)'),(12,'352','1100 EH (03)'),(12,'353','1100 SV (04)'),(12,'353','1100 DY (04)'),(12,'353','1100 DL (04)'),(12,'353','1100EH (04)'),(12,'354','1100 BS (05)'),(12,'354','1100 DL (05)'),(12,'354','1100 EH (05)'),(12,'355','1100 SV (03)'),(12,'355','1100 DY (03)'),(12,'355','1100 DL (03)'),(12,'355','1100 EH (03)'),(12,'356','1100 SV (04)'),(12,'356','1100 DY (04)'),(12,'356','1100 DL (04)'),(12,'356','1100 EH (04)'),(12,'357','1100 BS (05)'),(12,'357','1100 DL (05)'),(12,'357','1100 EH (05)'),(12,'358','1100 BS (05)'),(12,'358','1100 DL (05)'),(12,'358','1100 EH (05)'),(12,'359','1300 SV (00)'),(12,'359','1300 SK(00)'),(12,'359','1300 DL (00)'),(12,'359','1300 DY (00)'),(12,'359','1300 EH (00)'),(12,'360','1300 SV (01)'),(12,'360','1300 SK (01)'),(12,'360','1300 DL (01)'),(12,'360','1300 DY (01)'),(12,'360','1300 EH (01)'),(12,'361','1300 SK (02)'),(12,'361','1300 DL (02)'),(12,'361','1300 DY (02)'),(12,'361','1300 EH (02)'),(12,'362','1300 SK (03)'),(12,'362','1300 DL (03)'),(12,'363','1300 DL (04)'),(12,'363','1300 EH (03)'),(12,'364','1300 SK (03)'),(12,'364','1300 DL (03)'),(12,'365','1300 DL (04)'),(12,'365','1300 EH (03)'),(12,'366','600 SPRINT'),(12,'367','700 SPRINT'),(12,'367','900 SPRINT'),(12,'368','700 M SPRINT'),(12,'369','1000 SPRINT'),(12,'370','H47 (00)'),(12,'371','H47 (01)'),(12,'372','H47 (01)'),(12,'373','H610 (00)'),(12,'374','H610 (01)'),(12,'374','H610R'),(12,'375','H610 (00)'),(12,'376','H610 (01)'),(12,'376','H610R'),(12,'377','H610 (00)'),(12,'378','H610 (01)'),(12,'378','H610R'),(12,'379','H610 (00)'),(12,'380','H610 (01)'),(12,'380','H610R'),(12,'381','H815 (01)'),(12,'381','H715 (01)'),(12,'381','H715R (01)'),(12,'382','H815 (00)'),(12,'382','H715 (00)'),(12,'383','H815 (01)'),(12,'383','H715 (01)'),(12,'383','H715R (01)'),(12,'384','H815 (00)'),(12,'384','H715 (00)'),(12,'385','H815 (01)'),(12,'385','H715 (01)'),(12,'385','H715R (01)'),(12,'386','H815 (00)'),(12,'386','H715 (00)'),(12,'387','H815 (01)'),(12,'387','H715 (01)'),(12,'387','H715R (01)'),(12,'388','H815 (00)'),(12,'388','H715 (00)'),(12,'389','H820'),(12,'390','H822'),(12,'391','H1020'),(12,'391','H1220'),(12,'391','H1020R'),(12,'392','H1020'),(12,'392','H1220'),(12,'392','H1020R'),(12,'393','H1020'),(12,'393','H1220'),(12,'393','H1020R'),(12,'394','H1020'),(12,'394','H1220'),(12,'394','H1020R'),(12,'395','H1030'),(12,'395','H1230'),(12,'396','H401C (ENERGY)'),(12,'397','H402C (ENERGY)'),(12,'397','H402M (ENERGY)'),(12,'398','H403'),(12,'398','H503'),(12,'398','H505'),(12,'399','H404C (ENERGY)'),(12,'399','H404M (ENERGY)'),(12,'399','H504C (ENERGY)'),(12,'400','505M (NITRO)'),(12,'400','555M (NITRO)'),(12,'400','505 (NITRO)'),(12,'400','555 (NITRO)'),(12,'400','565 (NITRO)'),(12,'400','665 (NITRO)'),(12,'401','505M (NITRO)'),(12,'401','555M (NITRO)'),(12,'401','505 (NITRO)'),(12,'401','555 (NITRO)'),(12,'401','565 (NITRO)'),(12,'401','665 (NITRO)'),(12,'402','505M (NITRO)'),(12,'402','555M (NITRO)'),(12,'402','505 (NITRO)'),(12,'402','555 (NITRO)'),(12,'402','565 (NITRO)'),(12,'402','665 (NITRO)'),(12,'403','H507C (ENERGY)'),(12,'403','H507M (ENERGY)'),(12,'403','H507 (ENERGY)'),(12,'403','H557 (ENERGY)'),(12,'403','H667 (ENERGY)'),(12,'404','H507'),(12,'404','H607'),(12,'404','H707'),(12,'404','H710'),(12,'404','H810'),(12,'405','H607SP'),(12,'405','H707SP'),(12,'405','H710SP'),(12,'405','H810SP'),(12,'406','5000 Compatto (01 vers.C)'),(12,'407','5000 Compatto EU4 (vers.D)'),(12,'408','5000 Compatto EU4 (vers.E)'),(12,'409','5000 Compatto EU4 (vers.G)'),(12,'410','5000 Compatto EU4 (vers.G)'),(12,'411','5000 Compatto EU4 (vers.G)'),(12,'412','5000 Compatto EU5'),(12,'413','5000 Compatto EU5'),(12,'414','5000 Compatto EU5'),(12,'415','5000 Mobivac EU4'),(12,'416','5000 Multifunzione EU4'),(12,'417','200 Hydro (01)'),(12,'418','200 Hydro (02)'),(12,'419','200 Hydro (02)'),(12,'420','5000 Hydro (02)'),(12,'421','5000 Hydro (02)'),(12,'422','5000 Hydro EU3 (00)'),(12,'423','5000 Hydro EU3 (02)'),(12,'424','5000 Hydro EU3 (00)'),(12,'425','5000 Hydro EU3 (02)'),(12,'426','5000 Hydro EU3 (00)'),(12,'427','5000 Hydro EU3 (02)'),(12,'428','5000 Hydro EU4 (00)'),(12,'429','5000 Hydro EU4 (01)'),(12,'430','5000 Hydro EU4 (00)'),(12,'431','5000 Hydro EU4 (01)'),(12,'432','5000 Hydro EU4 (00)'),(12,'433','5000 Hydro EU4 (01)'),(12,'434','5000 Hydro EU5'),(12,'435','5000 Hydro EU5'),(12,'436','5000 Hydro EU5'),(12,'437','200 Quattro (00)'),(12,'437','200 Quattro (01)'),(12,'437','200 Quattro (02)'),(12,'437','200 Quattro (03)'),(12,'437','200 Quattro (04)'),(12,'438','200 Quattro (05)'),(12,'439','200 Quattro (06)'),(12,'440','200 Quattro (07)'),(12,'441','200 Quattro EU4 (08)'),(12,'442','200 Quattro (06)'),(12,'443','200 Quattro (07)'),(12,'444','200 Quattro EU4 (08)'),(12,'445','200 Quattro (05)'),(12,'446','200 Quattro (06)'),(12,'447','200 Quattro (07)'),(12,'448','200 Quattro EU4 (08)'),(12,'449','850 EU4 (00)'),(12,'450','850 EU4 (01)'),(12,'451','850 EU4 (00)'),(12,'452','850 EU4 (01)'),(12,'453','850 EU4 (00)'),(12,'454','850 EU4 (01)'),(12,'455','850 EU4 (00)'),(12,'456','850 EU4 (01)'),(12,'457','2000 EURO6A'),(12,'458','2000 EURO5 (00)'),(12,'459','2000 EURO5 (01)'),(12,'459','2000 EURO5 (02)'),(12,'460','2000 EURO5 (03)'),(12,'461','2000 EURO6A'),(12,'462','2000 EURO5 (00)'),(12,'463','2000 EURO5 (01)'),(12,'463','2000 EURO5 (02)'),(12,'464','2000 EURO5 (03)'),(12,'465','2000 EURO6A'),(12,'466','2000 EURO5 (00)'),(12,'467','2000 EURO5 (01)'),(12,'467','2000 EURO5 (02)'),(12,'468','2000 EURO5 (03)'),(12,'469','2000 EURO6A'),(12,'470','2000 EURO5 (00)'),(12,'471','2000 EURO5 (01)'),(12,'471','2000 EURO5 (02)'),(12,'472','2000 EURO5 (03)'),(12,'473','3000 Revolution EU4'),(12,'473','3000 Revolution EU5'),(12,'474','3000 Revolution EU4'),(12,'474','3000 Revolution EU5'),(12,'475','3000 Revolution EU4'),(12,'475','3000 Revolution EU5'),(12,'476','3000 Revolution EU4'),(12,'476','3000 Revolution EU5'),(12,'477','3000 TIER3 (for USA market)'),(12,'482','5000 City (00)'),(12,'482','5000 City (01)'),(12,'482','5000 City (02)'),(12,'483','5000 City (03)'),(12,'484','5000 City (04)'),(12,'485','5000 City (05)'),(12,'485','5000 City (06)'),(12,'486','5000 City (07)'),(12,'487','5000 City (00)'),(12,'487','5000 City (01)'),(12,'487','5000 City (02)'),(12,'488','5000 City (04)'),(12,'489','5000 City (00)'),(12,'489','5000 City (01)'),(12,'489','5000 City (02)'),(12,'490','5000 City (05)'),(12,'490','5000 City (06)'),(12,'491','5000 Combi EU4 (00)'),(12,'492','5000 Combi EU4 (00)'),(12,'493','5000 Combi EU4 (00)'),(12,'494','5000 Combi EU5 (vers. 5012R)'),(12,'495','5000 Combi EU5 (vers. 5012R)'),(12,'496','5000 Combi EU5 (vers. 5012R)'),(12,'497','5000 Evolution EU4 (vers. K)'),(12,'498','5000 Evolution EU4 (vers. K)'),(12,'499','5000 EU4 (vers. K) - for USA market'),(12,'500','5000 Evolution (00)'),(12,'501','5000 Evolution (01)'),(12,'502','5000 Evolution (00)'),(12,'503','5000 Evolution (01)'),(12,'504','5000 Evolution (00)'),(12,'505','5000 Evolution (01)'),(12,'506','5000 Evolution EU4 (vers. W)'),(12,'507','5000 Evolution EU4 (vers. W)'),(12,'508','5000 Evolution EU4 (vers. W)'),(12,'509','5000 Evolution EU4 (vers. W)'),(12,'510','5000 Evolution EU5 (vers. 5012)'),(12,'511','5000 Evolution EU5 (vers. 5012)'),(12,'512','5000 Evolution EU5 (vers. 5012)'),(12,'513','5000 Evolution EU5 (vers. 5012)'),(12,'522','5000 Veloce EURO3 (00)'),(12,'522','5000 Veloce EURO3 (01)'),(12,'522','5000 Veloce EURO3 (02)'),(12,'522','5000 Veloce EURO3 (03)'),(12,'523','5000 Veloce EURO3 (04)'),(12,'523','5000 Veloce EURO3 (05)'),(12,'524','5000 Veloce EURO3 (04)'),(12,'524','5000 Veloce EURO3 (05)'),(12,'525','5000 Veloce EURO3 (00)'),(12,'525','5000 Veloce EURO3 (01)'),(12,'525','5000 Veloce EURO3 (02)'),(12,'525','5000 Veloce EURO3 (03)'),(12,'526','5000 Veloce EURO3 (04)'),(12,'526','5000 Veloce EURO3 (05)'),(12,'527','5000 Veloce EURO4'),(12,'528','5000 Veloce EURO4'),(12,'529','5000 Veloce EURO4'),(12,'530','5000 Veloce EURO4'),(12,'531','5000 Veloce EURO5'),(12,'532','5000 Veloce EURO6A'),(12,'533','5000 Veloce EURO6A'),(12,'534','5000 Veloce EURO6A'),(12,'535','5000 Veloce EURO6A'),(12,'536','5000 Veloce EURO6C'),(12,'537','5000 Veloce EURO6C'),(12,'538','5000 Veloce EURO6C'),(12,'539','5000 Veloce EURO6C'),(12,'540','5000 Zero Emissions EU4'),(12,'541','5000 Zero Emissions EU4'),(12,'542','5000 Zero Emissions EU5'),(12,'543','5000 Zero Emissions EU5'),(12,'552','6000 TIER3 (vers. HD) - for USA market'),(12,'553','6000 TIER3 - for USA market'),(12,'554','6000 CNG EURO5'),(12,'555','6000 CNG EURO5'),(12,'556','6000 CNG EURO5'),(12,'557','6000 CNG EURO5'),(12,'558','7000 Vacuum'),(12,'559','7000 Vacuum'),(12,'561','Commando (02)'),(12,'562','Commando (03)'),(12,'563','Commando (04)'),(12,'564','Commando (02)'),(12,'565','Commando (03)'),(12,'567','Commando (02)'),(12,'568','Commando (03)'),(12,'569','D.zero2 (00)'),(12,'570','D.zero2 (01)'),(12,'571','D.zero2 (00)'),(12,'572','D.zero2 (01)'),(12,'573','D.zero2 (00)'),(12,'574','D.zero2 (01)'),(12,'575','D.zero2 (00)'),(12,'576','D.zero2 (01)'),(12,'577','D.zero2 (01) - for USA market'),(12,'578','5000 (attrezzature invernali)'),(12,'579','5000 (attrezzature invernali)'),(12,'580','5000 (attrezzature invernali)'),(12,'581','5000 (attrezzature invernali)'),(12,'620','D6'),(12,'621','D6'),(12,'622','D6'),(12,'331','100 BF (00)'),(12,'331','100 DL (00)'),(12,'331','100 EH (00)'),(9,'331','IT'),(9,'331','EN'),(12,'334','100 BF (00)'),(12,'334','100 DL (00)'),(12,'334','100 EH (00)'),(12,'337','100 BF (00)'),(12,'337','100 DL (00)'),(12,'337','100 EH (00)'),(12,'329','100 BS (01)'),(12,'329','100 DK (01)'),(12,'329','100 EH (01)'),(12,'332','100 BS (01)'),(12,'332','100 DK (01)'),(12,'332','100 EH (01)'),(9,'332','IT'),(9,'332','EN'),(12,'335','100 BS (01)'),(12,'335','100 DK (01)'),(12,'335','100 EH (01)'),(12,'338','100 BS (01)'),(12,'338','100 DK (01)'),(12,'338','100 EH (01)'),(12,'44','5000 Evolution EU5 (vers. 5012)'),(12,'44','5000 Evolution EU5 (vers. 5013)'),(12,'44','5000 Evolution EU4'),(12,'44','5000 Evolution EU4 (vers. W)'),(12,'44','5000 Evolution EU4 (vers. K)'),(12,'44','5000 EU4 (vers. K) - for USA market'),(12,'44','5000 Combi EU4 (00)'),(12,'44','5000 Combi EU4 (01)'),(12,'44','5000 Combi EU5 (vers. 5012R)'),(12,'44','5000CombiEU5 (vers. 5013R)'),(12,'45','5000 Evolution EU5 (vers. 5012)'),(12,'45','5000 Evolution EU5 (vers. 5013)'),(12,'45','5000 Evolution EU4'),(12,'45','5000 Evolution EU4 (vers. W)'),(12,'45','5000 Evolution EU4 (vers. K)'),(12,'45','5000 EU4 (vers. K) - for USA market'),(12,'45','5000 Combi EU4 (00)'),(12,'45','5000 Combi EU4 (01)'),(12,'45','5000 Combi EU5 (vers. 5012R)'),(12,'45','5000CombiEU5 (vers. 5013R)'),(12,'521','5000 Evolution EU5 (vers. 5013)'),(12,'521','5000 Evolution EU4'),(12,'521','5000 Combi EU4 (01)'),(12,'521','5000CombiEU5 (vers. 5013R)'),(12,'520','5000 Evolution EU5 (vers. 5013)'),(12,'520','5000 Evolution EU4'),(12,'520','5000 Combi EU4 (01)'),(12,'520','5000CombiEU5 (vers. 5013R)'),(12,'519','5000 Evolution EU5 (vers. 5013)'),(12,'519','5000 Evolution EU4'),(12,'519','5000 Combi EU4 (01)'),(12,'519','5000CombiEU5 (vers. 5013R)'),(9,'519','IT'),(9,'519','EN'),(12,'518','5000 Evolution EU5 (vers. 5013)'),(12,'518','5000 Evolution EU4'),(12,'518','5000 Combi EU4 (01)'),(12,'518','5000CombiEU5 (vers. 5013R)'),(12,'43','5000 Compatto (00 vers.C)'),(12,'43','5000 Compatto (01 vers.C)'),(12,'90','3000 EU4 (00)'),(12,'90','3000 EU4 (01)'),(12,'90','3000 EU6C'),(12,'91','3000 EU4 (00)'),(12,'91','3000 EU4 (01)'),(12,'91','3000 EU6C'),(12,'92','3000 EU4 (00)'),(12,'92','3000 EU4 (01)'),(12,'92','3000 EU6C'),(12,'93','3000 EU4 (00)'),(12,'93','3000 EU4 (01)'),(12,'93','3000 EU6C'),(12,'94','3000 EU4 (00)'),(12,'94','3000 EU4 (01)'),(12,'94','3000 EU6C'),(12,'211','3000 EU4 (01)'),(12,'211','3000 EU6C'),(12,'232','3000 EU4 (01)'),(12,'232','3000 EU6C'),(9,'232','IT'),(9,'232','EN'),(12,'269','3000 EU4 (01)'),(12,'269','3000 EU6C'),(12,'295','3000 EU4 (01)'),(12,'295','3000 EU6C'),(12,'145','3000 EU6A'),(12,'145','3000 Revolution EU5'),(12,'145','3000 TIER3 (for USA market)'),(12,'146','3000 EU6A'),(12,'146','3000 Revolution EU5'),(12,'146','3000 TIER3 (for USA market)'),(12,'147','3000 EU6A'),(12,'147','3000 Revolution EU5'),(12,'147','3000 TIER3 (for USA market)'),(12,'148','3000 EU6A'),(12,'148','3000 Revolution EU5'),(12,'148','3000 TIER3 (for USA market)'),(12,'149','3000 EU6A'),(12,'149','3000 Revolution EU5'),(12,'149','3000 TIER3 (for USA market)'),(12,'478','3000 EU4 (00)'),(12,'478','3000 EU6A'),(12,'479','3000 EU4 (00)'),(12,'479','3000 EU6A'),(9,'479','IT'),(9,'479','EN'),(12,'480','3000 EU4 (00)'),(12,'480','3000 EU6A'),(12,'481','3000 EU4 (00)'),(12,'481','3000 EU6A'),(12,'109','6000 EURO6C'),(12,'109','6000 Combi EURO6C'),(12,'109','6000 CNG EURO6C'),(12,'108','6000 EURO6C'),(12,'108','6000 Combi EURO6C'),(12,'108','6000 CNG EURO6C'),(12,'107','6000 EURO6C'),(12,'107','6000 Combi EURO6C'),(12,'107','6000 CNG EURO6C'),(12,'106','6000 EURO6C'),(12,'106','6000 Combi EURO6C'),(12,'106','6000 CNG EURO6C'),(12,'105','6000 EURO6C'),(12,'105','6000 Combi EURO6C'),(12,'105','6000 CNG EURO6C'),(12,'560','Commando (00)'),(12,'560','Commando (01)'),(9,'560','IT'),(9,'560','EN'),(12,'566','Commando (00)'),(12,'566','Commando (01)'),(12,'320','74 WAVE (00)'),(12,'320','74 WAVE (01)'),(12,'320','52 WAVE (01)'),(9,'320','ES'),(9,'320','FR'),(12,'322','74 WAVE (00)'),(12,'322','74 WAVE (01)'),(12,'322','52 WAVE (01)'),(12,'324','74 WAVE (00)'),(12,'324','74 WAVE (01)'),(12,'324','52 WAVE (01)'),(9,'324','IT'),(9,'324','EN'),(12,'319','52 WAVE (00)'),(9,'319','ES'),(9,'319','FR'),(12,'321','52 WAVE (00)'),(12,'323','52 WAVE (00)'),(9,'323','IT'),(9,'323','EN'),(11,'637','GAMMA1'),(12,'637','5000 Compatto (00 vers.C)'),(13,'637','385'),(10,'637','MAN3'),(9,'637','IT'),(12,'619','D6'),(11,'638','GAMMA1'),(13,'638','798'),(10,'638','MAN3'),(11,'639','GAMMA1'),(13,'639','795'),(10,'639','MAN3'),(11,'640','GAMMA1'),(13,'640','796'),(10,'640','MAN3'),(11,'641','GAMMA1'),(13,'641','797'),(10,'641','MAN3'),(9,'641','FR'),(9,'640','ES'),(11,'642','GAMMA1'),(13,'642','733'),(10,'642','MAN3'),(9,'642','DE'),(9,'286','IT'),(9,'286','FR'),(9,'222','IT'),(9,'222','EN'),(12,'293','1100 BS (05)'),(12,'293','1100 DL (06)'),(12,'293','1100 EH (05)'),(12,'266','1100 BS (05)'),(12,'266','1100 DL (06)'),(12,'266','1100 EH (05)'),(12,'229','1100 BS (05)'),(12,'229','1100 DL (06)'),(12,'229','1100 EH (05)'),(9,'229','IT'),(9,'229','EN'),(12,'209','1100 BS (05)'),(12,'209','1100 DL (06)'),(12,'209','1100 EH (05)'),(12,'267','1300 DL (05)'),(12,'267','1300 EH (03)'),(12,'230','1300 DL (05)'),(12,'230','1300 EH (03)'),(9,'230','IT'),(9,'230','EN'),(11,'653','GAMMA3'),(12,'653','Boost COMBI EH (01)'),(13,'653','639'),(10,'653','MAN3'),(11,'654','GAMMA3'),(13,'654','227'),(10,'654','MAN3'),(11,'655','GAMMA3'),(13,'655','227'),(10,'655','MAN3'),(11,'656','GAMMA3'),(13,'656','227'),(10,'656','MAN3'),(12,'656','Boost COMBI BK (00)'),(9,'656','IT'),(9,'656','EN'),(9,'656','ES'),(9,'656','FR'),(9,'656','DE'),(12,'655','Boost COMBI GK (00)'),(9,'655','IT'),(9,'655','EN'),(9,'655','ES'),(9,'655','FR'),(9,'655','DE'),(12,'654','Boost COMBI DK (00)'),(9,'654','IT'),(9,'654','EN'),(9,'654','ES'),(9,'654','FR'),(9,'654','DE'),(9,'653','IT'),(9,'653','EN'),(9,'653','ES'),(9,'653','FR'),(9,'653','DE'),(12,'248','Boost COMBI EH (00)'),(9,'248','IT'),(9,'248','EN'),(9,'248','ES'),(9,'248','FR'),(9,'248','DE'),(12,'205','100 BK (03)'),(12,'205','100 DK (03)'),(12,'205','100 EH (02)'),(12,'225','100 BK (03)'),(12,'225','100 DK (03)'),(12,'225','100 EH (02)'),(9,'225','IT'),(9,'225','EN'),(12,'262','100 BK (03)'),(12,'262','100 DK (03)'),(12,'262','100 EH (02)'),(12,'289','100 BK (03)'),(12,'289','100 DK (03)'),(12,'289','100 EH (02)'),(12,'261','90 BK (01)'),(12,'261','90 DK (01)'),(12,'261','90 EH (00)'),(12,'224','90 BK (01)'),(12,'224','90 DK (01)'),(12,'224','90 EH (00)'),(9,'224','IT'),(9,'224','EN'),(12,'204','90 BK (01)'),(12,'204','90 DK (01)'),(12,'204','90 EH (00)'),(12,'288','90 BK (01)'),(12,'288','90 DK (01)'),(12,'288','90 EH (00)'),(11,'659','GAMMA2'),(13,'659','640'),(10,'659','MAN3'),(11,'660','GAMMA2'),(13,'660','641'),(10,'660','MAN3'),(9,'659','DE'),(11,'661','GAMMA2'),(13,'661','642'),(10,'661','MAN3'),(9,'661','ES'),(11,'662','GAMMA2'),(13,'662','643'),(10,'662','MAN3'),(9,'662','FR'),(12,'662','155 B (05)'),(12,'662','155 P (05)'),(12,'662','155 D (06)'),(12,'661','155 B (05)'),(12,'661','155 P (05)'),(12,'661','155 D (06)'),(12,'660','155 B (05)'),(12,'660','155 P (05)'),(12,'660','155 D (06)'),(9,'660','IT'),(9,'660','EN'),(12,'659','155 B (05)'),(12,'659','155 P (05)'),(12,'659','155 D (06)'),(11,'663','GAMMA2'),(13,'663','644'),(10,'663','MAN3'),(12,'663','165 B (03)'),(12,'663','165 D (05)'),(9,'663','IT'),(9,'663','EN'),(11,'664','GAMMA2'),(13,'664','645'),(10,'664','MAN3'),(9,'664','ES'),(12,'664','165 B (03)'),(12,'664','165 D (05)'),(11,'665','GAMMA2'),(13,'665','646'),(10,'665','MAN3'),(9,'665','DE'),(12,'665','175 B (00)'),(12,'665','175 D (01)'),(12,'665','175 P (01)'),(11,'666','GAMMA2'),(13,'666','647'),(10,'666','MAN3'),(12,'666','175 B (00)'),(12,'666','175 D (01)'),(12,'666','175 P (01)'),(9,'666','IT'),(9,'666','EN'),(11,'667','GAMMA2'),(13,'667','648'),(10,'667','MAN3'),(12,'667','175 B (00)'),(12,'667','175 D (01)'),(12,'667','175 P (01)'),(9,'667','ES'),(11,'668','GAMMA2'),(13,'668','649'),(10,'668','MAN3'),(9,'668','FR'),(12,'668','175 B (00)'),(12,'668','175 D (01)'),(12,'668','175 P (01)'),(9,'312','IT'),(9,'312','EN'),(9,'250','IT'),(9,'250','EN'),(9,'231','IT'),(9,'231','EN'),(9,'234','IT'),(9,'234','EN'),(9,'237','IT'),(9,'237','EN'),(9,'254','IT'),(9,'254','EN'),(9,'251','IT'),(9,'251','EN'),(12,'625','7500'),(12,'625','D6'),(9,'625','IT'),(9,'625','EN'),(9,'625','ES'),(9,'625','FR'),(9,'625','DE'),(9,'249','IT'),(9,'249','EN'),(11,'670','GAMMA1'),(12,'670','5000 Veloce EURO6E'),(13,'670','653'),(10,'670','MAN2'),(9,'670','FR'),(11,'671','GAMMA1'),(12,'671','5000 Veloce EURO6E'),(13,'671','652'),(10,'671','MAN2'),(9,'671','ES'),(11,'672','GAMMA1'),(12,'672','5000 Veloce EURO6E'),(13,'672','650'),(10,'672','MAN2'),(9,'672','DE'),(11,'673','GAMMA1'),(12,'673','5000 Veloce EURO6E'),(13,'673','651'),(10,'673','MAN2'),(9,'673','EN'),(11,'674','GAMMA1'),(12,'674','5000 Veloce EURO6E'),(13,'674','654'),(10,'674','MAN2'),(9,'674','IT'),(12,'48','5000 Veloce EURO3 (04)'),(11,'677','GAMMA1'),(13,'677','656'),(10,'677','MAN3'),(9,'677','FR'),(12,'677','6000 HYDRO EURO6C'),(11,'678','GAMMA1'),(13,'678','657'),(10,'678','MAN3'),(9,'678','ES'),(12,'678','6000 HYDRO EURO6C'),(11,'679','GAMMA1'),(13,'679','655'),(10,'679','MAN3'),(12,'679','6000 HYDRO EURO6C'),(12,'238','6000 HYDRO EURO6'),(12,'275','6000 HYDRO EURO6'),(12,'301','6000 HYDRO EURO6'),(9,'238','IT'),(9,'238','EN'),(9,'679','IT'),(9,'679','EN'),(11,'680','GAMMA1'),(12,'680','5000 Veloce EURO6E'),(13,'680','659'),(10,'680','MAN3'),(9,'680','DE'),(9,'620','IT'),(9,'620','EN'),(11,'681','GAMMA1'),(12,'681','5000 Veloce EURO6E'),(13,'681','660'),(10,'681','MAN3'),(11,'682','GAMMA1'),(12,'682','5000 Veloce EURO6E'),(13,'682','661'),(10,'682','MAN3'),(9,'682','ES'),(11,'683','GAMMA1'),(12,'683','5000 Veloce EURO6E'),(13,'683','662'),(10,'683','MAN3'),(9,'683','FR'),(9,'681','IT'),(9,'681','EN'),(11,'684','GAMMA1'),(12,'684','6000 EURO6A'),(12,'684','6000 EU4'),(12,'684','6000 COMBI EURO6A'),(13,'684','528'),(10,'684','MAN3'),(9,'684','DE'),(12,'551','6000 EURO6A'),(12,'551','6000 COMBI EURO6A'),(12,'550','6000 EURO6A'),(12,'550','6000 COMBI EURO6A'),(12,'549','6000 EURO6A'),(12,'549','6000 COMBI EURO6A'),(9,'549','IT'),(9,'549','EN'),(12,'548','6000 EURO6A'),(12,'548','6000 COMBI EURO6A'),(11,'685','GAMMA1'),(13,'685','666'),(10,'685','MAN3'),(9,'685','DE'),(11,'686','GAMMA1'),(13,'686','665'),(10,'686','MAN3'),(11,'687','GAMMA1'),(13,'687','252'),(10,'687','MAN3'),(9,'687','ES'),(11,'688','GAMMA1'),(13,'688','663'),(10,'688','MAN3'),(9,'688','FR'),(11,'689','GAMMA1'),(12,'689','D6 BLUE'),(13,'689','667'),(10,'689','MAN3'),(9,'689','DE'),(11,'690','GAMMA1'),(12,'690','D6 BLUE'),(13,'690','668'),(10,'690','MAN3'),(11,'691','GAMMA1'),(12,'691','D6 BLUE'),(13,'691','669'),(10,'691','MAN3'),(9,'691','ES'),(11,'692','GAMMA1'),(12,'692','D6 BLUE'),(13,'692','670'),(10,'692','MAN3'),(9,'692','FR'),(11,'693','GAMMA1'),(13,'693','671'),(10,'693','MAN2'),(9,'693','DE'),(11,'694','GAMMA1'),(13,'694','672'),(10,'694','MAN2'),(11,'695','GAMMA1'),(13,'695','673'),(10,'695','MAN2'),(11,'696','GAMMA1'),(13,'696','674'),(10,'696','MAN2'),(9,'696','FR'),(11,'697','GAMMA1'),(13,'697','675'),(10,'697','MAN2'),(9,'697','IT'),(12,'113','6000 HYDRO EURO6'),(12,'113','6000 HYDRO EURO6C'),(12,'111','6000 HYDRO EURO6'),(12,'111','6000 HYDRO EURO6C'),(12,'110','6000 HYDRO EURO6'),(12,'110','6000 HYDRO EURO6C'),(12,'112','6000 HYDRO EURO6'),(12,'112','6000 HYDRO EURO6C'),(11,'698','GAMMA2'),(12,'698','75 (02)'),(13,'698','688'),(10,'698','MAN3'),(9,'698','DE'),(11,'699','GAMMA2'),(12,'699','75 (02)'),(13,'699','689'),(10,'699','MAN3'),(11,'700','GAMMA2'),(12,'700','75 (02)'),(13,'700','690'),(10,'700','MAN3'),(9,'700','ES'),(11,'701','GAMMA2'),(12,'701','75 (02)'),(13,'701','691'),(10,'701','MAN3'),(9,'701','FR'),(11,'702','GAMMA2'),(13,'702','695'),(10,'702','MAN3'),(9,'702','FR'),(11,'703','GAMMA2'),(13,'703','694'),(10,'703','MAN3'),(9,'703','ES'),(11,'704','GAMMA2'),(13,'704','693'),(10,'704','MAN3'),(11,'705','GAMMA2'),(13,'705','692'),(10,'705','MAN3'),(9,'705','DE'),(12,'704','120 BK (06)'),(12,'704','120 BK (07)'),(12,'704','120 DK (07)'),(12,'704','120 EH (05)'),(12,'704','120 EH (07)'),(9,'704','IT'),(9,'704','EN'),(12,'702','120 BK (06)'),(12,'702','120 BK (07)'),(12,'702','120 DK (07)'),(12,'702','120 EH (05)'),(12,'702','120 EH (07)'),(12,'703','120 BK (06)'),(12,'703','120 BK (07)'),(12,'703','120 DK (07)'),(12,'703','120 EH (05)'),(12,'703','120 EH (07)'),(12,'705','120 BK (06)'),(12,'705','120 BK (07)'),(12,'705','120 DK (07)'),(12,'705','120 EH (05)'),(12,'705','120 EH (07)'),(9,'695','ES'),(9,'699','IT'),(9,'699','EN'),(9,'694','EN'),(11,'706','GAMMA2'),(13,'706','696'),(10,'706','MAN3'),(9,'706','DE'),(11,'707','GAMMA2'),(13,'707','697'),(10,'707','MAN3'),(11,'708','GAMMA2'),(13,'708','698'),(10,'708','MAN3'),(9,'708','ES'),(11,'709','GAMMA2'),(13,'709','699'),(10,'709','MAN3'),(9,'709','FR'),(11,'710','GAMMA2'),(13,'710','703'),(10,'710','MAN3'),(9,'710','FR'),(12,'710','100 BK (04)'),(12,'710','100 DK (04)'),(12,'710','100 EH (04)'),(12,'709','90 BK (02)'),(12,'709','90 DK (02)'),(12,'709','90 EH (02)'),(12,'707','90 BK (02)'),(12,'707','90 DK (02)'),(12,'707','90 EH (02)'),(9,'707','IT'),(9,'707','EN'),(12,'706','90 BK (02)'),(12,'706','90 DK (02)'),(12,'706','90 EH (02)'),(12,'708','90 BK (02)'),(12,'708','90 DK (02)'),(12,'708','90 EH (02)'),(9,'690','IT'),(9,'690','EN'),(11,'711','GAMMA2'),(12,'711','100 BK (04)'),(12,'711','100 DK (04)'),(12,'711','100 EH (04)'),(13,'711','702'),(10,'711','MAN3'),(9,'711','ES'),(11,'712','GAMMA2'),(12,'712','100 BK (04)'),(12,'712','100 DK (04)'),(12,'712','100 EH (04)'),(13,'712','701'),(10,'712','MAN3'),(9,'712','IT'),(9,'712','EN'),(11,'713','GAMMA2'),(13,'713','700'),(10,'713','MAN3'),(9,'713','DE'),(11,'714','GAMMA2'),(12,'714','1100 BS (07)'),(12,'714','1100 DL (07)'),(12,'714','1100 EH (07)'),(13,'714','704'),(10,'714','MAN3'),(9,'714','DE'),(11,'715','GAMMA2'),(13,'715','705'),(10,'715','MAN3'),(12,'715','1100 BS (07)'),(12,'715','1100 DL (07)'),(12,'715','1100 EH (07)'),(9,'715','IT'),(9,'715','EN'),(11,'716','GAMMA2'),(13,'716','706'),(10,'716','MAN3'),(12,'716','1100 BS (07)'),(12,'716','1100 DL (07)'),(12,'716','1100 EH (07)'),(9,'716','ES'),(11,'717','GAMMA2'),(13,'717','707'),(10,'717','MAN3'),(9,'717','FR'),(12,'717','1100 BS (07)'),(12,'717','1100 DL (07)'),(12,'717','1100 EH (07)'),(11,'718','GAMMA2'),(12,'718','1300 DL (06)'),(12,'718','1300 EH (06)'),(13,'718','708'),(10,'718','MAN3'),(9,'718','IT'),(9,'718','EN'),(11,'719','GAMMA2'),(13,'719','709'),(10,'719','MAN3'),(12,'719','1300 DL (06)'),(12,'719','1300 EH (06)'),(9,'719','ES'),(11,'720','GAMMA1'),(12,'720','850 EU6 (02) '),(13,'720','710'),(10,'720','MAN3'),(9,'720','DE'),(11,'721','GAMMA1'),(12,'721','850 EU6 (02) '),(13,'721','711'),(10,'721','MAN3'),(11,'722','GAMMA1'),(12,'722','850 EU6 (02) '),(13,'722','712'),(10,'722','MAN3'),(9,'722','ES'),(11,'723','GAMMA1'),(12,'723','850 EU6 (02) '),(13,'723','713'),(10,'723','MAN3'),(9,'723','FR'),(9,'721','IT'),(9,'721','EN'),(11,'724','GAMMA1'),(12,'724','DT7-DT8'),(13,'724','714'),(10,'724','MAN3'),(9,'724','DE'),(11,'725','GAMMA1'),(12,'725','DT7-DT8'),(13,'725','715'),(10,'725','MAN3'),(9,'725','IT'),(9,'725','EN'),(11,'726','GAMMA1'),(12,'726','DT7-DT8'),(13,'726','716'),(10,'726','MAN3'),(9,'726','ES'),(11,'727','GAMMA1'),(12,'727','DT7-DT8'),(13,'727','717'),(10,'727','MAN3'),(9,'727','FR'),(11,'728','GAMMA1'),(13,'728','722'),(10,'728','MAN2'),(9,'728','DE'),(11,'729','GAMMA1'),(13,'729','720'),(10,'729','MAN2'),(9,'729','ES'),(11,'730','GAMMA1'),(13,'730','719'),(10,'730','MAN2'),(9,'730','FR'),(11,'731','GAMMA1'),(13,'731','718'),(10,'731','MAN2'),(9,'731','IT'),(11,'732','GAMMA1'),(13,'732','721'),(10,'732','MAN2'),(9,'732','EN'),(11,'733','GAMMA1'),(12,'733','850 EU6 - for USA market'),(13,'733','723'),(10,'733','MAN3'),(9,'733','IT'),(9,'733','EN'),(9,'310','IT'),(9,'310','EN'),(12,'547','6000 EU5'),(12,'546','6000 EU5'),(12,'545','6000 EU5'),(9,'545','IT'),(9,'545','EN'),(12,'544','6000 EU5'),(11,'734','GAMMA2'),(12,'734','1100 BS (05)'),(12,'734','1100 BS (07)'),(12,'734','1100 DL (03)'),(12,'734','1100 DL (04)'),(12,'734','1100 DL (05)'),(12,'734','1100 DL (06)'),(12,'734','1100 DL (07)'),(12,'734','1100 DY (03)'),(12,'734','1100 DY (04)'),(12,'734','1100 EH (03)'),(12,'734','1100 EH (04)'),(12,'734','1100 EH (05)'),(12,'734','1100 EH (07)'),(12,'734','1100 SV (03)'),(12,'734','1100 SV (04)'),(12,'734','1100EH (04)'),(13,'734','726'),(10,'734','MAN2'),(9,'734','IT'),(9,'734','EN'),(9,'734','ES'),(9,'734','FR'),(9,'734','DE'),(11,'735','GAMMA2'),(12,'735','90 BK (00)'),(12,'735','90 BK (01)'),(12,'735','90 BK (02)'),(12,'735','90 DK (00)'),(12,'735','90 DK (01)'),(12,'735','90 DK (02)'),(12,'735','90 EH (00)'),(12,'735','90 EH (02)'),(13,'735','724'),(10,'735','MAN2'),(9,'735','IT'),(9,'735','EN'),(9,'735','ES'),(9,'735','FR'),(9,'735','DE'),(11,'736','GAMMA2'),(12,'736','100 BF (00)'),(12,'736','100 BK (02)'),(12,'736','100 BK (03)'),(12,'736','100 BK (04)'),(12,'736','100 BS (01)'),(12,'736','100 DK (01)'),(12,'736','100 DK (02)'),(12,'736','100 DK (03)'),(12,'736','100 DK (04)'),(12,'736','100 DL (00)'),(12,'736','100 EH (00)'),(12,'736','100 EH (01)'),(12,'736','100 EH (02)'),(12,'736','100 EH (04)'),(13,'736','725'),(10,'736','MAN3'),(9,'736','IT'),(9,'736','EN'),(9,'736','ES'),(9,'736','FR'),(9,'736','DE'),(11,'737','GAMMA2'),(12,'737','120 BF (01)'),(12,'737','120 BK (06)'),(12,'737','120 BK (07)'),(12,'737','120 BK (05)'),(12,'737','120 DK (02)'),(12,'737','120 DK (03)'),(12,'737','120 DK (04)'),(12,'737','120 DK (05)'),(12,'737','120 DK (07)'),(12,'737','120 DL (01)'),(12,'737','120 EH (01)'),(12,'737','120 EH (02)'),(12,'737','120 EH (03)'),(12,'737','120 EH (04)'),(12,'737','120 EH (05)'),(12,'737','120 EH (07)'),(12,'737','120 GF (03)'),(13,'737','727'),(10,'737','MAN2'),(9,'737','IT'),(9,'737','EN'),(9,'737','ES'),(9,'737','FR'),(9,'737','DE'),(12,'713','100 BK (04)'),(12,'713','100 DK (04)'),(12,'713','100 EH (04)'),(12,'292','850 EU6 (00)'),(12,'292','850 EU6 (01) '),(12,'265','850 EU6 (00)'),(12,'265','850 EU6 (01) '),(11,'738','GAMMA1'),(12,'738','850 EU6 (02) '),(13,'738','728'),(10,'738','MAN2'),(9,'738','DE'),(11,'739','GAMMA1'),(12,'739','850 EU6 (02) '),(13,'739','729'),(10,'739','MAN2'),(9,'739','EN'),(11,'740','GAMMA1'),(12,'740','850 EU6 (02) '),(13,'740','730'),(10,'740','MAN2'),(9,'740','ES'),(11,'741','GAMMA1'),(12,'741','850 EU6 (02) '),(13,'741','731'),(10,'741','MAN2'),(9,'741','FR'),(11,'742','GAMMA1'),(12,'742','850 EU6 (02) '),(13,'742','732'),(10,'742','MAN2'),(9,'742','IT'),(12,'208','850 EU6 (00)'),(12,'208','850 EU6 (01) '),(12,'84','850 EU6 (00)'),(12,'84','850 EU6 (01) '),(12,'84','850 EU6 - for USA market'),(12,'82','850 EU6 (00)'),(12,'82','850 EU6 (01) '),(12,'82','850 EU6 - for USA market'),(12,'83','850 EU6 (00)'),(12,'83','850 EU6 (01) '),(12,'83','850 EU6 - for USA market'),(12,'81','850 EU6 (00)'),(12,'81','850 EU6 (01) '),(12,'81','850 EU6 - for USA market'),(12,'80','850 EU6 (00)'),(12,'80','850 EU6 (01) '),(12,'80','850 EU6 - for USA market'),(12,'228','850 EU6 (00)'),(12,'228','850 EU6 (01) '),(9,'228','IT'),(9,'228','EN'),(11,'743','GAMMA1'),(12,'743','D6'),(13,'743','737'),(10,'743','MAN3'),(9,'743','FR'),(11,'744','GAMMA1'),(12,'744','D6'),(13,'744','733'),(10,'744','MAN3'),(9,'744','DE'),(11,'745','GAMMA1'),(12,'745','D6'),(13,'745','734'),(10,'745','MAN3'),(11,'746','GAMMA1'),(12,'746','D6'),(13,'746','735'),(10,'746','MAN3'),(9,'746','ES'),(11,'747','GAMMA1'),(13,'747','766'),(10,'747','MAN3'),(12,'747','D6 TIER4'),(11,'748','GAMMA1'),(13,'748','742'),(10,'748','MAN2'),(9,'748','IT'),(11,'749','GAMMA1'),(13,'749','739'),(10,'749','MAN2'),(11,'750','GAMMA1'),(13,'750','740'),(10,'750','MAN2'),(9,'750','ES'),(11,'751','GAMMA1'),(13,'751','741'),(10,'751','MAN2'),(9,'751','FR'),(11,'752','GAMMA1'),(13,'752','738'),(10,'752','MAN2'),(9,'752','DE'),(9,'749','EN'),(11,'753','GAMMA1'),(12,'753','D6 TIER4 - for CANADA market'),(13,'753','763'),(10,'753','MAN3'),(11,'754','GAMMA1'),(13,'754','794'),(10,'754','MAN3'),(12,'697','D6'),(12,'697','D6 TIER4 - for CANADA market'),(12,'697','D6 TIER4'),(12,'697','D6 BLUE'),(12,'696','D6'),(12,'696','D6 TIER4 - for CANADA market'),(12,'696','D6 TIER4'),(12,'696','D6 BLUE'),(12,'695','D6'),(12,'695','D6 TIER4 - for CANADA market'),(12,'695','D6 TIER4'),(12,'695','D6 BLUE'),(12,'694','D6'),(12,'694','D6 TIER4 - for CANADA market'),(12,'694','D6 TIER4'),(12,'694','D6 BLUE'),(12,'693','D6'),(12,'693','D6 TIER4 - for CANADA market'),(12,'693','D6 TIER4'),(12,'693','D6 BLUE'),(12,'754','D3 - for CANADA market'),(12,'638','D3 (for USA market)'),(12,'751','D3 EUROC6'),(12,'751','D3 TIER3'),(12,'751','D3 - for CANADA market'),(12,'751','D3 (for USA market)'),(12,'750','D3 EUROC6'),(12,'750','D3 TIER3'),(12,'750','D3 - for CANADA market'),(12,'750','D3 (for USA market)'),(12,'749','D3 EUROC6'),(12,'749','D3 TIER3'),(12,'749','D3 - for CANADA market'),(12,'749','D3 (for USA market)'),(12,'748','D3 EUROC6'),(12,'748','D3 TIER3'),(12,'748','D3 - for CANADA market'),(12,'748','D3 (for USA market)'),(12,'642','D6'),(9,'745','IT'),(9,'745','EN'),(11,'755','GAMMA1'),(13,'755','793'),(10,'755','MAN3'),(9,'755','DE'),(12,'752','D3 EUROC6'),(12,'752','D3 TIER3'),(12,'752','D3 - for CANADA market'),(12,'752','D3 (for USA market)'),(11,'756','GAMMA1'),(12,'756','D.zero² (03)'),(13,'756','748'),(10,'756','MAN3'),(9,'756','FR'),(11,'757','GAMMA1'),(12,'757','D.zero² (03)'),(13,'757','751'),(10,'757','MAN3'),(9,'757','ES'),(11,'758','GAMMA1'),(12,'758','D.zero² (03)'),(13,'758','750'),(10,'758','MAN3'),(9,'758','IT'),(9,'758','EN'),(11,'759','GAMMA1'),(12,'759','D.zero² (03)'),(13,'759','749'),(10,'759','MAN3'),(9,'759','DE'),(11,'760','GAMMA1'),(12,'760','D.zero² (03) - for USA market'),(13,'760','752'),(10,'760','MAN3'),(9,'760','IT'),(9,'760','EN'),(11,'762','GAMMA1'),(12,'762','D.zero² (03)'),(13,'762','753'),(10,'762','MAN2'),(9,'762','DE'),(11,'763','GAMMA1'),(12,'763','D.zero² (03)'),(13,'763','755'),(10,'763','MAN2'),(9,'763','ES'),(11,'764','GAMMA1'),(12,'764','D.zero² (03)'),(13,'764','756'),(10,'764','MAN2'),(9,'764','FR'),(11,'765','GAMMA1'),(12,'765','D.zero² (03)'),(13,'765','757'),(10,'765','MAN2'),(9,'765','IT'),(11,'766','GAMMA1'),(13,'766','754'),(10,'766','MAN2'),(9,'766','EN'),(12,'766','D.zero² (03)'),(12,'766','D.zero² (03) - for USA market'),(11,'767','GAMMA1'),(12,'767','850 EU4 (02)'),(13,'767','760'),(10,'767','MAN3'),(9,'767','FR'),(11,'768','GAMMA1'),(12,'768','850 EU4 (02)'),(13,'768','759'),(10,'768','MAN3'),(9,'768','ES'),(11,'769','GAMMA1'),(12,'769','850 EU4 (02)'),(13,'769','758'),(10,'769','MAN3'),(9,'769','IT'),(9,'769','EN'),(9,'747','IT'),(9,'747','EN'),(11,'770','GAMMA1'),(13,'770','764'),(10,'770','MAN3'),(11,'771','GAMMA1'),(13,'771','765'),(10,'771','MAN3'),(9,'771','ES'),(11,'772','GAMMA1'),(13,'772','761'),(10,'772','MAN3'),(9,'772','DE'),(11,'773','GAMMA1'),(13,'773','762'),(10,'773','MAN3'),(9,'773','FR'),(12,'773','D6 EURO6E'),(12,'772','D6 EURO6E'),(12,'771','D6 EURO6E'),(12,'770','D6 EURO6E'),(9,'770','IT'),(9,'770','EN'),(9,'753','EN'),(9,'753','FR'),(11,'775','GAMMA1'),(13,'775','772'),(10,'775','MAN2'),(9,'775','IT'),(11,'776','GAMMA1'),(13,'776','769'),(10,'776','MAN2'),(9,'776','EN'),(11,'777','GAMMA1'),(13,'777','767'),(10,'777','MAN2'),(9,'777','DE'),(11,'778','GAMMA1'),(13,'778','770'),(10,'778','MAN2'),(9,'778','ES'),(11,'779','GAMMA1'),(13,'779','771'),(10,'779','MAN2'),(9,'779','FR'),(12,'192','6000 EURO6A'),(12,'192','6000 Combi EU4'),(12,'192','6000 CNG EURO5'),(12,'191','6000 EURO6A'),(12,'191','6000 Combi EU4'),(12,'191','6000 CNG EURO5'),(12,'190','6000 EURO6A'),(12,'190','6000 Combi EU4'),(12,'190','6000 CNG EURO5'),(12,'189','6000 EURO6A'),(12,'189','6000 Combi EU4'),(12,'189','6000 CNG EURO5'),(12,'188','6000 EURO6A'),(12,'188','6000 Combi EU4'),(12,'188','6000 CNG EURO5'),(12,'116','6000 TIER4 - for USA market'),(12,'115','6000 TIER4 - for USA market'),(12,'114','6000 TIER4 - for USA market'),(12,'779','6000 EU4'),(12,'779','6000 TIER4'),(12,'779','6000 TIER4 - for USA market'),(12,'778','6000 EU4'),(12,'778','6000 TIER4'),(12,'778','6000 TIER4 - for USA market'),(12,'777','6000 EU4'),(12,'777','6000 TIER4'),(12,'777','6000 TIER4 - for USA market'),(12,'776','6000 EU4'),(12,'776','6000 TIER4'),(12,'776','6000 TIER4 - for USA market'),(12,'775','6000 EU4'),(12,'775','6000 TIER4'),(12,'775','6000 TIER4 - for USA market'),(11,'780','GAMMA1'),(13,'780','779'),(10,'780','MAN2'),(9,'780','ES'),(11,'781','GAMMA1'),(13,'781','780'),(10,'781','MAN2'),(9,'781','FR'),(11,'782','GAMMA1'),(13,'782','781'),(10,'782','MAN2'),(9,'782','IT'),(11,'783','GAMMA1'),(13,'783','778'),(10,'783','MAN2'),(9,'783','EN'),(11,'784','GAMMA1'),(13,'784','777'),(10,'784','MAN2'),(9,'784','DE'),(12,'784','6000 EURO6E '),(12,'784','6000 CNG EURO6C'),(12,'781','6000 EURO6E '),(12,'781','6000 CNG EURO6C'),(12,'783','6000 EURO6E '),(12,'783','6000 CNG EURO6C'),(11,'785','GAMMA1'),(12,'785','6000 EURO6E '),(12,'785','6000 EU4'),(13,'785','776'),(10,'785','MAN3'),(9,'785','FR'),(11,'786','GAMMA1'),(13,'786','775'),(10,'786','MAN3'),(9,'786','ES'),(12,'786','6000 EURO6E '),(12,'786','6000 EU4'),(11,'787','GAMMA1'),(13,'787','774'),(10,'787','MAN3'),(9,'787','EN'),(12,'787','6000 EURO6E '),(12,'787','6000 EU4'),(11,'788','GAMMA1'),(13,'788','773'),(10,'788','MAN3'),(9,'788','DE'),(12,'788','6000 EURO6E '),(12,'788','6000 EU4'),(12,'688','6000 EURO6C'),(12,'688','6000 Combi EURO6C'),(12,'688','6000 Combi EU4'),(12,'687','6000 EURO6C'),(12,'687','6000 Combi EURO6C'),(12,'687','6000 Combi EU4'),(12,'686','6000 EURO6C'),(12,'686','6000 Combi EURO6C'),(12,'686','6000 Combi EU4'),(9,'686','IT'),(9,'686','EN'),(12,'685','6000 EURO6C'),(12,'685','6000 Combi EURO6C'),(12,'685','6000 Combi EU4'),(12,'732','6000 EURO6C'),(12,'732','6000 Combi EURO6C'),(12,'729','6000 EURO6C'),(12,'729','6000 Combi EURO6C'),(12,'731','6000 EURO6C'),(12,'731','6000 Combi EURO6C'),(12,'728','6000 EURO6C'),(12,'728','6000 Combi EURO6C'),(12,'782','6000 EURO6E '),(12,'782','6000 CNG EURO6C'),(12,'780','6000 EURO6E '),(12,'780','6000 CNG EURO6C'),(12,'730','6000 EURO6C'),(12,'730','6000 Combi EURO6C'),(11,'790','GAMMA1'),(12,'790','850 EU6 (02) '),(13,'790','782'),(10,'790','MAN3'),(9,'790','DE'),(11,'791','GAMMA1'),(12,'791','850 EU6 (02) '),(13,'791','783'),(10,'791','MAN3'),(11,'792','GAMMA1'),(12,'792','850 EU6 (02) '),(13,'792','784'),(10,'792','MAN3'),(9,'792','ES'),(11,'793','GAMMA1'),(12,'793','850 EU6 (02) '),(13,'793','785'),(10,'793','MAN3'),(9,'793','FR'),(11,'794','GAMMA1'),(12,'794','850 EU6 - for USA market'),(13,'794','786'),(10,'794','MAN3'),(9,'794','EN'),(11,'795','GAMMA1'),(12,'795','D.zero² (D200E - 01)'),(13,'795','788'),(10,'795','MAN3'),(9,'795','DE'),(11,'796','GAMMA1'),(12,'796','D.zero² (D200E - 01)'),(13,'796','789'),(10,'796','MAN3'),(11,'797','GAMMA1'),(12,'797','D.zero² (D200E - 01)'),(13,'797','790'),(10,'797','MAN3'),(9,'797','ES'),(11,'798','GAMMA1'),(12,'798','D.zero² (D200E - 01)'),(13,'798','791'),(10,'798','MAN3'),(9,'798','FR'),(11,'799','GAMMA1'),(12,'799','D.zero² (D200E - 01) - for USA market'),(13,'799','792'),(10,'799','MAN3'),(9,'799','EN'),(9,'796','IT'),(9,'796','EN'),(9,'791','IT'),(9,'791','EN'),(12,'755','D3 EUROC6'),(12,'755','D3 TIER3'),(12,'641','D3 EUROC6'),(12,'641','D3 TIER3'),(12,'640','D3 EUROC6'),(12,'640','D3 TIER3'),(12,'639','D3 EUROC6'),(12,'639','D3 TIER3'),(9,'639','IT'),(9,'639','EN'),(9,'638','IT'),(9,'638','EN'),(9,'754','EN'),(9,'754','FR'),(11,'800','GAMMA1'),(12,'800','D6 VELOCE'),(13,'800','799'),(10,'800','MAN3'),(9,'800','DE'),(11,'801','GAMMA1'),(12,'801','D6 VELOCE'),(13,'801','800'),(10,'801','MAN3'),(9,'801','IT'),(9,'801','EN'),(11,'802','GAMMA1'),(12,'802','D6 VELOCE'),(13,'802','801'),(10,'802','MAN3'),(9,'802','ES'),(11,'803','GAMMA1'),(12,'803','D6 VELOCE'),(13,'803','802'),(10,'803','MAN3'),(9,'803','FR');

--
-- Table structure for table `ds_finder_filters`
--

CREATE TABLE `ds_finder_filters` (
  `filter_id` int unsigned NOT NULL AUTO_INCREMENT,
  `title` varchar(255) CHARACTER SET utf8mb4 COLLATE utf8mb4_general_ci NOT NULL,
  `alias` varchar(255) CHARACTER SET utf8mb4 COLLATE utf8mb4_general_ci NOT NULL,
  `state` tinyint(1) NOT NULL DEFAULT '1',
  `created` datetime NOT NULL DEFAULT '0000-00-00 00:00:00',
  `created_by` int unsigned NOT NULL,
  `created_by_alias` varchar(255) CHARACTER SET utf8mb4 COLLATE utf8mb4_general_ci NOT NULL,
  `modified` datetime NOT NULL DEFAULT '0000-00-00 00:00:00',
  `modified_by` int unsigned NOT NULL DEFAULT '0',
  `checked_out` int unsigned NOT NULL DEFAULT '0',
  `checked_out_time` datetime NOT NULL DEFAULT '0000-00-00 00:00:00',
  `map_count` int unsigned NOT NULL DEFAULT '0',
  `data` text CHARACTER SET utf8mb4 COLLATE utf8mb4_general_ci NOT NULL,
  `params` mediumtext CHARACTER SET utf8mb4 COLLATE utf8mb4_general_ci,
  PRIMARY KEY (`filter_id`)
) ENGINE=InnoDB DEFAULT CHARSET=utf8mb4 COLLATE=utf8mb4_general_ci;

--
-- Dumping data for table `ds_finder_filters`
--


--
-- Table structure for table `ds_finder_links`
--

CREATE TABLE `ds_finder_links` (
  `link_id` int unsigned NOT NULL AUTO_INCREMENT,
  `url` varchar(255) CHARACTER SET utf8mb4 COLLATE utf8mb4_general_ci NOT NULL,
  `route` varchar(255) CHARACTER SET utf8mb4 COLLATE utf8mb4_general_ci NOT NULL,
  `title` varchar(400) CHARACTER SET utf8mb4 COLLATE utf8mb4_general_ci DEFAULT NULL,
  `description` text CHARACTER SET utf8mb4 COLLATE utf8mb4_general_ci,
  `indexdate` datetime NOT NULL DEFAULT '0000-00-00 00:00:00',
  `md5sum` varchar(32) CHARACTER SET utf8mb4 COLLATE utf8mb4_general_ci DEFAULT NULL,
  `published` tinyint(1) NOT NULL DEFAULT '1',
  `state` int DEFAULT '1',
  `access` int DEFAULT '0',
  `language` varchar(8) CHARACTER SET utf8mb4 COLLATE utf8mb4_general_ci NOT NULL,
  `publish_start_date` datetime NOT NULL DEFAULT '0000-00-00 00:00:00',
  `publish_end_date` datetime NOT NULL DEFAULT '0000-00-00 00:00:00',
  `start_date` datetime NOT NULL DEFAULT '0000-00-00 00:00:00',
  `end_date` datetime NOT NULL DEFAULT '0000-00-00 00:00:00',
  `list_price` double unsigned NOT NULL DEFAULT '0',
  `sale_price` double unsigned NOT NULL DEFAULT '0',
  `type_id` int NOT NULL,
  `object` mediumblob NOT NULL,
  PRIMARY KEY (`link_id`),
  KEY `idx_type` (`type_id`),
  KEY `idx_title` (`title`(100)),
  KEY `idx_md5` (`md5sum`),
  KEY `idx_url` (`url`(75)),
  KEY `idx_published_list` (`published`,`state`,`access`,`publish_start_date`,`publish_end_date`,`list_price`),
  KEY `idx_published_sale` (`published`,`state`,`access`,`publish_start_date`,`publish_end_date`,`sale_price`)
) ENGINE=InnoDB DEFAULT CHARSET=utf8mb4 COLLATE=utf8mb4_general_ci;

--
-- Dumping data for table `ds_finder_links`
--


--
-- Table structure for table `ds_finder_links_terms0`
--

CREATE TABLE `ds_finder_links_terms0` (
  `link_id` int unsigned NOT NULL,
  `term_id` int unsigned NOT NULL,
  `weight` float unsigned NOT NULL,
  PRIMARY KEY (`link_id`,`term_id`),
  KEY `idx_term_weight` (`term_id`,`weight`),
  KEY `idx_link_term_weight` (`link_id`,`term_id`,`weight`)
) ENGINE=InnoDB DEFAULT CHARSET=utf8mb4 COLLATE=utf8mb4_general_ci;

--
-- Dumping data for table `ds_finder_links_terms0`
--


--
-- Table structure for table `ds_finder_links_terms1`
--

CREATE TABLE `ds_finder_links_terms1` (
  `link_id` int unsigned NOT NULL,
  `term_id` int unsigned NOT NULL,
  `weight` float unsigned NOT NULL,
  PRIMARY KEY (`link_id`,`term_id`),
  KEY `idx_term_weight` (`term_id`,`weight`),
  KEY `idx_link_term_weight` (`link_id`,`term_id`,`weight`)
) ENGINE=InnoDB DEFAULT CHARSET=utf8mb4 COLLATE=utf8mb4_general_ci;

--
-- Dumping data for table `ds_finder_links_terms1`
--


--
-- Table structure for table `ds_finder_links_terms2`
--

CREATE TABLE `ds_finder_links_terms2` (
  `link_id` int unsigned NOT NULL,
  `term_id` int unsigned NOT NULL,
  `weight` float unsigned NOT NULL,
  PRIMARY KEY (`link_id`,`term_id`),
  KEY `idx_term_weight` (`term_id`,`weight`),
  KEY `idx_link_term_weight` (`link_id`,`term_id`,`weight`)
) ENGINE=InnoDB DEFAULT CHARSET=utf8mb4 COLLATE=utf8mb4_general_ci;

--
-- Dumping data for table `ds_finder_links_terms2`
--


--
-- Table structure for table `ds_finder_links_terms3`
--

CREATE TABLE `ds_finder_links_terms3` (
  `link_id` int unsigned NOT NULL,
  `term_id` int unsigned NOT NULL,
  `weight` float unsigned NOT NULL,
  PRIMARY KEY (`link_id`,`term_id`),
  KEY `idx_term_weight` (`term_id`,`weight`),
  KEY `idx_link_term_weight` (`link_id`,`term_id`,`weight`)
) ENGINE=InnoDB DEFAULT CHARSET=utf8mb4 COLLATE=utf8mb4_general_ci;

--
-- Dumping data for table `ds_finder_links_terms3`
--


--
-- Table structure for table `ds_finder_links_terms4`
--

CREATE TABLE `ds_finder_links_terms4` (
  `link_id` int unsigned NOT NULL,
  `term_id` int unsigned NOT NULL,
  `weight` float unsigned NOT NULL,
  PRIMARY KEY (`link_id`,`term_id`),
  KEY `idx_term_weight` (`term_id`,`weight`),
  KEY `idx_link_term_weight` (`link_id`,`term_id`,`weight`)
) ENGINE=InnoDB DEFAULT CHARSET=utf8mb4 COLLATE=utf8mb4_general_ci;

--
-- Dumping data for table `ds_finder_links_terms4`
--


--
-- Table structure for table `ds_finder_links_terms5`
--

CREATE TABLE `ds_finder_links_terms5` (
  `link_id` int unsigned NOT NULL,
  `term_id` int unsigned NOT NULL,
  `weight` float unsigned NOT NULL,
  PRIMARY KEY (`link_id`,`term_id`),
  KEY `idx_term_weight` (`term_id`,`weight`),
  KEY `idx_link_term_weight` (`link_id`,`term_id`,`weight`)
) ENGINE=InnoDB DEFAULT CHARSET=utf8mb4 COLLATE=utf8mb4_general_ci;

--
-- Dumping data for table `ds_finder_links_terms5`
--


--
-- Table structure for table `ds_finder_links_terms6`
--

CREATE TABLE `ds_finder_links_terms6` (
  `link_id` int unsigned NOT NULL,
  `term_id` int unsigned NOT NULL,
  `weight` float unsigned NOT NULL,
  PRIMARY KEY (`link_id`,`term_id`),
  KEY `idx_term_weight` (`term_id`,`weight`),
  KEY `idx_link_term_weight` (`link_id`,`term_id`,`weight`)
) ENGINE=InnoDB DEFAULT CHARSET=utf8mb4 COLLATE=utf8mb4_general_ci;

--
-- Dumping data for table `ds_finder_links_terms6`
--


--
-- Table structure for table `ds_finder_links_terms7`
--

CREATE TABLE `ds_finder_links_terms7` (
  `link_id` int unsigned NOT NULL,
  `term_id` int unsigned NOT NULL,
  `weight` float unsigned NOT NULL,
  PRIMARY KEY (`link_id`,`term_id`),
  KEY `idx_term_weight` (`term_id`,`weight`),
  KEY `idx_link_term_weight` (`link_id`,`term_id`,`weight`)
) ENGINE=InnoDB DEFAULT CHARSET=utf8mb4 COLLATE=utf8mb4_general_ci;

--
-- Dumping data for table `ds_finder_links_terms7`
--


--
-- Table structure for table `ds_finder_links_terms8`
--

CREATE TABLE `ds_finder_links_terms8` (
  `link_id` int unsigned NOT NULL,
  `term_id` int unsigned NOT NULL,
  `weight` float unsigned NOT NULL,
  PRIMARY KEY (`link_id`,`term_id`),
  KEY `idx_term_weight` (`term_id`,`weight`),
  KEY `idx_link_term_weight` (`link_id`,`term_id`,`weight`)
) ENGINE=InnoDB DEFAULT CHARSET=utf8mb4 COLLATE=utf8mb4_general_ci;

--
-- Dumping data for table `ds_finder_links_terms8`
--


--
-- Table structure for table `ds_finder_links_terms9`
--

CREATE TABLE `ds_finder_links_terms9` (
  `link_id` int unsigned NOT NULL,
  `term_id` int unsigned NOT NULL,
  `weight` float unsigned NOT NULL,
  PRIMARY KEY (`link_id`,`term_id`),
  KEY `idx_term_weight` (`term_id`,`weight`),
  KEY `idx_link_term_weight` (`link_id`,`term_id`,`weight`)
) ENGINE=InnoDB DEFAULT CHARSET=utf8mb4 COLLATE=utf8mb4_general_ci;

--
-- Dumping data for table `ds_finder_links_terms9`
--


--
-- Table structure for table `ds_finder_links_termsa`
--

CREATE TABLE `ds_finder_links_termsa` (
  `link_id` int unsigned NOT NULL,
  `term_id` int unsigned NOT NULL,
  `weight` float unsigned NOT NULL,
  PRIMARY KEY (`link_id`,`term_id`),
  KEY `idx_term_weight` (`term_id`,`weight`),
  KEY `idx_link_term_weight` (`link_id`,`term_id`,`weight`)
) ENGINE=InnoDB DEFAULT CHARSET=utf8mb4 COLLATE=utf8mb4_general_ci;

--
-- Dumping data for table `ds_finder_links_termsa`
--


--
-- Table structure for table `ds_finder_links_termsb`
--

CREATE TABLE `ds_finder_links_termsb` (
  `link_id` int unsigned NOT NULL,
  `term_id` int unsigned NOT NULL,
  `weight` float unsigned NOT NULL,
  PRIMARY KEY (`link_id`,`term_id`),
  KEY `idx_term_weight` (`term_id`,`weight`),
  KEY `idx_link_term_weight` (`link_id`,`term_id`,`weight`)
) ENGINE=InnoDB DEFAULT CHARSET=utf8mb4 COLLATE=utf8mb4_general_ci;

--
-- Dumping data for table `ds_finder_links_termsb`
--


--
-- Table structure for table `ds_finder_links_termsc`
--

CREATE TABLE `ds_finder_links_termsc` (
  `link_id` int unsigned NOT NULL,
  `term_id` int unsigned NOT NULL,
  `weight` float unsigned NOT NULL,
  PRIMARY KEY (`link_id`,`term_id`),
  KEY `idx_term_weight` (`term_id`,`weight`),
  KEY `idx_link_term_weight` (`link_id`,`term_id`,`weight`)
) ENGINE=InnoDB DEFAULT CHARSET=utf8mb4 COLLATE=utf8mb4_general_ci;

--
-- Dumping data for table `ds_finder_links_termsc`
--


--
-- Table structure for table `ds_finder_links_termsd`
--

CREATE TABLE `ds_finder_links_termsd` (
  `link_id` int unsigned NOT NULL,
  `term_id` int unsigned NOT NULL,
  `weight` float unsigned NOT NULL,
  PRIMARY KEY (`link_id`,`term_id`),
  KEY `idx_term_weight` (`term_id`,`weight`),
  KEY `idx_link_term_weight` (`link_id`,`term_id`,`weight`)
) ENGINE=InnoDB DEFAULT CHARSET=utf8mb4 COLLATE=utf8mb4_general_ci;

--
-- Dumping data for table `ds_finder_links_termsd`
--


--
-- Table structure for table `ds_finder_links_termse`
--

CREATE TABLE `ds_finder_links_termse` (
  `link_id` int unsigned NOT NULL,
  `term_id` int unsigned NOT NULL,
  `weight` float unsigned NOT NULL,
  PRIMARY KEY (`link_id`,`term_id`),
  KEY `idx_term_weight` (`term_id`,`weight`),
  KEY `idx_link_term_weight` (`link_id`,`term_id`,`weight`)
) ENGINE=InnoDB DEFAULT CHARSET=utf8mb4 COLLATE=utf8mb4_general_ci;

--
-- Dumping data for table `ds_finder_links_termse`
--


--
-- Table structure for table `ds_finder_links_termsf`
--

CREATE TABLE `ds_finder_links_termsf` (
  `link_id` int unsigned NOT NULL,
  `term_id` int unsigned NOT NULL,
  `weight` float unsigned NOT NULL,
  PRIMARY KEY (`link_id`,`term_id`),
  KEY `idx_term_weight` (`term_id`,`weight`),
  KEY `idx_link_term_weight` (`link_id`,`term_id`,`weight`)
) ENGINE=InnoDB DEFAULT CHARSET=utf8mb4 COLLATE=utf8mb4_general_ci;

--
-- Dumping data for table `ds_finder_links_termsf`
--


--
-- Table structure for table `ds_finder_taxonomy`
--

CREATE TABLE `ds_finder_taxonomy` (
  `id` int unsigned NOT NULL AUTO_INCREMENT,
  `parent_id` int unsigned NOT NULL DEFAULT '0',
  `title` varchar(255) CHARACTER SET utf8mb4 COLLATE utf8mb4_general_ci NOT NULL,
  `state` tinyint unsigned NOT NULL DEFAULT '1',
  `access` tinyint unsigned NOT NULL DEFAULT '0',
  `ordering` tinyint unsigned NOT NULL DEFAULT '0',
  PRIMARY KEY (`id`),
  KEY `parent_id` (`parent_id`),
  KEY `state` (`state`),
  KEY `ordering` (`ordering`),
  KEY `access` (`access`),
  KEY `idx_parent_published` (`parent_id`,`state`,`access`)
) ENGINE=InnoDB AUTO_INCREMENT=2 DEFAULT CHARSET=utf8mb4 COLLATE=utf8mb4_general_ci;

--
-- Dumping data for table `ds_finder_taxonomy`
--


--
-- Table structure for table `ds_finder_taxonomy_map`
--

CREATE TABLE `ds_finder_taxonomy_map` (
  `link_id` int unsigned NOT NULL,
  `node_id` int unsigned NOT NULL,
  PRIMARY KEY (`link_id`,`node_id`),
  KEY `link_id` (`link_id`),
  KEY `node_id` (`node_id`)
) ENGINE=InnoDB DEFAULT CHARSET=utf8mb4 COLLATE=utf8mb4_general_ci;

--
-- Dumping data for table `ds_finder_taxonomy_map`
--


--
-- Table structure for table `ds_finder_terms`
--

CREATE TABLE `ds_finder_terms` (
  `term_id` int unsigned NOT NULL AUTO_INCREMENT,
  `term` varchar(75) CHARACTER SET utf8mb4 COLLATE utf8mb4_general_ci NOT NULL,
  `stem` varchar(75) CHARACTER SET utf8mb4 COLLATE utf8mb4_general_ci NOT NULL,
  `common` tinyint unsigned NOT NULL DEFAULT '0',
  `phrase` tinyint unsigned NOT NULL DEFAULT '0',
  `weight` float unsigned NOT NULL DEFAULT '0',
  `soundex` varchar(75) CHARACTER SET utf8mb4 COLLATE utf8mb4_general_ci NOT NULL,
  `links` int NOT NULL DEFAULT '0',
  `language` char(3) CHARACTER SET utf8mb4 COLLATE utf8mb4_general_ci NOT NULL DEFAULT '',
  PRIMARY KEY (`term_id`),
  UNIQUE KEY `idx_term` (`term`),
  KEY `idx_term_phrase` (`term`,`phrase`),
  KEY `idx_stem_phrase` (`stem`,`phrase`),
  KEY `idx_soundex_phrase` (`soundex`,`phrase`)
) ENGINE=InnoDB DEFAULT CHARSET=utf8mb4 COLLATE=utf8mb4_general_ci;

--
-- Dumping data for table `ds_finder_terms`
--


--
-- Table structure for table `ds_finder_terms_common`
--

CREATE TABLE `ds_finder_terms_common` (
  `term` varchar(75) CHARACTER SET utf8mb4 COLLATE utf8mb4_general_ci NOT NULL,
  `language` varchar(3) CHARACTER SET utf8mb4 COLLATE utf8mb4_general_ci NOT NULL,
  KEY `idx_word_lang` (`term`,`language`),
  KEY `idx_lang` (`language`)
) ENGINE=InnoDB DEFAULT CHARSET=utf8mb4 COLLATE=utf8mb4_general_ci;

--
-- Dumping data for table `ds_finder_terms_common`
--

INSERT INTO `ds_finder_terms_common` VALUES ('a','en'),('about','en'),('after','en'),('ago','en'),('all','en'),('am','en'),('an','en'),('and','en'),('any','en'),('are','en'),('aren\'t','en'),('as','en'),('at','en'),('be','en'),('but','en'),('by','en'),('for','en'),('from','en'),('get','en'),('go','en'),('how','en'),('if','en'),('in','en'),('into','en'),('is','en'),('isn\'t','en'),('it','en'),('its','en'),('me','en'),('more','en'),('most','en'),('must','en'),('my','en'),('new','en'),('no','en'),('none','en'),('not','en'),('nothing','en'),('of','en'),('off','en'),('often','en'),('old','en'),('on','en'),('onc','en'),('once','en'),('only','en'),('or','en'),('other','en'),('our','en'),('ours','en'),('out','en'),('over','en'),('page','en'),('she','en'),('should','en'),('small','en'),('so','en'),('some','en'),('than','en'),('thank','en'),('that','en'),('the','en'),('their','en'),('theirs','en'),('them','en'),('then','en'),('there','en'),('these','en'),('they','en'),('this','en'),('those','en'),('thus','en'),('time','en'),('times','en'),('to','en'),('too','en'),('true','en'),('under','en'),('until','en'),('up','en'),('upon','en'),('use','en'),('user','en'),('users','en'),('version','en'),('very','en'),('via','en'),('want','en'),('was','en'),('way','en'),('were','en'),('what','en'),('when','en'),('where','en'),('which','en'),('who','en'),('whom','en'),('whose','en'),('why','en'),('wide','en'),('will','en'),('with','en'),('within','en'),('without','en'),('would','en'),('yes','en'),('yet','en'),('you','en'),('your','en'),('yours','en');

--
-- Table structure for table `ds_finder_tokens`
--

CREATE TABLE `ds_finder_tokens` (
  `term` varchar(75) CHARACTER SET utf8mb4 COLLATE utf8mb4_general_ci NOT NULL,
  `stem` varchar(75) CHARACTER SET utf8mb4 COLLATE utf8mb4_general_ci NOT NULL,
  `common` tinyint unsigned NOT NULL DEFAULT '0',
  `phrase` tinyint unsigned NOT NULL DEFAULT '0',
  `weight` float unsigned NOT NULL DEFAULT '1',
  `context` tinyint unsigned NOT NULL DEFAULT '2',
  `language` char(3) CHARACTER SET utf8mb4 COLLATE utf8mb4_general_ci NOT NULL DEFAULT '',
  KEY `idx_word` (`term`),
  KEY `idx_context` (`context`)
) ENGINE=MEMORY DEFAULT CHARSET=utf8mb4 COLLATE=utf8mb4_general_ci;

--
-- Dumping data for table `ds_finder_tokens`
--


--
-- Table structure for table `ds_finder_tokens_aggregate`
--

CREATE TABLE `ds_finder_tokens_aggregate` (
  `term_id` int unsigned NOT NULL,
  `map_suffix` char(1) CHARACTER SET utf8mb4 COLLATE utf8mb4_general_ci NOT NULL,
  `term` varchar(75) CHARACTER SET utf8mb4 COLLATE utf8mb4_general_ci NOT NULL,
  `stem` varchar(75) CHARACTER SET utf8mb4 COLLATE utf8mb4_general_ci NOT NULL,
  `common` tinyint unsigned NOT NULL DEFAULT '0',
  `phrase` tinyint unsigned NOT NULL DEFAULT '0',
  `term_weight` float unsigned NOT NULL,
  `context` tinyint unsigned NOT NULL DEFAULT '2',
  `context_weight` float unsigned NOT NULL,
  `total_weight` float unsigned NOT NULL,
  `language` char(3) CHARACTER SET utf8mb4 COLLATE utf8mb4_general_ci NOT NULL DEFAULT '',
  KEY `token` (`term`),
  KEY `keyword_id` (`term_id`)
) ENGINE=MEMORY DEFAULT CHARSET=utf8mb4 COLLATE=utf8mb4_general_ci;

--
-- Dumping data for table `ds_finder_tokens_aggregate`
--


--
-- Table structure for table `ds_finder_types`
--

CREATE TABLE `ds_finder_types` (
  `id` int unsigned NOT NULL AUTO_INCREMENT,
  `title` varchar(100) CHARACTER SET utf8mb4 COLLATE utf8mb4_general_ci NOT NULL,
  `mime` varchar(100) CHARACTER SET utf8mb4 COLLATE utf8mb4_general_ci NOT NULL,
  PRIMARY KEY (`id`),
  UNIQUE KEY `title` (`title`)
) ENGINE=InnoDB DEFAULT CHARSET=utf8mb4 COLLATE=utf8mb4_general_ci;

--
-- Dumping data for table `ds_finder_types`
--


--
-- Table structure for table `ds_languages`
--

CREATE TABLE `ds_languages` (
  `lang_id` int unsigned NOT NULL AUTO_INCREMENT,
  `asset_id` int unsigned NOT NULL DEFAULT '0',
  `lang_code` char(7) CHARACTER SET utf8mb4 COLLATE utf8mb4_bin NOT NULL,
  `title` varchar(50) CHARACTER SET utf8mb4 COLLATE utf8mb4_unicode_ci NOT NULL,
  `title_native` varchar(50) CHARACTER SET utf8mb4 COLLATE utf8mb4_unicode_ci NOT NULL,
  `sef` varchar(50) CHARACTER SET utf8mb4 COLLATE utf8mb4_unicode_ci NOT NULL,
  `image` varchar(50) CHARACTER SET utf8mb4 COLLATE utf8mb4_unicode_ci NOT NULL,
  `description` varchar(512) CHARACTER SET utf8mb4 COLLATE utf8mb4_unicode_ci NOT NULL,
  `metakey` text CHARACTER SET utf8mb4 COLLATE utf8mb4_unicode_ci NOT NULL,
  `metadesc` text CHARACTER SET utf8mb4 COLLATE utf8mb4_unicode_ci NOT NULL,
  `sitename` varchar(1024) CHARACTER SET utf8mb4 COLLATE utf8mb4_unicode_ci NOT NULL DEFAULT '',
  `published` int NOT NULL DEFAULT '0',
  `access` int unsigned NOT NULL DEFAULT '0',
  `ordering` int NOT NULL DEFAULT '0',
  PRIMARY KEY (`lang_id`),
  UNIQUE KEY `idx_sef` (`sef`),
  UNIQUE KEY `idx_langcode` (`lang_code`),
  KEY `idx_access` (`access`),
  KEY `idx_ordering` (`ordering`)
) ENGINE=InnoDB AUTO_INCREMENT=6 DEFAULT CHARSET=utf8mb4 COLLATE=utf8mb4_unicode_ci;

--
-- Dumping data for table `ds_languages`
--

INSERT INTO `ds_languages` VALUES (1,788,'en-GB','English (en-GB)','English (United Kingdom)','en','en_gb','','','','',1,1,2),(2,86,'it-IT','Italian (Italy)','Italiano (Italia)','it','it_it','','','','',1,1,1),(3,782,'es-ES','Spanish (español)','Español (España)','es','es_es','','','','',1,1,5),(4,783,'de-DE','German (Germany)','Deutsch (Deutschland)','de','de_de','','','','',1,1,3),(5,784,'fr-FR','French (France)','Français (France)','fr','fr_fr','','','','',1,1,4);

--
-- Table structure for table `ds_menu`
--

CREATE TABLE `ds_menu` (
  `id` int NOT NULL AUTO_INCREMENT,
  `menutype` varchar(24) CHARACTER SET utf8mb4 COLLATE utf8mb4_unicode_ci NOT NULL COMMENT 'The type of menu this item belongs to. FK to #__menu_types.menutype',
  `title` varchar(255) CHARACTER SET utf8mb4 COLLATE utf8mb4_unicode_ci NOT NULL COMMENT 'The display title of the menu item.',
  `alias` varchar(400) CHARACTER SET utf8mb4 COLLATE utf8mb4_bin NOT NULL COMMENT 'The SEF alias of the menu item.',
  `note` varchar(255) CHARACTER SET utf8mb4 COLLATE utf8mb4_unicode_ci NOT NULL DEFAULT '',
  `path` varchar(1024) CHARACTER SET utf8mb4 COLLATE utf8mb4_unicode_ci NOT NULL COMMENT 'The computed path of the menu item based on the alias field.',
  `link` varchar(1024) CHARACTER SET utf8mb4 COLLATE utf8mb4_unicode_ci NOT NULL COMMENT 'The actually link the menu item refers to.',
  `type` varchar(16) CHARACTER SET utf8mb4 COLLATE utf8mb4_unicode_ci NOT NULL COMMENT 'The type of link: Component, URL, Alias, Separator',
  `published` tinyint NOT NULL DEFAULT '0' COMMENT 'The published state of the menu link.',
  `parent_id` int unsigned NOT NULL DEFAULT '1' COMMENT 'The parent menu item in the menu tree.',
  `level` int unsigned NOT NULL DEFAULT '0' COMMENT 'The relative level in the tree.',
  `component_id` int unsigned NOT NULL DEFAULT '0' COMMENT 'FK to #__extensions.id',
  `checked_out` int unsigned NOT NULL DEFAULT '0' COMMENT 'FK to #__users.id',
  `checked_out_time` datetime NOT NULL DEFAULT '0000-00-00 00:00:00' COMMENT 'The time the menu item was checked out.',
  `browserNav` tinyint NOT NULL DEFAULT '0' COMMENT 'The click behaviour of the link.',
  `access` int unsigned NOT NULL DEFAULT '0' COMMENT 'The access level required to view the menu item.',
  `img` varchar(255) CHARACTER SET utf8mb4 COLLATE utf8mb4_unicode_ci NOT NULL COMMENT 'The image of the menu item.',
  `template_style_id` int unsigned NOT NULL DEFAULT '0',
  `params` text CHARACTER SET utf8mb4 COLLATE utf8mb4_unicode_ci NOT NULL COMMENT 'JSON encoded data for the menu item.',
  `lft` int NOT NULL DEFAULT '0' COMMENT 'Nested set lft.',
  `rgt` int NOT NULL DEFAULT '0' COMMENT 'Nested set rgt.',
  `home` tinyint unsigned NOT NULL DEFAULT '0' COMMENT 'Indicates if this menu item is the home or default page.',
  `language` char(7) CHARACTER SET utf8mb4 COLLATE utf8mb4_unicode_ci NOT NULL DEFAULT '',
  `client_id` tinyint NOT NULL DEFAULT '0',
  PRIMARY KEY (`id`),
  UNIQUE KEY `idx_client_id_parent_id_alias_language` (`client_id`,`parent_id`,`alias`(100),`language`),
  KEY `idx_componentid` (`component_id`,`menutype`,`published`,`access`),
  KEY `idx_menutype` (`menutype`),
  KEY `idx_left_right` (`lft`,`rgt`),
  KEY `idx_alias` (`alias`(100)),
  KEY `idx_path` (`path`(100)),
  KEY `idx_language` (`language`)
) ENGINE=InnoDB AUTO_INCREMENT=317 DEFAULT CHARSET=utf8mb4 COLLATE=utf8mb4_unicode_ci;

--
-- Dumping data for table `ds_menu`
--

INSERT INTO `ds_menu` VALUES (1,'','Menu_Item_Root','root','','','','',1,0,0,0,0,'0000-00-00 00:00:00',0,0,'',0,'',0,207,0,'*',0),(2,'main','com_banners','Banners','','Banners','index.php?option=com_banners','component',1,1,1,4,0,'0000-00-00 00:00:00',0,0,'class:banners',0,'',1,10,0,'*',1),(3,'main','com_banners','Banners','','Banners/Banners','index.php?option=com_banners','component',1,2,2,4,0,'0000-00-00 00:00:00',0,0,'class:banners',0,'',2,3,0,'*',1),(4,'main','com_banners_categories','Categories','','Banners/Categories','index.php?option=com_categories&extension=com_banners','component',1,2,2,6,0,'0000-00-00 00:00:00',0,0,'class:banners-cat',0,'',4,5,0,'*',1),(5,'main','com_banners_clients','Clients','','Banners/Clients','index.php?option=com_banners&view=clients','component',1,2,2,4,0,'0000-00-00 00:00:00',0,0,'class:banners-clients',0,'',6,7,0,'*',1),(6,'main','com_banners_tracks','Tracks','','Banners/Tracks','index.php?option=com_banners&view=tracks','component',1,2,2,4,0,'0000-00-00 00:00:00',0,0,'class:banners-tracks',0,'',8,9,0,'*',1),(7,'main','com_contact','Contacts','','Contacts','index.php?option=com_contact','component',1,1,1,8,0,'0000-00-00 00:00:00',0,0,'class:contact',0,'',51,56,0,'*',1),(8,'main','com_contact_contacts','Contacts','','Contacts/Contacts','index.php?option=com_contact','component',1,7,2,8,0,'0000-00-00 00:00:00',0,0,'class:contact',0,'',52,53,0,'*',1),(9,'main','com_contact_categories','Categories','','Contacts/Categories','index.php?option=com_categories&extension=com_contact','component',1,7,2,6,0,'0000-00-00 00:00:00',0,0,'class:contact-cat',0,'',54,55,0,'*',1),(10,'main','com_messages','Messaging','','Messaging','index.php?option=com_messages','component',1,1,1,15,0,'0000-00-00 00:00:00',0,0,'class:messages',0,'',57,60,0,'*',1),(11,'main','com_messages_add','New Private Message','','Messaging/New Private Message','index.php?option=com_messages&task=message.add','component',1,10,2,15,0,'0000-00-00 00:00:00',0,0,'class:messages-add',0,'',58,59,0,'*',1),(13,'main','com_newsfeeds','News Feeds','','News Feeds','index.php?option=com_newsfeeds','component',1,1,1,17,0,'0000-00-00 00:00:00',0,0,'class:newsfeeds',0,'',61,66,0,'*',1),(14,'main','com_newsfeeds_feeds','Feeds','','News Feeds/Feeds','index.php?option=com_newsfeeds','component',1,13,2,17,0,'0000-00-00 00:00:00',0,0,'class:newsfeeds',0,'',62,63,0,'*',1),(15,'main','com_newsfeeds_categories','Categories','','News Feeds/Categories','index.php?option=com_categories&extension=com_newsfeeds','component',1,13,2,6,0,'0000-00-00 00:00:00',0,0,'class:newsfeeds-cat',0,'',64,65,0,'*',1),(16,'main','com_redirect','Redirect','','Redirect','index.php?option=com_redirect','component',1,1,1,24,0,'0000-00-00 00:00:00',0,0,'class:redirect',0,'',67,68,0,'*',1),(17,'main','com_search','Basic Search','','Basic Search','index.php?option=com_search','component',1,1,1,19,0,'0000-00-00 00:00:00',0,0,'class:search',0,'',69,70,0,'*',1),(18,'main','com_finder','Smart Search','','Smart Search','index.php?option=com_finder','component',1,1,1,27,0,'0000-00-00 00:00:00',0,0,'class:finder',0,'',71,72,0,'*',1),(20,'main','com_tags','Tags','','Tags','index.php?option=com_tags','component',1,1,1,29,0,'0000-00-00 00:00:00',0,1,'class:tags',0,'',73,74,0,'',1),(21,'main','com_postinstall','Post-installation messages','','Post-installation messages','index.php?option=com_postinstall','component',1,1,1,32,0,'0000-00-00 00:00:00',0,1,'class:postinstall',0,'',75,76,0,'*',1),(104,'mainmenu','Home','dulevoservice','','dulevoservice','index.php?option=com_users&view=login','component',1,1,1,25,0,'0000-00-00 00:00:00',0,1,' ',12,'{\"loginredirectchoice\":\"1\",\"login_redirect_url\":\"\",\"login_redirect_menuitem\":\"\",\"logindescription_show\":\"1\",\"login_description\":\"\",\"login_image\":\"\",\"logoutredirectchoice\":\"1\",\"logout_redirect_url\":\"\",\"logout_redirect_menuitem\":\"104\",\"logoutdescription_show\":\"1\",\"logout_description\":\"\",\"logout_image\":\"\",\"menu-anchor_title\":\"\",\"menu-anchor_css\":\"\",\"menu_image\":\"\",\"menu_image_css\":\"\",\"menu_text\":1,\"menu_show\":0,\"page_title\":\"Dulevo Service\",\"show_page_heading\":\"\",\"page_heading\":\"\",\"pageclass_sfx\":\"\",\"menu-meta_description\":\"\",\"menu-meta_keywords\":\"\",\"robots\":\"\",\"secure\":0,\"gantry\":1,\"gantry-dropdown_dir\":\"right\",\"gantry-width\":\"auto\",\"gantry-layout\":\"list\",\"gantry-visible\":true,\"gantry-columns\":\"[]\",\"gantry-columns_count\":\"[]\",\"gantry-options\":\"[]\"}',11,12,1,'*',0),(115,'main','com_joomlaupdate','com-joomlaupdate','','com-joomlaupdate','index.php?option=com_joomlaupdate','component',0,1,1,28,0,'0000-00-00 00:00:00',0,1,'class:joomlaupdate',0,'{}',77,78,0,'',1),(128,'main','COM_ASSOCIATIONS','com-associations','','com-associations','index.php?option=com_associations','component',1,1,1,34,0,'0000-00-00 00:00:00',0,1,'class:associations',0,'{}',79,80,0,'',1),(129,'mainmenu-en-gb','Home','home-en-gb','','home-en-gb','index.php?option=com_users&view=login','component',1,1,1,25,0,'0000-00-00 00:00:00',0,1,' ',12,'{\"loginredirectchoice\":\"1\",\"login_redirect_url\":\"\",\"login_redirect_menuitem\":\"\",\"logindescription_show\":\"1\",\"login_description\":\"\",\"login_image\":\"\",\"logoutredirectchoice\":\"1\",\"logout_redirect_url\":\"\",\"logout_redirect_menuitem\":\"\",\"logoutdescription_show\":\"1\",\"logout_description\":\"\",\"logout_image\":\"\",\"menu-anchor_title\":\"Dulevo Service\",\"menu-anchor_css\":\"\",\"menu_image\":\"\",\"menu_image_css\":\"\",\"menu_text\":1,\"menu_show\":0,\"page_title\":\"Dulevo Service\",\"show_page_heading\":\"1\",\"page_heading\":\"\",\"pageclass_sfx\":\"\",\"menu-meta_description\":\"\",\"menu-meta_keywords\":\"\",\"robots\":\"\",\"secure\":0}',81,82,1,'en-GB',0),(131,'mainmenu-it-it','Home','home-it-it','','home-it-it','index.php?option=com_users&view=login','component',1,1,1,25,0,'0000-00-00 00:00:00',0,1,' ',12,'{\"loginredirectchoice\":\"1\",\"login_redirect_url\":\"\",\"login_redirect_menuitem\":\"\",\"logindescription_show\":\"1\",\"login_description\":\"\",\"login_image\":\"\",\"logoutredirectchoice\":\"1\",\"logout_redirect_url\":\"\",\"logout_redirect_menuitem\":\"\",\"logoutdescription_show\":\"1\",\"logout_description\":\"\",\"logout_image\":\"\",\"menu-anchor_title\":\"\",\"menu-anchor_css\":\"\",\"menu_image\":\"\",\"menu_image_css\":\"\",\"menu_text\":1,\"menu_show\":0,\"page_title\":\"Dulevo Service\",\"show_page_heading\":\"0\",\"page_heading\":\"\",\"pageclass_sfx\":\"\",\"menu-meta_description\":\"\",\"menu-meta_keywords\":\"\",\"robots\":\"\",\"secure\":0}',83,84,1,'it-IT',0),(134,'mainmenu-it-it','Privacy Policy','privacy-policy','','privacy-policy','index.php?option=com_content&view=article&id=13','component',1,1,1,22,0,'0000-00-00 00:00:00',0,1,' ',0,'{\"show_title\":\"\",\"link_titles\":\"\",\"show_intro\":\"\",\"info_block_position\":\"\",\"info_block_show_title\":\"\",\"show_category\":\"\",\"link_category\":\"\",\"show_parent_category\":\"\",\"link_parent_category\":\"\",\"show_associations\":\"\",\"show_author\":\"\",\"link_author\":\"\",\"show_create_date\":\"\",\"show_modify_date\":\"\",\"show_publish_date\":\"\",\"show_item_navigation\":\"\",\"show_vote\":\"\",\"show_icons\":\"\",\"show_print_icon\":\"\",\"show_email_icon\":\"\",\"show_hits\":\"\",\"show_tags\":\"\",\"show_noauth\":\"\",\"urls_position\":\"\",\"menu-anchor_title\":\"\",\"menu-anchor_css\":\"\",\"menu_image\":\"\",\"menu_image_css\":\"\",\"menu_text\":1,\"menu_show\":0,\"page_title\":\"\",\"show_page_heading\":\"\",\"page_heading\":\"\",\"pageclass_sfx\":\"\",\"menu-meta_description\":\"\",\"menu-meta_keywords\":\"\",\"robots\":\"\",\"secure\":0}',85,86,0,'it-IT',0),(135,'mainmenu-it-it','Note legali','note-legali','','note-legali','index.php?option=com_content&view=article&id=14','component',1,1,1,22,0,'0000-00-00 00:00:00',0,1,' ',0,'{\"show_title\":\"\",\"link_titles\":\"\",\"show_intro\":\"\",\"info_block_position\":\"\",\"info_block_show_title\":\"\",\"show_category\":\"\",\"link_category\":\"\",\"show_parent_category\":\"\",\"link_parent_category\":\"\",\"show_associations\":\"\",\"show_author\":\"\",\"link_author\":\"\",\"show_create_date\":\"\",\"show_modify_date\":\"\",\"show_publish_date\":\"\",\"show_item_navigation\":\"\",\"show_vote\":\"\",\"show_icons\":\"\",\"show_print_icon\":\"\",\"show_email_icon\":\"\",\"show_hits\":\"\",\"show_tags\":\"\",\"show_noauth\":\"\",\"urls_position\":\"\",\"menu-anchor_title\":\"\",\"menu-anchor_css\":\"\",\"menu_image\":\"\",\"menu_image_css\":\"\",\"menu_text\":1,\"menu_show\":0,\"page_title\":\"\",\"show_page_heading\":\"\",\"page_heading\":\"\",\"pageclass_sfx\":\"\",\"menu-meta_description\":\"\",\"menu-meta_keywords\":\"\",\"robots\":\"\",\"secure\":0}',87,88,0,'it-IT',0),(136,'mainmenu-en-gb','Privacy Policy','privacy-policy-en','','privacy-policy-en','index.php?option=com_content&view=article&id=611','component',1,1,1,22,0,'0000-00-00 00:00:00',0,1,' ',0,'{\"show_title\":\"\",\"link_titles\":\"\",\"show_intro\":\"\",\"info_block_position\":\"\",\"info_block_show_title\":\"\",\"show_category\":\"\",\"link_category\":\"\",\"show_parent_category\":\"\",\"link_parent_category\":\"\",\"show_associations\":\"\",\"show_author\":\"\",\"link_author\":\"\",\"show_create_date\":\"\",\"show_modify_date\":\"\",\"show_publish_date\":\"\",\"show_item_navigation\":\"\",\"show_vote\":\"\",\"show_icons\":\"\",\"show_print_icon\":\"\",\"show_email_icon\":\"\",\"show_hits\":\"\",\"show_tags\":\"\",\"show_noauth\":\"\",\"urls_position\":\"\",\"menu-anchor_title\":\"\",\"menu-anchor_css\":\"\",\"menu_image\":\"\",\"menu_image_css\":\"\",\"menu_text\":1,\"menu_show\":0,\"page_title\":\"\",\"show_page_heading\":\"\",\"page_heading\":\"\",\"pageclass_sfx\":\"\",\"menu-meta_description\":\"\",\"menu-meta_keywords\":\"\",\"robots\":\"\",\"secure\":0}',89,90,0,'en-GB',0),(137,'mainmenu-en-gb','Legal Notes','note-legali-2','','note-legali-2','index.php?option=com_content&view=article&id=605','component',1,1,1,22,0,'0000-00-00 00:00:00',0,1,' ',0,'{\"show_title\":\"\",\"link_titles\":\"\",\"show_intro\":\"\",\"info_block_position\":\"\",\"info_block_show_title\":\"\",\"show_category\":\"\",\"link_category\":\"\",\"show_parent_category\":\"\",\"link_parent_category\":\"\",\"show_associations\":\"\",\"show_author\":\"\",\"link_author\":\"\",\"show_create_date\":\"\",\"show_modify_date\":\"\",\"show_publish_date\":\"\",\"show_item_navigation\":\"\",\"show_vote\":\"\",\"show_icons\":\"\",\"show_print_icon\":\"\",\"show_email_icon\":\"\",\"show_hits\":\"\",\"show_tags\":\"\",\"show_noauth\":\"\",\"urls_position\":\"\",\"menu-anchor_title\":\"\",\"menu-anchor_css\":\"\",\"menu_image\":\"\",\"menu_image_css\":\"\",\"menu_text\":1,\"menu_show\":0,\"page_title\":\"\",\"show_page_heading\":\"\",\"page_heading\":\"\",\"pageclass_sfx\":\"\",\"menu-meta_description\":\"\",\"menu-meta_keywords\":\"\",\"robots\":\"\",\"secure\":0}',91,92,0,'en-GB',0),(138,'mainmenu','Tutorial Video','tutorial-video','','tutorial-video','index.php?option=com_content&view=category&id=11','component',1,1,1,22,0,'0000-00-00 00:00:00',0,20,' ',0,'{\"show_category_title\":\"1\",\"show_description\":\"\",\"show_description_image\":\"1\",\"maxLevel\":\"-1\",\"show_empty_categories\":\"1\",\"show_no_articles\":\"\",\"show_category_heading_title_text\":\"\",\"show_subcat_desc\":\"\",\"show_cat_num_articles\":\"\",\"show_cat_tags\":\"\",\"page_subheading\":\"\",\"show_pagination_limit\":\"\",\"filter_field\":\"\",\"show_headings\":\"\",\"list_show_date\":\"\",\"date_format\":\"\",\"list_show_hits\":\"\",\"list_show_author\":\"\",\"list_show_votes\":\"\",\"list_show_ratings\":\"\",\"orderby_pri\":\"\",\"orderby_sec\":\"\",\"order_date\":\"\",\"show_pagination\":\"\",\"show_pagination_results\":\"\",\"display_num\":\"10\",\"show_featured\":\"\",\"article_layout\":\"_:default\",\"show_title\":\"0\",\"link_titles\":\"\",\"show_intro\":\"\",\"show_category\":\"\",\"link_category\":\"\",\"show_parent_category\":\"\",\"link_parent_category\":\"\",\"show_associations\":\"\",\"show_author\":\"\",\"link_author\":\"\",\"show_create_date\":\"\",\"show_modify_date\":\"\",\"show_publish_date\":\"\",\"show_item_navigation\":\"\",\"show_vote\":\"\",\"show_readmore\":\"\",\"show_readmore_title\":\"\",\"show_icons\":\"\",\"show_print_icon\":\"\",\"show_email_icon\":\"\",\"show_hits\":\"\",\"show_noauth\":\"\",\"show_feed_link\":\"\",\"feed_summary\":\"\",\"menu-anchor_title\":\"\",\"menu-anchor_css\":\"\",\"menu_image\":\"gantry-media:\\/\\/interfaccia\\/video-tutorial.svg\",\"menu_image_css\":\"\",\"menu_text\":0,\"menu_show\":1,\"page_title\":\"\",\"show_page_heading\":\"\",\"page_heading\":\"\",\"pageclass_sfx\":\" manutenzioni\",\"menu-meta_description\":\"\",\"menu-meta_keywords\":\"\",\"robots\":\"noindex, nofollow\",\"secure\":0,\"gantry\":1,\"gantry-layout\":\"list\",\"gantry-dropdown_dir\":\"center\",\"gantry-width\":\"450px\",\"gantry-visible\":true,\"gantry-columns\":\"[50,50]\",\"gantry-columns_count\":\"[5,5]\"}',13,34,0,'*',0),(170,'mainmenu','PDF','pdf-documentation-2','','pdf-documentation-2','index.php?option=com_content&view=category&layout=blog&id=12','component',1,1,1,22,0,'0000-00-00 00:00:00',0,19,' ',0,'{\"layout_type\":\"blog\",\"show_category_heading_title_text\":\"0\",\"show_category_title\":\"\",\"show_description\":\"\",\"show_description_image\":\"\",\"maxLevel\":\"-1\",\"show_empty_categories\":\"1\",\"show_no_articles\":\"1\",\"show_subcat_desc\":\"\",\"show_cat_num_articles\":\"1\",\"show_cat_tags\":\"\",\"page_subheading\":\"\",\"num_leading_articles\":\"0\",\"num_intro_articles\":\"10\",\"num_columns\":\"2\",\"num_links\":\"0\",\"multi_column_order\":\"1\",\"show_subcategory_content\":\"-1\",\"orderby_pri\":\"\",\"orderby_sec\":\"alpha\",\"order_date\":\"\",\"show_pagination\":\"\",\"show_pagination_results\":\"\",\"show_featured\":\"\",\"article_layout\":\"_:default\",\"show_title\":\"\",\"link_titles\":\"\",\"show_intro\":\"0\",\"info_block_position\":\"\",\"info_block_show_title\":\"\",\"show_category\":\"\",\"link_category\":\"\",\"show_parent_category\":\"\",\"link_parent_category\":\"\",\"show_associations\":\"\",\"show_author\":\"\",\"link_author\":\"\",\"show_create_date\":\"\",\"show_modify_date\":\"\",\"show_publish_date\":\"\",\"show_item_navigation\":\"\",\"show_vote\":\"\",\"show_readmore\":\"\",\"show_readmore_title\":\"\",\"show_icons\":\"\",\"show_print_icon\":\"\",\"show_email_icon\":\"\",\"show_hits\":\"\",\"show_tags\":\"\",\"show_noauth\":\"\",\"show_feed_link\":\"\",\"feed_summary\":\"\",\"menu-anchor_title\":\"\",\"menu-anchor_css\":\"\",\"menu_image\":\"gantry-media:\\/\\/interfaccia\\/manuale-pdf.svg\",\"menu_image_css\":\"\",\"menu_text\":0,\"menu_show\":1,\"page_title\":\"\",\"show_page_heading\":\"\",\"page_heading\":\"\",\"pageclass_sfx\":\" manuali \",\"menu-meta_description\":\"\",\"menu-meta_keywords\":\"\",\"robots\":\"\",\"secure\":0,\"gantry\":1,\"gantry-dropdown_dir\":\"center\",\"gantry-dropdown_hide\":true,\"gantry-width\":\"auto\",\"gantry-layout\":\"list\",\"gantry-visible\":true,\"gantry-columns\":\"[]\",\"gantry-columns_count\":\"[]\",\"gantry-options\":\"[]\"}',35,38,0,'*',0),(174,'main','COM_OSDOWNLOADS','com-osdownloads','','com-osdownloads','index.php?option=com_osdownloads','component',1,1,1,10034,0,'0000-00-00 00:00:00',0,2,'class:component',0,'{}',93,100,0,'',1),(175,'main','COM_OSDOWNLOADS_FILES','com-osdownloads-files','','com-osdownloads/com-osdownloads-files','index.php?option=com_osdownloads&view=files','component',1,174,2,10034,0,'0000-00-00 00:00:00',0,2,'class:component',0,'{}',94,95,0,'',1),(176,'main','COM_OSDOWNLOADS_CATEGORIES','com-osdownloads-categories','','com-osdownloads/com-osdownloads-categories','index.php?option=com_categories&extension=com_osdownloads','component',1,174,2,10034,0,'0000-00-00 00:00:00',0,2,'class:component',0,'{}',96,97,0,'',1),(177,'main','COM_OSDOWNLOADS_EMAILS','com-osdownloads-emails','','com-osdownloads/com-osdownloads-emails','index.php?option=com_osdownloads&view=emails','component',1,174,2,10034,0,'0000-00-00 00:00:00',0,2,'class:component',0,'{}',98,99,0,'',1),(182,'mainmenu','5000','5000','','tutorial-video/5000','index.php?option=com_content&view=category&layout=blog&id=29','component',1,138,2,22,0,'0000-00-00 00:00:00',0,22,' ',0,'{\"layout_type\":\"blog\",\"show_category_heading_title_text\":\"\",\"show_category_title\":\"1\",\"show_description\":\"\",\"show_description_image\":\"1\",\"maxLevel\":\"0\",\"show_empty_categories\":\"0\",\"show_no_articles\":\"\",\"show_subcat_desc\":\"\",\"show_cat_num_articles\":\"\",\"show_cat_tags\":\"\",\"page_subheading\":\"\",\"num_leading_articles\":\"0\",\"num_intro_articles\":\"16\",\"num_columns\":\"6\",\"num_links\":\"0\",\"multi_column_order\":\"1\",\"show_subcategory_content\":\"\",\"orderby_pri\":\"\",\"orderby_sec\":\"order\",\"order_date\":\"\",\"show_pagination\":\"0\",\"show_pagination_results\":\"\",\"show_featured\":\"\",\"article_layout\":\"_:default\",\"show_title\":\"0\",\"link_titles\":\"\",\"show_intro\":\"0\",\"info_block_position\":\"1\",\"info_block_show_title\":\"0\",\"show_category\":\"\",\"link_category\":\"0\",\"show_parent_category\":\"\",\"link_parent_category\":\"\",\"show_associations\":\"\",\"show_author\":\"\",\"link_author\":\"\",\"show_create_date\":\"\",\"show_modify_date\":\"\",\"show_publish_date\":\"\",\"show_item_navigation\":\"\",\"show_vote\":\"\",\"show_readmore\":\"\",\"show_readmore_title\":\"\",\"show_icons\":\"\",\"show_print_icon\":\"\",\"show_email_icon\":\"\",\"show_hits\":\"\",\"show_tags\":\"\",\"show_noauth\":\"\",\"show_feed_link\":\"0\",\"feed_summary\":\"\",\"menu-anchor_title\":\"\",\"menu-anchor_css\":\"\",\"menu_image\":\"\",\"menu_image_css\":\"\",\"menu_text\":1,\"menu_show\":1,\"page_title\":\"\",\"show_page_heading\":\"\",\"page_heading\":\"\",\"pageclass_sfx\":\" manutenzioni\",\"menu-meta_description\":\"\",\"menu-meta_keywords\":\"\",\"robots\":\"noindex, nofollow\",\"secure\":0,\"gantry\":1,\"gantry-layout\":\"list\",\"gantry-dropdown_dir\":\"right\",\"gantry-width\":\"auto\",\"gantry-visible\":true,\"gantry-columns\":\"[]\",\"gantry-columns_count\":\"[]\"}',26,27,0,'*',0),(193,'main','CONTENT_STATISTICS','content-statistics','','content-statistics','index.php?option=com_contentstats','component',1,1,1,10107,0,'0000-00-00 00:00:00',0,2,'components/com_contentstats/assets/images/columns.png',0,'{}',101,106,0,'',1),(194,'main','ACTIVITY','activity','','content-statistics/activity','index.php?option=com_contentstats','component',1,193,2,10107,0,'0000-00-00 00:00:00',0,2,'components/com_contentstats/assets/images/columns.png',0,'{}',102,103,0,'',1),(195,'main','NOTIFICATIONS','notifications','','content-statistics/notifications','index.php?option=com_contentstats&controller=notifications','component',1,193,2,10107,0,'0000-00-00 00:00:00',0,2,'components/com_contentstats/assets/images/columns.png',0,'{}',104,105,0,'',1),(206,'main','COM_CSVI','com-csvi','','com-csvi','index.php?option=com_csvi&view=csvi','component',1,1,1,10129,0,'0000-00-00 00:00:00',0,2,'class:component',0,'{}',107,122,0,'',1),(207,'main','COM_CSVI_DASHBOARD','com-csvi-dashboard','','com-csvi/com-csvi-dashboard','index.php?option=com_csvi&view=csvi','component',1,206,2,10129,0,'0000-00-00 00:00:00',0,2,'class:component',0,'{}',108,109,0,'',1),(208,'main','COM_CSVI_IMPORTS','com-csvi-imports','','com-csvi/com-csvi-imports','index.php?option=com_csvi&view=imports','component',1,206,2,10129,0,'0000-00-00 00:00:00',0,2,'class:component',0,'{}',110,111,0,'',1),(209,'main','COM_CSVI_EXPORTS','com-csvi-exports','','com-csvi/com-csvi-exports','index.php?option=com_csvi&view=exports','component',1,206,2,10129,0,'0000-00-00 00:00:00',0,2,'class:component',0,'{}',112,113,0,'',1),(210,'main','COM_CSVI_TEMPLATES','com-csvi-templates','','com-csvi/com-csvi-templates','index.php?option=com_csvi&view=templates','component',1,206,2,10129,0,'0000-00-00 00:00:00',0,2,'class:component',0,'{}',114,115,0,'',1),(211,'main','COM_CSVI_MAINTENANCE','com-csvi-maintenance','','com-csvi/com-csvi-maintenance','index.php?option=com_csvi&view=maintenance','component',1,206,2,10129,0,'0000-00-00 00:00:00',0,2,'class:component',0,'{}',116,117,0,'',1),(212,'main','COM_CSVI_LOGS','com-csvi-logs','','com-csvi/com-csvi-logs','index.php?option=com_csvi&view=logs','component',1,206,2,10129,0,'0000-00-00 00:00:00',0,2,'class:component',0,'{}',118,119,0,'',1),(213,'main','COM_CSVI_ABOUT','com-csvi-about','','com-csvi/com-csvi-about','index.php?option=com_csvi&view=about','component',1,206,2,10129,0,'0000-00-00 00:00:00',0,2,'class:component',0,'{}',120,121,0,'',1),(214,'mainmenu','{lang it}Come trovare numero di serie{/lang}{lang en}How to find serial number{/lang}','come-trovare-numero-di-serie','','pdf-documentation-2/come-trovare-numero-di-serie','index.php?option=com_content&view=article&id=34','component',0,170,2,22,0,'0000-00-00 00:00:00',0,19,' ',0,'{\"show_title\":\"\",\"link_titles\":\"\",\"show_intro\":\"\",\"info_block_position\":\"\",\"info_block_show_title\":\"\",\"show_category\":\"\",\"link_category\":\"\",\"show_parent_category\":\"\",\"link_parent_category\":\"\",\"show_associations\":\"\",\"show_author\":\"\",\"link_author\":\"\",\"show_create_date\":\"\",\"show_modify_date\":\"\",\"show_publish_date\":\"\",\"show_item_navigation\":\"\",\"show_vote\":\"\",\"show_icons\":\"\",\"show_print_icon\":\"\",\"show_email_icon\":\"\",\"show_hits\":\"\",\"show_tags\":\"\",\"show_noauth\":\"\",\"urls_position\":\"\",\"menu-anchor_title\":\"\",\"menu-anchor_css\":\"\",\"menu_image\":\"\",\"menu_image_css\":\"\",\"menu_text\":1,\"menu_show\":1,\"page_title\":\"\",\"show_page_heading\":\"\",\"page_heading\":\"\",\"pageclass_sfx\":\"\",\"menu-meta_description\":\"\",\"menu-meta_keywords\":\"\",\"robots\":\"\",\"secure\":0,\"gantry\":1,\"gantry-layout\":\"list\",\"gantry-dropdown_dir\":\"right\",\"gantry-width\":\"auto\",\"gantry-visible\":true,\"gantry-columns\":\"[]\",\"gantry-columns_count\":\"[]\"}',36,37,0,'*',0),(215,'mainmenu','2000','2000','','tutorial-video/2000','index.php?option=com_content&view=category&layout=blog&id=27','component',1,138,2,22,0,'0000-00-00 00:00:00',0,10,' ',0,'{\"layout_type\":\"blog\",\"show_category_heading_title_text\":\"\",\"show_category_title\":\"1\",\"show_description\":\"\",\"show_description_image\":\"1\",\"maxLevel\":\"0\",\"show_empty_categories\":\"0\",\"show_no_articles\":\"\",\"show_subcat_desc\":\"\",\"show_cat_num_articles\":\"\",\"show_cat_tags\":\"\",\"page_subheading\":\"\",\"num_leading_articles\":\"0\",\"num_intro_articles\":\"16\",\"num_columns\":\"6\",\"num_links\":\"0\",\"multi_column_order\":\"1\",\"show_subcategory_content\":\"\",\"orderby_pri\":\"\",\"orderby_sec\":\"order\",\"order_date\":\"\",\"show_pagination\":\"0\",\"show_pagination_results\":\"\",\"show_featured\":\"\",\"article_layout\":\"_:default\",\"show_title\":\"0\",\"link_titles\":\"\",\"show_intro\":\"0\",\"info_block_position\":\"1\",\"info_block_show_title\":\"0\",\"show_category\":\"\",\"link_category\":\"0\",\"show_parent_category\":\"\",\"link_parent_category\":\"\",\"show_associations\":\"\",\"show_author\":\"\",\"link_author\":\"\",\"show_create_date\":\"\",\"show_modify_date\":\"\",\"show_publish_date\":\"\",\"show_item_navigation\":\"\",\"show_vote\":\"\",\"show_readmore\":\"\",\"show_readmore_title\":\"\",\"show_icons\":\"\",\"show_print_icon\":\"\",\"show_email_icon\":\"\",\"show_hits\":\"\",\"show_tags\":\"\",\"show_noauth\":\"\",\"show_feed_link\":\"0\",\"feed_summary\":\"\",\"menu-anchor_title\":\"\",\"menu-anchor_css\":\"\",\"menu_image\":\"\",\"menu_image_css\":\"\",\"menu_text\":1,\"menu_show\":1,\"page_title\":\"\",\"show_page_heading\":\"\",\"page_heading\":\"\",\"pageclass_sfx\":\" manutenzioni\",\"menu-meta_description\":\"\",\"menu-meta_keywords\":\"\",\"robots\":\"noindex, nofollow\",\"secure\":0,\"gantry\":1,\"gantry-layout\":\"list\",\"gantry-dropdown_dir\":\"right\",\"gantry-width\":\"auto\",\"gantry-visible\":true,\"gantry-columns\":\"[]\",\"gantry-columns_count\":\"[]\"}',20,21,0,'*',0),(216,'mainmenu','3000','3000','','tutorial-video/3000','index.php?option=com_content&view=category&layout=blog&id=28','component',1,138,2,22,0,'0000-00-00 00:00:00',0,21,' ',0,'{\"layout_type\":\"blog\",\"show_category_heading_title_text\":\"\",\"show_category_title\":\"1\",\"show_description\":\"\",\"show_description_image\":\"1\",\"maxLevel\":\"0\",\"show_empty_categories\":\"0\",\"show_no_articles\":\"\",\"show_subcat_desc\":\"\",\"show_cat_num_articles\":\"\",\"show_cat_tags\":\"\",\"page_subheading\":\"\",\"num_leading_articles\":\"0\",\"num_intro_articles\":\"16\",\"num_columns\":\"6\",\"num_links\":\"0\",\"multi_column_order\":\"1\",\"show_subcategory_content\":\"\",\"orderby_pri\":\"\",\"orderby_sec\":\"order\",\"order_date\":\"\",\"show_pagination\":\"0\",\"show_pagination_results\":\"\",\"show_featured\":\"\",\"article_layout\":\"_:default\",\"show_title\":\"0\",\"link_titles\":\"\",\"show_intro\":\"0\",\"info_block_position\":\"1\",\"info_block_show_title\":\"0\",\"show_category\":\"\",\"link_category\":\"0\",\"show_parent_category\":\"\",\"link_parent_category\":\"\",\"show_associations\":\"\",\"show_author\":\"\",\"link_author\":\"\",\"show_create_date\":\"\",\"show_modify_date\":\"\",\"show_publish_date\":\"\",\"show_item_navigation\":\"\",\"show_vote\":\"\",\"show_readmore\":\"\",\"show_readmore_title\":\"\",\"show_icons\":\"\",\"show_print_icon\":\"\",\"show_email_icon\":\"\",\"show_hits\":\"\",\"show_tags\":\"\",\"show_noauth\":\"\",\"show_feed_link\":\"0\",\"feed_summary\":\"\",\"menu-anchor_title\":\"\",\"menu-anchor_css\":\"\",\"menu_image\":\"\",\"menu_image_css\":\"\",\"menu_text\":1,\"menu_show\":1,\"page_title\":\"\",\"show_page_heading\":\"\",\"page_heading\":\"\",\"pageclass_sfx\":\" manutenzioni\",\"menu-meta_description\":\"\",\"menu-meta_keywords\":\"\",\"robots\":\"noindex, nofollow\",\"secure\":0,\"gantry\":1,\"gantry-layout\":\"list\",\"gantry-dropdown_dir\":\"right\",\"gantry-width\":\"auto\",\"gantry-visible\":true,\"gantry-columns\":\"[]\",\"gantry-columns_count\":\"[]\"}',22,23,0,'*',0),(217,'mainmenu','6000','6000','','tutorial-video/6000','index.php?option=com_content&view=category&layout=blog&id=30','component',1,138,2,22,0,'0000-00-00 00:00:00',0,11,' ',0,'{\"layout_type\":\"blog\",\"show_category_heading_title_text\":\"\",\"show_category_title\":\"1\",\"show_description\":\"\",\"show_description_image\":\"1\",\"maxLevel\":\"0\",\"show_empty_categories\":\"0\",\"show_no_articles\":\"\",\"show_subcat_desc\":\"\",\"show_cat_num_articles\":\"\",\"show_cat_tags\":\"\",\"page_subheading\":\"\",\"num_leading_articles\":\"0\",\"num_intro_articles\":\"16\",\"num_columns\":\"6\",\"num_links\":\"0\",\"multi_column_order\":\"1\",\"show_subcategory_content\":\"\",\"orderby_pri\":\"\",\"orderby_sec\":\"order\",\"order_date\":\"\",\"show_pagination\":\"0\",\"show_pagination_results\":\"\",\"show_featured\":\"\",\"article_layout\":\"_:default\",\"show_title\":\"0\",\"link_titles\":\"\",\"show_intro\":\"0\",\"info_block_position\":\"1\",\"info_block_show_title\":\"0\",\"show_category\":\"\",\"link_category\":\"0\",\"show_parent_category\":\"\",\"link_parent_category\":\"\",\"show_associations\":\"\",\"show_author\":\"\",\"link_author\":\"\",\"show_create_date\":\"\",\"show_modify_date\":\"\",\"show_publish_date\":\"\",\"show_item_navigation\":\"\",\"show_vote\":\"\",\"show_readmore\":\"\",\"show_readmore_title\":\"\",\"show_icons\":\"\",\"show_print_icon\":\"\",\"show_email_icon\":\"\",\"show_hits\":\"\",\"show_tags\":\"\",\"show_noauth\":\"\",\"show_feed_link\":\"0\",\"feed_summary\":\"\",\"menu-anchor_title\":\"\",\"menu-anchor_css\":\"\",\"menu_image\":\"\",\"menu_image_css\":\"\",\"menu_text\":1,\"menu_show\":1,\"page_title\":\"\",\"show_page_heading\":\"\",\"page_heading\":\"\",\"pageclass_sfx\":\" manutenzioni\",\"menu-meta_description\":\"\",\"menu-meta_keywords\":\"\",\"robots\":\"noindex, nofollow\",\"secure\":0,\"gantry\":1,\"gantry-layout\":\"list\",\"gantry-dropdown_dir\":\"right\",\"gantry-width\":\"auto\",\"gantry-visible\":true,\"gantry-columns\":\"[]\",\"gantry-columns_count\":\"[]\"}',28,29,0,'*',0),(218,'mainmenu','6000 TIER3','6000-tier3','','tutorial-video/6000-tier3','index.php?option=com_content&view=category&layout=blog&id=31','component',1,138,2,22,0,'0000-00-00 00:00:00',0,25,' ',0,'{\"layout_type\":\"blog\",\"show_category_heading_title_text\":\"\",\"show_category_title\":\"1\",\"show_description\":\"\",\"show_description_image\":\"1\",\"maxLevel\":\"0\",\"show_empty_categories\":\"0\",\"show_no_articles\":\"\",\"show_subcat_desc\":\"\",\"show_cat_num_articles\":\"\",\"show_cat_tags\":\"\",\"page_subheading\":\"\",\"num_leading_articles\":\"0\",\"num_intro_articles\":\"16\",\"num_columns\":\"6\",\"num_links\":\"0\",\"multi_column_order\":\"1\",\"show_subcategory_content\":\"\",\"orderby_pri\":\"\",\"orderby_sec\":\"order\",\"order_date\":\"\",\"show_pagination\":\"0\",\"show_pagination_results\":\"\",\"show_featured\":\"\",\"article_layout\":\"_:default\",\"show_title\":\"0\",\"link_titles\":\"\",\"show_intro\":\"0\",\"info_block_position\":\"1\",\"info_block_show_title\":\"0\",\"show_category\":\"\",\"link_category\":\"0\",\"show_parent_category\":\"\",\"link_parent_category\":\"\",\"show_associations\":\"\",\"show_author\":\"\",\"link_author\":\"\",\"show_create_date\":\"\",\"show_modify_date\":\"\",\"show_publish_date\":\"\",\"show_item_navigation\":\"\",\"show_vote\":\"\",\"show_readmore\":\"\",\"show_readmore_title\":\"\",\"show_icons\":\"\",\"show_print_icon\":\"\",\"show_email_icon\":\"\",\"show_hits\":\"\",\"show_tags\":\"\",\"show_noauth\":\"\",\"show_feed_link\":\"0\",\"feed_summary\":\"\",\"menu-anchor_title\":\"\",\"menu-anchor_css\":\"\",\"menu_image\":\"\",\"menu_image_css\":\"\",\"menu_text\":1,\"menu_show\":1,\"page_title\":\"\",\"show_page_heading\":\"\",\"page_heading\":\"\",\"pageclass_sfx\":\" manutenzioni\",\"menu-meta_description\":\"\",\"menu-meta_keywords\":\"\",\"robots\":\"noindex, nofollow\",\"secure\":0,\"gantry\":1,\"gantry-layout\":\"list\",\"gantry-dropdown_dir\":\"right\",\"gantry-width\":\"auto\",\"gantry-visible\":true,\"gantry-columns\":\"[]\",\"gantry-columns_count\":\"[]\"}',30,31,0,'*',0),(219,'mainmenu','D6','d6','','tutorial-video/d6','index.php?option=com_content&view=category&layout=blog&id=32','component',1,138,2,22,0,'0000-00-00 00:00:00',0,23,' ',0,'{\"layout_type\":\"blog\",\"show_category_heading_title_text\":\"\",\"show_category_title\":\"1\",\"show_description\":\"\",\"show_description_image\":\"1\",\"maxLevel\":\"0\",\"show_empty_categories\":\"0\",\"show_no_articles\":\"\",\"show_subcat_desc\":\"\",\"show_cat_num_articles\":\"\",\"show_cat_tags\":\"\",\"page_subheading\":\"\",\"num_leading_articles\":\"0\",\"num_intro_articles\":\"16\",\"num_columns\":\"6\",\"num_links\":\"0\",\"multi_column_order\":\"1\",\"show_subcategory_content\":\"\",\"orderby_pri\":\"\",\"orderby_sec\":\"order\",\"order_date\":\"\",\"show_pagination\":\"0\",\"show_pagination_results\":\"\",\"show_featured\":\"\",\"article_layout\":\"_:default\",\"show_title\":\"0\",\"link_titles\":\"\",\"show_intro\":\"0\",\"info_block_position\":\"1\",\"info_block_show_title\":\"0\",\"show_category\":\"\",\"link_category\":\"0\",\"show_parent_category\":\"\",\"link_parent_category\":\"\",\"show_associations\":\"\",\"show_author\":\"\",\"link_author\":\"\",\"show_create_date\":\"\",\"show_modify_date\":\"\",\"show_publish_date\":\"\",\"show_item_navigation\":\"\",\"show_vote\":\"\",\"show_readmore\":\"\",\"show_readmore_title\":\"\",\"show_icons\":\"\",\"show_print_icon\":\"\",\"show_email_icon\":\"\",\"show_hits\":\"\",\"show_tags\":\"\",\"show_noauth\":\"\",\"show_feed_link\":\"0\",\"feed_summary\":\"\",\"menu-anchor_title\":\"\",\"menu-anchor_css\":\"\",\"menu_image\":\"\",\"menu_image_css\":\"\",\"menu_text\":1,\"menu_show\":1,\"page_title\":\"\",\"show_page_heading\":\"\",\"page_heading\":\"\",\"pageclass_sfx\":\" manutenzioni\",\"menu-meta_description\":\"\",\"menu-meta_keywords\":\"\",\"robots\":\"noindex, nofollow\",\"secure\":0,\"gantry\":1,\"gantry-layout\":\"list\",\"gantry-dropdown_dir\":\"right\",\"gantry-width\":\"auto\",\"gantry-visible\":true,\"gantry-columns\":\"[]\",\"gantry-columns_count\":\"[]\"}',32,33,0,'*',0),(220,'mainmenu','D.zero² ','d-zero','','tutorial-video/d-zero','index.php?option=com_content&view=category&layout=blog&id=33','component',1,138,2,22,0,'0000-00-00 00:00:00',0,24,' ',0,'{\"layout_type\":\"blog\",\"show_category_heading_title_text\":\"\",\"show_category_title\":\"1\",\"show_description\":\"\",\"show_description_image\":\"1\",\"maxLevel\":\"0\",\"show_empty_categories\":\"0\",\"show_no_articles\":\"\",\"show_subcat_desc\":\"\",\"show_cat_num_articles\":\"\",\"show_cat_tags\":\"\",\"page_subheading\":\"\",\"num_leading_articles\":\"0\",\"num_intro_articles\":\"16\",\"num_columns\":\"6\",\"num_links\":\"0\",\"multi_column_order\":\"1\",\"show_subcategory_content\":\"\",\"orderby_pri\":\"\",\"orderby_sec\":\"order\",\"order_date\":\"\",\"show_pagination\":\"0\",\"show_pagination_results\":\"\",\"show_featured\":\"\",\"article_layout\":\"_:default\",\"show_title\":\"0\",\"link_titles\":\"\",\"show_intro\":\"0\",\"info_block_position\":\"1\",\"info_block_show_title\":\"0\",\"show_category\":\"\",\"link_category\":\"0\",\"show_parent_category\":\"\",\"link_parent_category\":\"\",\"show_associations\":\"\",\"show_author\":\"\",\"link_author\":\"\",\"show_create_date\":\"\",\"show_modify_date\":\"\",\"show_publish_date\":\"\",\"show_item_navigation\":\"\",\"show_vote\":\"\",\"show_readmore\":\"\",\"show_readmore_title\":\"\",\"show_icons\":\"\",\"show_print_icon\":\"\",\"show_email_icon\":\"\",\"show_hits\":\"\",\"show_tags\":\"\",\"show_noauth\":\"\",\"show_feed_link\":\"0\",\"feed_summary\":\"\",\"menu-anchor_title\":\"\",\"menu-anchor_css\":\"\",\"menu_image\":\"\",\"menu_image_css\":\"\",\"menu_text\":1,\"menu_show\":1,\"page_title\":\"\",\"show_page_heading\":\"\",\"page_heading\":\"\",\"pageclass_sfx\":\" manutenzioni\",\"menu-meta_description\":\"\",\"menu-meta_keywords\":\"\",\"robots\":\"noindex, nofollow\",\"secure\":0,\"gantry\":1,\"gantry-dropdown_dir\":\"right\",\"gantry-width\":\"auto\",\"gantry-layout\":\"list\",\"gantry-visible\":true,\"gantry-columns\":\"[]\",\"gantry-columns_count\":\"[]\",\"gantry-options\":\"[]\"}',14,15,0,'*',0),(221,'mainmenu','recupera password','password-recovery','','password-recovery','index.php?option=com_users&view=reset','component',1,1,1,25,0,'0000-00-00 00:00:00',0,1,' ',0,'{\"menu-anchor_title\":\"\",\"menu-anchor_css\":\"\",\"menu_image\":\"\",\"menu_image_css\":\"\",\"menu_text\":1,\"menu_show\":0,\"page_title\":\"\",\"show_page_heading\":\"\",\"page_heading\":\"\",\"pageclass_sfx\":\"\",\"menu-meta_description\":\"\",\"menu-meta_keywords\":\"\",\"robots\":\"\",\"secure\":0,\"gantry\":1,\"gantry-layout\":\"list\",\"gantry-dropdown_dir\":\"right\",\"gantry-width\":\"auto\",\"gantry-visible\":true,\"gantry-columns\":\"[]\",\"gantry-columns_count\":\"[]\"}',43,44,0,'*',0),(222,'mainmenu-fr-fr','Home','home-fr-fr','','home-fr-fr','index.php?option=com_users&view=login','component',1,1,1,25,0,'0000-00-00 00:00:00',0,1,' ',12,'{\"loginredirectchoice\":\"1\",\"login_redirect_url\":\"\",\"login_redirect_menuitem\":\"\",\"logindescription_show\":\"1\",\"login_description\":\"\",\"login_image\":\"\",\"logoutredirectchoice\":\"1\",\"logout_redirect_url\":\"\",\"logout_redirect_menuitem\":\"\",\"logoutdescription_show\":\"1\",\"logout_description\":\"\",\"logout_image\":\"\",\"menu-anchor_title\":\"\",\"menu-anchor_css\":\"\",\"menu_image\":\"\",\"menu_image_css\":\"\",\"menu_text\":1,\"menu_show\":0,\"page_title\":\"Dulevo Service\",\"show_page_heading\":\"0\",\"page_heading\":\"\",\"pageclass_sfx\":\"\",\"menu-meta_description\":\"\",\"menu-meta_keywords\":\"\",\"robots\":\"\",\"secure\":0}',123,124,1,'fr-FR',0),(224,'mainmenu-de-de','Home','home-de-de','','home-de-de','index.php?option=com_users&view=login','component',1,1,1,25,0,'0000-00-00 00:00:00',0,1,' ',12,'{\"loginredirectchoice\":\"1\",\"login_redirect_url\":\"\",\"login_redirect_menuitem\":\"\",\"logindescription_show\":\"1\",\"login_description\":\"\",\"login_image\":\"\",\"logoutredirectchoice\":\"1\",\"logout_redirect_url\":\"\",\"logout_redirect_menuitem\":\"\",\"logoutdescription_show\":\"1\",\"logout_description\":\"\",\"logout_image\":\"\",\"menu-anchor_title\":\"\",\"menu-anchor_css\":\"\",\"menu_image\":\"\",\"menu_image_css\":\"\",\"menu_text\":1,\"menu_show\":0,\"page_title\":\"Dulevo Service\",\"show_page_heading\":\"0\",\"page_heading\":\"\",\"pageclass_sfx\":\"\",\"menu-meta_description\":\"\",\"menu-meta_keywords\":\"\",\"robots\":\"\",\"secure\":0}',125,126,1,'de-DE',0),(225,'mainmenu-es-es','Home','home-es-es','','home-es-es','index.php?option=com_users&view=login','component',1,1,1,25,0,'0000-00-00 00:00:00',0,1,' ',12,'{\"loginredirectchoice\":\"1\",\"login_redirect_url\":\"\",\"login_redirect_menuitem\":\"\",\"logindescription_show\":\"1\",\"login_description\":\"\",\"login_image\":\"\",\"logoutredirectchoice\":\"1\",\"logout_redirect_url\":\"\",\"logout_redirect_menuitem\":\"\",\"logoutdescription_show\":\"1\",\"logout_description\":\"\",\"logout_image\":\"\",\"menu-anchor_title\":\"\",\"menu-anchor_css\":\"\",\"menu_image\":\"\",\"menu_image_css\":\"\",\"menu_text\":1,\"menu_show\":0,\"page_title\":\"Dulevo Service\",\"show_page_heading\":\"0\",\"page_heading\":\"\",\"pageclass_sfx\":\"\",\"menu-meta_description\":\"\",\"menu-meta_keywords\":\"\",\"robots\":\"\",\"secure\":0}',127,128,1,'es-ES',0),(238,'mainmenu','Assistenza tecnica remota','assistenza-tecnica-remota','','assistenza-tecnica-remota','index.php?option=com_content&view=article&id=600','component',1,1,1,22,0,'0000-00-00 00:00:00',0,20,' ',16,'{\"show_title\":\"0\",\"link_titles\":\"\",\"show_intro\":\"\",\"info_block_position\":\"\",\"info_block_show_title\":\"\",\"show_category\":\"\",\"link_category\":\"\",\"show_parent_category\":\"\",\"link_parent_category\":\"\",\"show_associations\":\"\",\"show_author\":\"\",\"link_author\":\"\",\"show_create_date\":\"\",\"show_modify_date\":\"\",\"show_publish_date\":\"\",\"show_item_navigation\":\"\",\"show_vote\":\"\",\"show_icons\":\"\",\"show_print_icon\":\"\",\"show_email_icon\":\"\",\"show_hits\":\"\",\"show_tags\":\"\",\"show_noauth\":\"\",\"urls_position\":\"\",\"menu-anchor_title\":\"{lang it}Assistenza tecnica remota{\\/lang}{lang en} Remote technical support{\\/lang}{lang fr} Assistance technique \\u00e0 distance{\\/lang}{lang de} Technischer Ferndienst{\\/lang}{lang es}Asistencia t\\u00e9cnica remota{\\/lang}\",\"menu-anchor_css\":\"\",\"menu_image\":\"gantry-media:\\/\\/interfaccia\\/assistenza-remota.svg\",\"menu_image_css\":\"\",\"menu_text\":0,\"menu_show\":1,\"page_title\":\"{lang it}Assistenza tecnica remota{\\/lang}{lang en} Remote technical support{\\/lang}{lang fr} Assistance technique \\u00e0 distance{\\/lang}{lang de} Technischer Ferndienst{\\/lang}{lang es}Asistencia t\\u00e9cnica remota{\\/lang}\",\"show_page_heading\":\"\",\"page_heading\":\"{lang it}Assistenza tecnica remota{\\/lang}{lang en} Remote technical support{\\/lang}{lang fr} Assistance technique \\u00e0 distance{\\/lang}{lang de} Technischer Ferndienst{\\/lang}{lang es}Asistencia t\\u00e9cnica remota{\\/lang}\",\"pageclass_sfx\":\"\",\"menu-meta_description\":\"\",\"menu-meta_keywords\":\"\",\"robots\":\"\",\"secure\":0,\"gantry\":1,\"gantry-layout\":\"list\",\"gantry-dropdown_dir\":\"right\",\"gantry-width\":\"auto\",\"gantry-visible\":true,\"gantry-columns\":\"[]\",\"gantry-columns_count\":\"[]\",\"gantry-link_title\":\"{lang it}Assistenza tecnica remota{\\/lang}{lang en} Remote technical support{\\/lang}{lang fr} Assistance technique \\u00e0 distance{\\/lang}{lang de} Technischer Ferndienst{\\/lang}{lang es}Asistencia t\\u00e9cnica remota{\\/lang}\"}',41,42,0,'*',0),(239,'mainmenu-fr-fr','Politique de confidentialité','politique-de-confidentialite','','politique-de-confidentialite','index.php?option=com_content&view=article&id=610','component',1,1,1,22,0,'0000-00-00 00:00:00',0,1,' ',0,'{\"show_title\":\"\",\"link_titles\":\"\",\"show_intro\":\"\",\"info_block_position\":\"\",\"info_block_show_title\":\"\",\"show_category\":\"\",\"link_category\":\"\",\"show_parent_category\":\"\",\"link_parent_category\":\"\",\"show_associations\":\"\",\"show_author\":\"\",\"link_author\":\"\",\"show_create_date\":\"\",\"show_modify_date\":\"\",\"show_publish_date\":\"\",\"show_item_navigation\":\"\",\"show_vote\":\"\",\"show_icons\":\"\",\"show_print_icon\":\"\",\"show_email_icon\":\"\",\"show_hits\":\"\",\"show_tags\":\"\",\"show_noauth\":\"\",\"urls_position\":\"\",\"menu-anchor_title\":\"\",\"menu-anchor_css\":\"\",\"menu_image\":\"\",\"menu_image_css\":\"\",\"menu_text\":1,\"menu_show\":0,\"page_title\":\"\",\"show_page_heading\":\"\",\"page_heading\":\"\",\"pageclass_sfx\":\"\",\"menu-meta_description\":\"\",\"menu-meta_keywords\":\"\",\"robots\":\"\",\"secure\":0}',129,130,0,'fr-FR',0),(240,'mainmenu-fr-fr','Remarques juridiques','remarques-juridiques','','remarques-juridiques','index.php?option=com_content&view=article&id=608','component',1,1,1,22,0,'0000-00-00 00:00:00',0,1,' ',0,'{\"show_title\":\"\",\"link_titles\":\"\",\"show_intro\":\"\",\"info_block_position\":\"\",\"info_block_show_title\":\"\",\"show_category\":\"\",\"link_category\":\"\",\"show_parent_category\":\"\",\"link_parent_category\":\"\",\"show_associations\":\"\",\"show_author\":\"\",\"link_author\":\"\",\"show_create_date\":\"\",\"show_modify_date\":\"\",\"show_publish_date\":\"\",\"show_item_navigation\":\"\",\"show_vote\":\"\",\"show_icons\":\"\",\"show_print_icon\":\"\",\"show_email_icon\":\"\",\"show_hits\":\"\",\"show_tags\":\"\",\"show_noauth\":\"\",\"urls_position\":\"\",\"menu-anchor_title\":\"\",\"menu-anchor_css\":\"\",\"menu_image\":\"\",\"menu_image_css\":\"\",\"menu_text\":1,\"menu_show\":0,\"page_title\":\"\",\"show_page_heading\":\"\",\"page_heading\":\"\",\"pageclass_sfx\":\"\",\"menu-meta_description\":\"\",\"menu-meta_keywords\":\"\",\"robots\":\"\",\"secure\":0}',131,132,0,'fr-FR',0),(241,'mainmenu-es-es','Política de privacidad','politica-de-privacidad','','politica-de-privacidad','index.php?option=com_content&view=article&id=613','component',1,1,1,22,0,'0000-00-00 00:00:00',0,1,' ',0,'{\"show_title\":\"\",\"link_titles\":\"\",\"show_intro\":\"\",\"info_block_position\":\"\",\"info_block_show_title\":\"\",\"show_category\":\"\",\"link_category\":\"\",\"show_parent_category\":\"\",\"link_parent_category\":\"\",\"show_associations\":\"\",\"show_author\":\"\",\"link_author\":\"\",\"show_create_date\":\"\",\"show_modify_date\":\"\",\"show_publish_date\":\"\",\"show_item_navigation\":\"\",\"show_vote\":\"\",\"show_icons\":\"\",\"show_print_icon\":\"\",\"show_email_icon\":\"\",\"show_hits\":\"\",\"show_tags\":\"\",\"show_noauth\":\"\",\"urls_position\":\"\",\"menu-anchor_title\":\"\",\"menu-anchor_css\":\"\",\"menu_image\":\"\",\"menu_image_css\":\"\",\"menu_text\":1,\"menu_show\":0,\"page_title\":\"\",\"show_page_heading\":\"\",\"page_heading\":\"\",\"pageclass_sfx\":\"\",\"menu-meta_description\":\"\",\"menu-meta_keywords\":\"\",\"robots\":\"\",\"secure\":0}',133,134,0,'es-ES',0),(242,'mainmenu-es-es','Notas legales','notas-legales','','notas-legales','index.php?option=com_content&view=article&id=606','component',1,1,1,22,0,'0000-00-00 00:00:00',0,1,' ',0,'{\"show_title\":\"\",\"link_titles\":\"\",\"show_intro\":\"\",\"info_block_position\":\"\",\"info_block_show_title\":\"\",\"show_category\":\"\",\"link_category\":\"\",\"show_parent_category\":\"\",\"link_parent_category\":\"\",\"show_associations\":\"\",\"show_author\":\"\",\"link_author\":\"\",\"show_create_date\":\"\",\"show_modify_date\":\"\",\"show_publish_date\":\"\",\"show_item_navigation\":\"\",\"show_vote\":\"\",\"show_icons\":\"\",\"show_print_icon\":\"\",\"show_email_icon\":\"\",\"show_hits\":\"\",\"show_tags\":\"\",\"show_noauth\":\"\",\"urls_position\":\"\",\"menu-anchor_title\":\"\",\"menu-anchor_css\":\"\",\"menu_image\":\"\",\"menu_image_css\":\"\",\"menu_text\":1,\"menu_show\":0,\"page_title\":\"\",\"show_page_heading\":\"\",\"page_heading\":\"\",\"pageclass_sfx\":\"\",\"menu-meta_description\":\"\",\"menu-meta_keywords\":\"\",\"robots\":\"\",\"secure\":0}',135,136,0,'es-ES',0),(243,'mainmenu-de-de','Datenschutzerklärung','datenschutzerklaerung','','datenschutzerklaerung','index.php?option=com_content&view=article&id=612','component',1,1,1,22,0,'0000-00-00 00:00:00',0,1,' ',0,'{\"show_title\":\"\",\"link_titles\":\"\",\"show_intro\":\"\",\"info_block_position\":\"\",\"info_block_show_title\":\"\",\"show_category\":\"\",\"link_category\":\"\",\"show_parent_category\":\"\",\"link_parent_category\":\"\",\"show_associations\":\"\",\"show_author\":\"\",\"link_author\":\"\",\"show_create_date\":\"\",\"show_modify_date\":\"\",\"show_publish_date\":\"\",\"show_item_navigation\":\"\",\"show_vote\":\"\",\"show_icons\":\"\",\"show_print_icon\":\"\",\"show_email_icon\":\"\",\"show_hits\":\"\",\"show_tags\":\"\",\"show_noauth\":\"\",\"urls_position\":\"\",\"menu-anchor_title\":\"\",\"menu-anchor_css\":\"\",\"menu_image\":\"\",\"menu_image_css\":\"\",\"menu_text\":1,\"menu_show\":0,\"page_title\":\"\",\"show_page_heading\":\"\",\"page_heading\":\"\",\"pageclass_sfx\":\"\",\"menu-meta_description\":\"\",\"menu-meta_keywords\":\"\",\"robots\":\"\",\"secure\":0}',137,138,0,'de-DE',0),(244,'mainmenu-de-de','Legale Anmerkungen','legale-anmerkungen','','legale-anmerkungen','index.php?option=com_content&view=article&id=607','component',1,1,1,22,0,'0000-00-00 00:00:00',0,1,' ',0,'{\"show_title\":\"\",\"link_titles\":\"\",\"show_intro\":\"\",\"info_block_position\":\"\",\"info_block_show_title\":\"\",\"show_category\":\"\",\"link_category\":\"\",\"show_parent_category\":\"\",\"link_parent_category\":\"\",\"show_associations\":\"\",\"show_author\":\"\",\"link_author\":\"\",\"show_create_date\":\"\",\"show_modify_date\":\"\",\"show_publish_date\":\"\",\"show_item_navigation\":\"\",\"show_vote\":\"\",\"show_icons\":\"\",\"show_print_icon\":\"\",\"show_email_icon\":\"\",\"show_hits\":\"\",\"show_tags\":\"\",\"show_noauth\":\"\",\"urls_position\":\"\",\"menu-anchor_title\":\"\",\"menu-anchor_css\":\"\",\"menu_image\":\"\",\"menu_image_css\":\"\",\"menu_text\":1,\"menu_show\":0,\"page_title\":\"\",\"show_page_heading\":\"\",\"page_heading\":\"\",\"pageclass_sfx\":\"\",\"menu-meta_description\":\"\",\"menu-meta_keywords\":\"\",\"robots\":\"\",\"secure\":0}',139,140,0,'de-DE',0),(260,'admin','Nuova pagina','nuova-pagina','','nuova-pagina','index.php?option=com_content&view=form&layout=edit','component',0,1,1,22,0,'0000-00-00 00:00:00',0,6,' ',0,'{\"enable_category\":\"1\",\"catid\":\"12\",\"redirect_menuitem\":\"\",\"custom_cancel_redirect\":\"0\",\"cancel_redirect_menuitem\":\"\",\"menu-anchor_title\":\"\",\"menu-anchor_css\":\"\",\"menu_image\":\"\",\"menu_image_css\":\"\",\"menu_text\":1,\"menu_show\":1,\"page_title\":\"\",\"show_page_heading\":\"\",\"page_heading\":\"\",\"pageclass_sfx\":\"\",\"menu-meta_description\":\"\",\"menu-meta_keywords\":\"\",\"robots\":\"\",\"secure\":0}',141,142,0,'*',0),(261,'admin','Moduli inviati it','moduli-inviati-it','','moduli-inviati-it','index.php?option=com_convertforms&view=submissions','component',0,1,1,10160,0,'0000-00-00 00:00:00',0,6,' ',0,'{\"form_id\":\"2\",\"filter_user\":\"current\",\"user_ids\":\"\",\"view_own_only\":\"1\",\"confirmed_only\":\"0\",\"list_limit\":\"20\",\"show_pagination\":\"1\",\"ordering\":\"recent\",\"hide_empty_values\":\"0\",\"load_css\":\"0\",\"layout_type\":\"template\",\"submissions_layout\":\"_:default\",\"layout_container\":\"<ul>{submissions}<\\/ul><div class=\'pagination\'>{pagination.links}<\\/div>\",\"layout_row\":\"<li><a href=\'{link}\'>{submission.id}<\\/a> {submission.date}<\\/li>\",\"layout_details\":\"\",\"menu-anchor_title\":\"\",\"menu-anchor_css\":\"\",\"menu_image\":\"\",\"menu_image_css\":\"\",\"menu_text\":1,\"menu_show\":1,\"page_title\":\"\",\"show_page_heading\":\"\",\"page_heading\":\"\",\"pageclass_sfx\":\"\",\"menu-meta_description\":\"\",\"menu-meta_keywords\":\"\",\"robots\":\"\",\"secure\":0}',143,144,0,'*',0),(263,'admin','Lista documenti PDF','lista-documenti-pdf','','lista-documenti-pdf','index.php?option=com_osdownloads&view=downloads&id=16','component',0,1,1,10034,0,'0000-00-00 00:00:00',0,3,' ',0,'{\"include_child_files\":\"0\",\"show_child_categories\":\"0\",\"number_of_column\":\"1\",\"show_download_count\":\"1\",\"show_category\":\"0\",\"show_category_filter\":\"0\",\"ordering\":\"doc.ordering\",\"ordering_dir\":\"asc\",\"download_link_in_title\":\"0\",\"menu-anchor_title\":\"\",\"menu-anchor_css\":\"\",\"menu_image\":\"\",\"menu_image_css\":\"\",\"menu_text\":1,\"menu_show\":1,\"page_title\":\"\",\"show_page_heading\":\"\",\"page_heading\":\"\",\"pageclass_sfx\":\"\",\"menu-meta_description\":\"\",\"menu-meta_keywords\":\"\",\"robots\":\"\",\"secure\":0}',145,146,0,'*',0),(264,'admin','Statistiche utenti','statistiche-utenti','','statistiche-utenti','index.php?option=com_content&view=article&id=623','component',1,1,1,22,0,'0000-00-00 00:00:00',0,3,' ',0,'{\"show_title\":\"0\",\"link_titles\":\"\",\"show_intro\":\"\",\"info_block_position\":\"\",\"info_block_show_title\":\"\",\"show_category\":\"\",\"link_category\":\"\",\"show_parent_category\":\"\",\"link_parent_category\":\"\",\"show_associations\":\"\",\"show_author\":\"\",\"link_author\":\"\",\"show_create_date\":\"\",\"show_modify_date\":\"\",\"show_publish_date\":\"\",\"show_item_navigation\":\"\",\"show_vote\":\"\",\"show_icons\":\"\",\"show_print_icon\":\"\",\"show_email_icon\":\"\",\"show_hits\":\"\",\"show_tags\":\"\",\"show_noauth\":\"\",\"urls_position\":\"\",\"menu-anchor_title\":\"\",\"menu-anchor_css\":\"\",\"menu_image\":\"\",\"menu_image_css\":\"\",\"menu_text\":1,\"menu_show\":1,\"page_title\":\"\",\"show_page_heading\":\"\",\"page_heading\":\"\",\"pageclass_sfx\":\"\",\"menu-meta_description\":\"\",\"menu-meta_keywords\":\"\",\"robots\":\"\",\"secure\":0}',147,148,0,'*',0),(265,'admin','Statistiche contenuti','statistiche-contenuti','','statistiche-contenuti','index.php?option=com_content&view=article&id=623','component',1,1,1,22,0,'0000-00-00 00:00:00',0,3,' ',0,'{\"show_title\":\"0\",\"link_titles\":\"\",\"show_intro\":\"\",\"info_block_position\":\"\",\"info_block_show_title\":\"\",\"show_category\":\"\",\"link_category\":\"\",\"show_parent_category\":\"\",\"link_parent_category\":\"\",\"show_associations\":\"\",\"show_author\":\"\",\"link_author\":\"\",\"show_create_date\":\"\",\"show_modify_date\":\"\",\"show_publish_date\":\"\",\"show_item_navigation\":\"\",\"show_vote\":\"\",\"show_icons\":\"\",\"show_print_icon\":\"\",\"show_email_icon\":\"\",\"show_hits\":\"\",\"show_tags\":\"\",\"show_noauth\":\"\",\"urls_position\":\"\",\"menu-anchor_title\":\"\",\"menu-anchor_css\":\"\",\"menu_image\":\"\",\"menu_image_css\":\"\",\"menu_text\":1,\"menu_show\":1,\"page_title\":\"\",\"show_page_heading\":\"\",\"page_heading\":\"\",\"pageclass_sfx\":\"\",\"menu-meta_description\":\"\",\"menu-meta_keywords\":\"\",\"robots\":\"\",\"secure\":0}',151,152,0,'*',0),(272,'admin','Statistiche analitiche','statistiche-analitiche','','statistiche-analitiche','index.php?option=com_content&view=article&id=643','component',1,1,1,22,0,'0000-00-00 00:00:00',0,3,' ',0,'{\"show_title\":\"0\",\"link_titles\":\"\",\"show_intro\":\"\",\"info_block_position\":\"\",\"info_block_show_title\":\"\",\"show_category\":\"\",\"link_category\":\"\",\"show_parent_category\":\"\",\"link_parent_category\":\"\",\"show_associations\":\"\",\"show_author\":\"\",\"link_author\":\"\",\"show_create_date\":\"\",\"show_modify_date\":\"\",\"show_publish_date\":\"\",\"show_item_navigation\":\"\",\"show_vote\":\"\",\"show_icons\":\"\",\"show_print_icon\":\"\",\"show_email_icon\":\"\",\"show_hits\":\"\",\"show_tags\":\"\",\"show_noauth\":\"\",\"urls_position\":\"\",\"menu-anchor_title\":\"\",\"menu-anchor_css\":\"\",\"menu_image\":\"\",\"menu_image_css\":\"\",\"menu_text\":1,\"menu_show\":1,\"page_title\":\"\",\"show_page_heading\":\"\",\"page_heading\":\"\",\"pageclass_sfx\":\"\",\"menu-meta_description\":\"\",\"menu-meta_keywords\":\"\",\"robots\":\"\",\"secure\":0}',149,150,0,'*',0),(273,'mainmenu','D3','d63','','tutorial-video/d63','index.php?option=com_content&view=category&layout=blog&id=38','component',1,138,2,22,0,'0000-00-00 00:00:00',0,38,' ',0,'{\"layout_type\":\"blog\",\"show_category_heading_title_text\":\"\",\"show_category_title\":\"1\",\"show_description\":\"\",\"show_description_image\":\"1\",\"maxLevel\":\"0\",\"show_empty_categories\":\"0\",\"show_no_articles\":\"\",\"show_subcat_desc\":\"\",\"show_cat_num_articles\":\"\",\"show_cat_tags\":\"\",\"page_subheading\":\"\",\"num_leading_articles\":\"0\",\"num_intro_articles\":\"16\",\"num_columns\":\"6\",\"num_links\":\"0\",\"multi_column_order\":\"1\",\"show_subcategory_content\":\"\",\"orderby_pri\":\"\",\"orderby_sec\":\"order\",\"order_date\":\"\",\"show_pagination\":\"0\",\"show_pagination_results\":\"\",\"show_featured\":\"\",\"article_layout\":\"_:default\",\"show_title\":\"0\",\"link_titles\":\"\",\"show_intro\":\"0\",\"info_block_position\":\"1\",\"info_block_show_title\":\"0\",\"show_category\":\"\",\"link_category\":\"0\",\"show_parent_category\":\"\",\"link_parent_category\":\"\",\"show_associations\":\"\",\"show_author\":\"\",\"link_author\":\"\",\"show_create_date\":\"\",\"show_modify_date\":\"\",\"show_publish_date\":\"\",\"show_item_navigation\":\"\",\"show_vote\":\"\",\"show_readmore\":\"\",\"show_readmore_title\":\"\",\"show_icons\":\"\",\"show_print_icon\":\"\",\"show_email_icon\":\"\",\"show_hits\":\"\",\"show_tags\":\"\",\"show_noauth\":\"\",\"show_feed_link\":\"0\",\"feed_summary\":\"\",\"menu-anchor_title\":\"\",\"menu-anchor_css\":\"\",\"menu_image\":\"\",\"menu_image_css\":\"\",\"menu_text\":1,\"menu_show\":1,\"page_title\":\"\",\"show_page_heading\":\"\",\"page_heading\":\"\",\"pageclass_sfx\":\" manutenzioni\",\"menu-meta_description\":\"\",\"menu-meta_keywords\":\"\",\"robots\":\"noindex, nofollow\",\"secure\":0,\"gantry\":1,\"gantry-layout\":\"list\",\"gantry-dropdown_dir\":\"right\",\"gantry-width\":\"auto\",\"gantry-visible\":true,\"gantry-columns\":\"[]\",\"gantry-columns_count\":\"[]\"}',24,25,0,'*',0),(275,'main','COM_LITTLEHELPER','com-littlehelper','','com-littlehelper','index.php?option=com_littlehelper','component',1,1,1,10041,0,'0000-00-00 00:00:00',0,2,'components/com_littlehelper/assets/images/logo16.png',0,'{}',153,166,0,'',1),(276,'main','COM_LITTLEHELPER_TRASH_AND_CACHE','com-littlehelper-trash-and-cache','','com-littlehelper/com-littlehelper-trash-and-cache','index.php?option=com_littlehelper&view=trash_n_cache','component',1,275,2,10041,0,'0000-00-00 00:00:00',0,2,'components/com_littlehelper/assets/images/joomla16.png',0,'{}',154,155,0,'',1),(277,'main','COM_LITTLEHELPER_FAVICON','com-littlehelper-favicon','','com-littlehelper/com-littlehelper-favicon','index.php?option=com_littlehelper&view=favicon','component',1,275,2,10041,0,'0000-00-00 00:00:00',0,2,'components/com_littlehelper/assets/images/favicon16.png',0,'{}',156,157,0,'',1),(278,'main','COM_LITTLEHELPER_HTACCESS','com-littlehelper-htaccess','','com-littlehelper/com-littlehelper-htaccess','index.php?option=com_littlehelper&view=htaccess','component',1,275,2,10041,0,'0000-00-00 00:00:00',0,2,'components/com_littlehelper/assets/images/icons/ico-protect16.png',0,'{}',158,159,0,'',1),(279,'main','COM_LITTLEHELPER_ROOTHTACCESS','com-littlehelper-roothtaccess','','com-littlehelper/com-littlehelper-roothtaccess','index.php?option=com_littlehelper&view=roothtaccess','component',1,275,2,10041,0,'0000-00-00 00:00:00',0,2,'components/com_littlehelper/assets/images/icons/ico-j16.png',0,'{}',160,161,0,'',1),(280,'main','COM_LITTLEHELPER_HUMANS','com-littlehelper-humans','','com-littlehelper/com-littlehelper-humans','index.php?option=com_littlehelper&view=humans','component',1,275,2,10041,0,'0000-00-00 00:00:00',0,2,'components/com_littlehelper/assets/images/humans16.png',0,'{}',162,163,0,'',1),(281,'main','COM_LITTLEHELPER_ROBOTS','com-littlehelper-robots','','com-littlehelper/com-littlehelper-robots','index.php?option=com_littlehelper&view=robots','component',1,275,2,10041,0,'0000-00-00 00:00:00',0,2,'class:component',0,'{}',164,165,0,'',1),(283,'main','COM_QUANTUMMANAGER','com-quantummanager','','com-quantummanager','index.php?option=com_quantummanager&view=quantummanager','component',1,1,1,10082,0,'0000-00-00 00:00:00',0,2,'class:component',0,'{}',167,168,0,'',1),(284,'main','XLSJUICE','xlsjuice','','xlsjuice','index.php?option=com_xlsjuice','component',1,1,1,10222,0,'0000-00-00 00:00:00',0,2,'../components/com_xlsjuice/assets/img/logo_small.svg',0,'{}',169,170,0,'',1),(285,'admin','DEMO manutenzioni','demo-manutenzioni','','demo-manutenzioni','index.php?option=com_content&view=article&id=648','component',0,1,1,22,0,'0000-00-00 00:00:00',0,18,' ',0,'{\"show_title\":\"0\",\"link_titles\":\"\",\"show_intro\":\"\",\"info_block_position\":\"\",\"info_block_show_title\":\"\",\"show_category\":\"\",\"link_category\":\"\",\"show_parent_category\":\"\",\"link_parent_category\":\"\",\"show_associations\":\"\",\"show_author\":\"\",\"link_author\":\"\",\"show_create_date\":\"\",\"show_modify_date\":\"\",\"show_publish_date\":\"\",\"show_item_navigation\":\"\",\"show_vote\":\"\",\"show_icons\":\"\",\"show_print_icon\":\"\",\"show_email_icon\":\"\",\"show_hits\":\"\",\"show_tags\":\"\",\"show_noauth\":\"\",\"urls_position\":\"\",\"menu-anchor_title\":\"\",\"menu-anchor_css\":\"\",\"menu_image\":\"\",\"menu_image_css\":\"\",\"menu_text\":1,\"menu_show\":1,\"page_title\":\"\",\"show_page_heading\":\"\",\"page_heading\":\"\",\"pageclass_sfx\":\" demomanutenzioni\",\"menu-meta_description\":\"\",\"menu-meta_keywords\":\"\",\"robots\":\"\",\"secure\":0}',171,172,0,'*',0),(290,'mainmenu','confirm email','confirm-email','','confirm-email','index.php?option=com_content&view=article&id=652','component',1,1,1,22,0,'0000-00-00 00:00:00',0,2,' ',14,'{\"show_title\":\"\",\"link_titles\":\"\",\"show_intro\":\"\",\"info_block_position\":\"\",\"info_block_show_title\":\"\",\"show_category\":\"\",\"link_category\":\"\",\"show_parent_category\":\"\",\"link_parent_category\":\"\",\"show_associations\":\"\",\"show_author\":\"\",\"link_author\":\"\",\"show_create_date\":\"\",\"show_modify_date\":\"\",\"show_publish_date\":\"\",\"show_item_navigation\":\"\",\"show_vote\":\"\",\"show_icons\":\"\",\"show_print_icon\":\"\",\"show_email_icon\":\"\",\"show_hits\":\"\",\"show_tags\":\"\",\"show_noauth\":\"\",\"urls_position\":\"\",\"menu-anchor_title\":\"\",\"menu-anchor_css\":\"\",\"menu_image\":\"\",\"menu_image_css\":\"\",\"menu_text\":1,\"menu_show\":0,\"page_title\":\"\",\"show_page_heading\":\"\",\"page_heading\":\"\",\"pageclass_sfx\":\"\",\"menu-meta_description\":\"\",\"menu-meta_keywords\":\"\",\"robots\":\"\",\"secure\":0,\"gantry\":1,\"gantry-dropdown_dir\":\"right\",\"gantry-width\":\"auto\",\"gantry-layout\":\"list\",\"gantry-visible\":true,\"gantry-columns\":\"[]\",\"gantry-columns_count\":\"[]\",\"gantry-options\":\"[]\"}',45,46,0,'*',0),(291,'mainmenu','confirmed email','confirmed-email','','confirmed-email','index.php?option=com_gantry5&view=custom','component',1,1,1,10000,0,'0000-00-00 00:00:00',0,2,' ',15,'{\"particle\":\"\",\"menu-anchor_title\":\"\",\"menu-anchor_css\":\"\",\"menu_image\":\"\",\"menu_image_css\":\"\",\"menu_text\":1,\"menu_show\":0,\"page_title\":\"\",\"show_page_heading\":\"\",\"page_heading\":\"\",\"pageclass_sfx\":\"\",\"menu-meta_description\":\"\",\"menu-meta_keywords\":\"\",\"robots\":\"\",\"secure\":0,\"gantry\":1,\"gantry-dropdown_dir\":\"right\",\"gantry-width\":\"auto\",\"gantry-layout\":\"list\",\"gantry-visible\":true,\"gantry-columns\":\"[]\",\"gantry-columns_count\":\"[]\",\"gantry-options\":\"[]\"}',47,48,0,'*',0),(293,'main','COM_CONVERTFORMS','com-convertforms','','com-convertforms','index.php?option=com_convertforms','component',1,1,1,10160,0,'0000-00-00 00:00:00',0,2,'class:banners',0,'{}',173,174,0,'',1),(294,'mainmenu','PDF-old','pdf-documentation','','pdf-documentation','index.php?option=com_content&view=article&id=669','component',0,1,1,22,0,'0000-00-00 00:00:00',0,19,' ',0,'{\"show_title\":\"0\",\"link_titles\":\"\",\"show_intro\":\"0\",\"info_block_position\":\"\",\"info_block_show_title\":\"\",\"show_category\":\"\",\"link_category\":\"\",\"show_parent_category\":\"\",\"link_parent_category\":\"\",\"show_associations\":\"\",\"show_author\":\"\",\"link_author\":\"\",\"show_create_date\":\"\",\"show_modify_date\":\"\",\"show_publish_date\":\"\",\"show_item_navigation\":\"\",\"show_vote\":\"\",\"show_icons\":\"\",\"show_print_icon\":\"\",\"show_email_icon\":\"\",\"show_hits\":\"\",\"show_tags\":\"\",\"show_noauth\":\"\",\"urls_position\":\"\",\"menu-anchor_title\":\"\",\"menu-anchor_css\":\"\",\"menu_image\":\"gantry-media:\\/\\/interfaccia\\/manuale-pdf.svg\",\"menu_image_css\":\"\",\"menu_text\":0,\"menu_show\":1,\"page_title\":\"\",\"show_page_heading\":\"\",\"page_heading\":\"\",\"pageclass_sfx\":\" manuali \",\"menu-meta_description\":\"\",\"menu-meta_keywords\":\"\",\"robots\":\"\",\"secure\":0,\"gantry\":1,\"gantry-dropdown_dir\":\"center\",\"gantry-dropdown_hide\":true,\"gantry-width\":\"auto\",\"gantry-layout\":\"list\",\"gantry-visible\":true,\"gantry-columns\":\"[]\",\"gantry-columns_count\":\"[]\",\"gantry-options\":\"[]\"}',39,40,0,'*',0),(298,'main','COM_AKEEBA','com-akeeba','','com-akeeba','index.php?option=com_akeeba','component',1,1,1,10018,0,'0000-00-00 00:00:00',0,2,'class:component',0,'{}',175,176,0,'',1),(299,'main','COM_GANTRY5','com-gantry5','','com-gantry5','index.php?option=com_gantry5','component',1,1,1,10000,0,'0000-00-00 00:00:00',0,2,'class:component',0,'{}',177,182,0,'',1),(300,'main','COM_GANTRY5_ADMIN_MENU_THEMES','com-gantry5-admin-menu-themes','','com-gantry5/com-gantry5-admin-menu-themes','index.php?option=com_gantry5&view=themes','component',1,299,2,10000,0,'0000-00-00 00:00:00',0,2,'class:component',0,'{}',178,179,0,'',1),(301,'main','COM_GANTRY5_ADMIN_MENU_THEME','com-gantry5-admin-menu-theme','','com-gantry5/com-gantry5-admin-menu-theme','index.php?option=com_gantry5','component',1,299,2,10000,0,'0000-00-00 00:00:00',0,2,'class:component',0,'{}',180,181,0,'',1),(302,'mainmenu','login-free','login-free','','login-free','index.php?option=com_users&view=login','component',0,1,1,25,0,'0000-00-00 00:00:00',0,2,' ',0,'{\"loginredirectchoice\":\"1\",\"login_redirect_url\":\"\",\"login_redirect_menuitem\":\"\",\"logindescription_show\":\"1\",\"login_description\":\"\",\"login_image\":\"\",\"logoutredirectchoice\":\"1\",\"logout_redirect_url\":\"\",\"logout_redirect_menuitem\":\"\",\"logoutdescription_show\":\"1\",\"logout_description\":\"\",\"logout_image\":\"\",\"menu-anchor_title\":\"\",\"menu-anchor_css\":\"\",\"menu_image\":\"\",\"menu_image_css\":\"\",\"menu_text\":1,\"menu_show\":1,\"page_title\":\"\",\"show_page_heading\":\"\",\"page_heading\":\"\",\"pageclass_sfx\":\"\",\"menu-meta_description\":\"\",\"menu-meta_keywords\":\"\",\"robots\":\"\",\"secure\":0,\"gantry\":1,\"gantry-layout\":\"list\",\"gantry-dropdown_dir\":\"right\",\"gantry-width\":\"auto\",\"gantry-visible\":true,\"gantry-columns\":\"[]\",\"gantry-columns_count\":\"[]\"}',49,50,0,'*',0),(303,'mainmenu','850','850','','tutorial-video/850','index.php?option=com_content&view=category&layout=blog&id=39','component',1,138,2,22,0,'0000-00-00 00:00:00',0,44,' ',0,'{\"layout_type\":\"blog\",\"show_category_heading_title_text\":\"\",\"show_category_title\":\"1\",\"show_description\":\"\",\"show_description_image\":\"1\",\"maxLevel\":\"0\",\"show_empty_categories\":\"0\",\"show_no_articles\":\"\",\"show_subcat_desc\":\"\",\"show_cat_num_articles\":\"\",\"show_cat_tags\":\"\",\"page_subheading\":\"\",\"num_leading_articles\":\"0\",\"num_intro_articles\":\"16\",\"num_columns\":\"6\",\"num_links\":\"0\",\"multi_column_order\":\"1\",\"show_subcategory_content\":\"\",\"orderby_pri\":\"\",\"orderby_sec\":\"order\",\"order_date\":\"\",\"show_pagination\":\"0\",\"show_pagination_results\":\"\",\"show_featured\":\"\",\"article_layout\":\"_:default\",\"show_title\":\"0\",\"link_titles\":\"\",\"show_intro\":\"0\",\"info_block_position\":\"1\",\"info_block_show_title\":\"0\",\"show_category\":\"\",\"link_category\":\"0\",\"show_parent_category\":\"\",\"link_parent_category\":\"\",\"show_associations\":\"\",\"show_author\":\"\",\"link_author\":\"\",\"show_create_date\":\"\",\"show_modify_date\":\"\",\"show_publish_date\":\"\",\"show_item_navigation\":\"\",\"show_vote\":\"\",\"show_readmore\":\"\",\"show_readmore_title\":\"\",\"show_icons\":\"\",\"show_print_icon\":\"\",\"show_email_icon\":\"\",\"show_hits\":\"\",\"show_tags\":\"\",\"show_noauth\":\"\",\"show_feed_link\":\"0\",\"feed_summary\":\"\",\"menu-anchor_title\":\"\",\"menu-anchor_css\":\"\",\"menu_image\":\"\",\"menu_image_css\":\"\",\"menu_text\":1,\"menu_show\":1,\"page_title\":\"\",\"show_page_heading\":\"\",\"page_heading\":\"\",\"pageclass_sfx\":\" manutenzioni\",\"menu-meta_description\":\"\",\"menu-meta_keywords\":\"\",\"robots\":\"noindex, nofollow\",\"secure\":0,\"gantry\":1,\"gantry-dropdown_dir\":\"right\",\"gantry-width\":\"auto\",\"gantry-layout\":\"list\",\"gantry-visible\":true,\"gantry-columns\":\"[]\",\"gantry-columns_count\":\"[]\",\"gantry-options\":\"[]\"}',18,19,0,'*',0),(304,'mainmenu','D.zero² (D200E)','d-zero-d200e','','tutorial-video/d-zero-d200e','index.php?option=com_content&view=category&layout=blog&id=40','component',1,138,2,22,0,'0000-00-00 00:00:00',0,24,' ',0,'{\"layout_type\":\"blog\",\"show_category_heading_title_text\":\"\",\"show_category_title\":\"1\",\"show_description\":\"\",\"show_description_image\":\"1\",\"maxLevel\":\"0\",\"show_empty_categories\":\"0\",\"show_no_articles\":\"\",\"show_subcat_desc\":\"\",\"show_cat_num_articles\":\"\",\"show_cat_tags\":\"\",\"page_subheading\":\"\",\"num_leading_articles\":\"0\",\"num_intro_articles\":\"16\",\"num_columns\":\"6\",\"num_links\":\"0\",\"multi_column_order\":\"1\",\"show_subcategory_content\":\"\",\"orderby_pri\":\"\",\"orderby_sec\":\"order\",\"order_date\":\"\",\"show_pagination\":\"0\",\"show_pagination_results\":\"\",\"show_featured\":\"\",\"article_layout\":\"_:default\",\"show_title\":\"0\",\"link_titles\":\"\",\"show_intro\":\"0\",\"info_block_position\":\"1\",\"info_block_show_title\":\"0\",\"show_category\":\"\",\"link_category\":\"0\",\"show_parent_category\":\"\",\"link_parent_category\":\"\",\"show_associations\":\"\",\"show_author\":\"\",\"link_author\":\"\",\"show_create_date\":\"\",\"show_modify_date\":\"\",\"show_publish_date\":\"\",\"show_item_navigation\":\"\",\"show_vote\":\"\",\"show_readmore\":\"\",\"show_readmore_title\":\"\",\"show_icons\":\"\",\"show_print_icon\":\"\",\"show_email_icon\":\"\",\"show_hits\":\"\",\"show_tags\":\"\",\"show_noauth\":\"\",\"show_feed_link\":\"0\",\"feed_summary\":\"\",\"menu-anchor_title\":\"\",\"menu-anchor_css\":\"\",\"menu_image\":\"\",\"menu_image_css\":\"\",\"menu_text\":1,\"menu_show\":1,\"page_title\":\"\",\"show_page_heading\":\"\",\"page_heading\":\"\",\"pageclass_sfx\":\" manutenzioni\",\"menu-meta_description\":\"\",\"menu-meta_keywords\":\"\",\"robots\":\"noindex, nofollow\",\"secure\":0,\"gantry\":1,\"gantry-dropdown_dir\":\"right\",\"gantry-width\":\"auto\",\"gantry-layout\":\"list\",\"gantry-visible\":true,\"gantry-columns\":\"[]\",\"gantry-columns_count\":\"[]\",\"gantry-options\":\"[]\"}',16,17,0,'*',0),(305,'main','com_fabrik','com-fabrik','','com-fabrik','index.php?option=com_fabrik&view=home','component',1,1,1,10456,0,'0000-00-00 00:00:00',0,2,'../administrator/components/com_fabrik/images/fabrik.png',0,'{}',183,198,0,'',1),(306,'main','com_fabrik_lists','com-fabrik-lists','','com-fabrik/com-fabrik-lists','index.php?option=com_fabrik&view=lists','component',1,305,2,10456,0,'0000-00-00 00:00:00',0,2,'../administrator/components/com_fabrik/images/lists.png',0,'{}',184,185,0,'',1),(307,'main','com_fabrik_forms','com-fabrik-forms','','com-fabrik/com-fabrik-forms','index.php?option=com_fabrik&view=forms','component',1,305,2,10456,0,'0000-00-00 00:00:00',0,2,'../administrator/components/com_fabrik/images/forms.png',0,'{}',186,187,0,'',1),(308,'main','com_fabrik_groups','com-fabrik-groups','','com-fabrik/com-fabrik-groups','index.php?option=com_fabrik&view=groups','component',1,305,2,10456,0,'0000-00-00 00:00:00',0,2,'../administrator/components/com_fabrik/images/groups.png',0,'{}',188,189,0,'',1),(309,'main','com_fabrik_elements','com-fabrik-elements','','com-fabrik/com-fabrik-elements','index.php?option=com_fabrik&view=elements','component',1,305,2,10456,0,'0000-00-00 00:00:00',0,2,'../administrator/components/com_fabrik/images/elements.png',0,'{}',190,191,0,'',1),(310,'main','com_fabrik_visualizations','com-fabrik-visualizations','','com-fabrik/com-fabrik-visualizations','index.php?option=com_fabrik&view=visualizations','component',1,305,2,10456,0,'0000-00-00 00:00:00',0,2,'../administrator/components/com_fabrik/images/visualizations.png',0,'{}',192,193,0,'',1),(311,'main','com_fabrik_connections','com-fabrik-connections','','com-fabrik/com-fabrik-connections','index.php?option=com_fabrik&view=connections','component',1,305,2,10456,0,'0000-00-00 00:00:00',0,2,'../administrator/components/com_fabrik/images/connections.png',0,'{}',194,195,0,'',1),(312,'main','com_fabrik_schedule','com-fabrik-schedule','','com-fabrik/com-fabrik-schedule','index.php?option=com_fabrik&view=crons','component',1,305,2,10456,0,'0000-00-00 00:00:00',0,2,'../administrator/components/com_fabrik/images/schedules.png',0,'{}',196,197,0,'',1),(313,'mainmenu','Utenti','utenti','','utenti','index.php?option=com_fabrik&view=list&listid=1','component',1,1,1,10456,0,'0000-00-00 00:00:00',0,2,' ',0,'{\"addurl\":\"\",\"show-title\":\"1\",\"calculations\":\"0\",\"listlayout\":\"\",\"fabriklayout\":\"\",\"resetfilters\":\"0\",\"list_elements\":\"null\",\"prefilters\":\"null\",\"rows_per_page\":\"10\",\"popup_width\":\"340\",\"popup_opts_width\":\"200\",\"csv_import_extensions\":\"txt,csv,tsv\",\"csv_import_sil_only\":\"0\",\"csv_import_dropdata\":\"0\",\"csv_import_overwrite\":\"0\",\"list_extra_query_string\":\"\",\"menu-anchor_title\":\"\",\"menu-anchor_css\":\"\",\"menu_image\":\"\",\"menu_image_css\":\"\",\"menu_text\":1,\"menu_show\":1,\"page_title\":\"\",\"show_page_heading\":\"\",\"page_heading\":\"\",\"pageclass_sfx\":\"\",\"menu-meta_description\":\"\",\"menu-meta_keywords\":\"\",\"robots\":\"\",\"secure\":0,\"gantry\":1,\"gantry-dropdown_dir\":\"right\",\"gantry-width\":\"auto\",\"gantry-layout\":\"list\",\"gantry-visible\":true,\"gantry-columns\":\"[]\",\"gantry-columns_count\":\"[]\",\"gantry-options\":\"[]\"}',199,200,0,'*',0),(314,'mainmenu','Corsi','corsi','','corsi','index.php?option=com_fabrik&view=list&listid=4','component',1,1,1,10456,0,'0000-00-00 00:00:00',0,2,' ',0,'{\"addurl\":\"\",\"show-title\":\"1\",\"calculations\":\"0\",\"listlayout\":\"\",\"fabriklayout\":\"\",\"resetfilters\":\"0\",\"list_elements\":\"null\",\"prefilters\":\"null\",\"rows_per_page\":\"10\",\"popup_width\":\"340\",\"popup_opts_width\":\"200\",\"csv_import_extensions\":\"txt,csv,tsv\",\"csv_import_sil_only\":\"0\",\"csv_import_dropdata\":\"0\",\"csv_import_overwrite\":\"0\",\"list_extra_query_string\":\"\",\"menu-anchor_title\":\"\",\"menu-anchor_css\":\"\",\"menu_image\":\"\",\"menu_image_css\":\"\",\"menu_text\":1,\"menu_show\":1,\"page_title\":\"\",\"show_page_heading\":\"\",\"page_heading\":\"\",\"pageclass_sfx\":\"\",\"menu-meta_description\":\"\",\"menu-meta_keywords\":\"\",\"robots\":\"\",\"secure\":0,\"gantry\":1,\"gantry-dropdown_dir\":\"right\",\"gantry-width\":\"auto\",\"gantry-layout\":\"list\",\"gantry-visible\":true,\"gantry-columns\":\"[]\",\"gantry-columns_count\":\"[]\",\"gantry-options\":\"[]\"}',201,202,0,'*',0),(315,'mainmenu','Utenti2','utenti2','','utenti2','index.php?option=com_content&view=article&id=808','component',1,1,1,22,0,'0000-00-00 00:00:00',0,2,' ',0,'{\"show_title\":\"\",\"link_titles\":\"\",\"show_intro\":\"\",\"info_block_position\":\"\",\"info_block_show_title\":\"\",\"show_category\":\"\",\"link_category\":\"\",\"show_parent_category\":\"\",\"link_parent_category\":\"\",\"show_associations\":\"\",\"show_author\":\"\",\"link_author\":\"\",\"show_create_date\":\"\",\"show_modify_date\":\"\",\"show_publish_date\":\"\",\"show_item_navigation\":\"\",\"show_vote\":\"\",\"show_icons\":\"\",\"show_print_icon\":\"\",\"show_email_icon\":\"\",\"show_hits\":\"\",\"show_tags\":\"\",\"show_noauth\":\"\",\"urls_position\":\"\",\"menu-anchor_title\":\"\",\"menu-anchor_css\":\"\",\"menu_image\":\"\",\"menu_image_css\":\"\",\"menu_text\":1,\"menu_show\":1,\"page_title\":\"\",\"show_page_heading\":\"\",\"page_heading\":\"\",\"pageclass_sfx\":\"\",\"menu-meta_description\":\"\",\"menu-meta_keywords\":\"\",\"robots\":\"\",\"secure\":0,\"gantry\":1,\"gantry-dropdown_dir\":\"right\",\"gantry-width\":\"auto\",\"gantry-layout\":\"list\",\"gantry-visible\":true,\"gantry-columns\":\"[]\",\"gantry-columns_count\":\"[]\",\"gantry-options\":\"[]\"}',203,204,0,'*',0),(316,'mainmenu','test','test','','test','index.php?option=com_content&view=article&id=808','component',1,1,1,22,0,'0000-00-00 00:00:00',0,2,' ',0,'{\"show_title\":\"\",\"link_titles\":\"\",\"show_intro\":\"\",\"info_block_position\":\"\",\"info_block_show_title\":\"\",\"show_category\":\"\",\"link_category\":\"\",\"show_parent_category\":\"\",\"link_parent_category\":\"\",\"show_associations\":\"\",\"show_author\":\"\",\"link_author\":\"\",\"show_create_date\":\"\",\"show_modify_date\":\"\",\"show_publish_date\":\"\",\"show_item_navigation\":\"\",\"show_vote\":\"\",\"show_icons\":\"\",\"show_print_icon\":\"\",\"show_email_icon\":\"\",\"show_hits\":\"\",\"show_tags\":\"\",\"show_noauth\":\"\",\"urls_position\":\"\",\"menu-anchor_title\":\"\",\"menu-anchor_css\":\"\",\"menu_image\":\"\",\"menu_image_css\":\"\",\"menu_text\":1,\"menu_show\":1,\"page_title\":\"\",\"show_page_heading\":\"\",\"page_heading\":\"\",\"pageclass_sfx\":\"\",\"menu-meta_description\":\"\",\"menu-meta_keywords\":\"\",\"robots\":\"\",\"secure\":0}',205,206,0,'*',0);

--
